{"id":1176,"date":"2014-10-12T20:00:21","date_gmt":"2014-10-12T20:00:21","guid":{"rendered":"https:\/\/manelqueralt.net\/?post_type=project&#038;p=1176"},"modified":"2024-01-03T21:45:52","modified_gmt":"2024-01-03T20:45:52","slug":"fora-en-estat-de-sense-sostre-2","status":"publish","type":"project","link":"https:\/\/manelqueralt.net\/en\/project\/fora-en-estat-de-sense-sostre-2\/","title":{"rendered":"Fora (en estat de sense sostre)"},"content":{"rendered":"<p>[et_pb_section fullwidth=&#8221;off&#8221; specialty=&#8221;off&#8221;][et_pb_row][et_pb_column type=&#8221;2_3&#8243;][et_pb_text admin_label=&#8221;Text&#8221; background_layout=&#8221;light&#8221; text_orientation=&#8221;left&#8221;]<\/p>\n<h2>Fora (en estat de sense sostre)<\/h2>\n<p>[\/et_pb_text][et_pb_image admin_label=&#8221;Image&#8221; src=&#8221;https:\/\/manelqueralt.net\/wp-content\/uploads\/2015\/04\/Homeless_Paris_795x597.jpg&#8221; alt=&#8221;Sense sostre a Par\u00eds&#8221; show_in_lightbox=&#8221;on&#8221; url_new_window=&#8221;off&#8221; animation=&#8221;left&#8221; sticky=&#8221;off&#8221; title_text=&#8221;Sense sostre a Par\u00eds&#8221; \/][et_pb_text admin_label=&#8221;Text&#8221; background_layout=&#8221;light&#8221; text_orientation=&#8221;left&#8221;]Dedicated to\u00a0<a href=\"http:\/\/www.arrelsfundacio.org\/en\/\" target=\"_blank\" rel=\"noopener\">Arrels Fundaci\u00f3<\/a>.[\/et_pb_text][et_pb_testimonial admin_label=&#8221;Testimonial&#8221; url_new_window=&#8221;on&#8221; quote_icon=&#8221;on&#8221; use_background_color=&#8221;on&#8221; background_color=&#8221;#f5f5f5&#8243; background_layout=&#8221;light&#8221; text_orientation=&#8221;left&#8221;]<\/p>\n<p style=\"text-align: center;\">(<strong>Verses in Catalan<\/strong>)<\/p>\n<p style=\"text-align: center;\">(Fins llavors no va saber realment\/ el sentit d&#8217;aquella paraula: fora!\/ Es qued\u00e0 palplantat davant la porta\/ sense entendre com hi havia arribat.\/ S&#8217;apag\u00e0 el llum al repl\u00e0 d&#8217;una vida.\/ Hi rest\u00e0 llarga estona i a les fosques,\/ mentre a dins se sentia el dia a dia.\/ Orfe d&#8217;espai vital, baix\u00e0 en silenci\/ els graons del seu compte enrere cap\/ a un a fora, un vast i infinit a fora.)<\/p>\n<p>[\/et_pb_testimonial][et_pb_blurb admin_label=&#8221;Blurb&#8221; title=&#8221;Read online PDF&#8221; url_new_window=&#8221;on&#8221; use_icon=&#8221;on&#8221; font_icon=&#8221;\ue086&#8221; icon_color=&#8221;#ffffff&#8221; use_circle=&#8221;on&#8221; circle_color=&#8221;#8c4600&#8243; use_circle_border=&#8221;off&#8221; circle_border_color=&#8221;#8c4600&#8243; icon_placement=&#8221;top&#8221; animation=&#8221;top&#8221; background_layout=&#8221;light&#8221; text_orientation=&#8221;center&#8221; url=&#8221;https:\/\/manelqueralt.net\/wp-content\/uploads\/2018\/03\/WEB_Emboscall_Biblioteca_MQ_CAT_11_Fora.pdf&#8221;]<\/p>\n<p>in Catalan<\/p>\n<p>[\/et_pb_blurb][et_pb_text admin_label=&#8221;Text&#8221; background_layout=&#8221;light&#8221; text_orientation=&#8221;left&#8221; \/][et_pb_text admin_label=&#8221;Text&#8221; background_layout=&#8221;light&#8221; text_orientation=&#8221;left&#8221;]<strong><a href=\"https:\/\/manelqueralt.net\/wp-content\/uploads\/2015\/05\/Arrels_Logo.jpg\"><img loading=\"lazy\" decoding=\"async\" class=\"size-full wp-image-839 alignleft\" src=\"https:\/\/manelqueralt.net\/wp-content\/uploads\/2015\/05\/Arrels_Logo.jpg\" alt=\"Arrels_Logo\" width=\"169\" height=\"40\" \/><\/a><\/strong><\/p>\n<p>The Arrels foundation, in partnership with the advertising agency The Cyranos McCann, presents <a href=\"http:\/\/www.homelessfonts.org\/\" target=\"_blank\" rel=\"noopener\">Homelessfonts.org<\/a>, the first website to let you buy fonts created by homeless people. This initiative aims to bring some dignity to the life of homeless people and raise awareness of this issue, which affects more and more people.<\/p>\n<p><iframe loading=\"lazy\" src=\"https:\/\/www.youtube.com\/embed\/NhT63AB_wsc?rel=0\" width=\"560\" height=\"315\" frameborder=\"0\" allowfullscreen=\"allowfullscreen\"><\/iframe>[\/et_pb_text][\/et_pb_column][et_pb_column type=&#8221;1_3&#8243;][et_pb_sidebar admin_label=&#8221;Sidebar&#8221; orientation=&#8221;left&#8221; area=&#8221;et_pb_widget_area_3&#8243; background_layout=&#8221;light&#8221; \/][\/et_pb_column][\/et_pb_row][et_pb_row][et_pb_column type=&#8221;1_3&#8243;][\/et_pb_column][et_pb_column type=&#8221;1_3&#8243;][\/et_pb_column][et_pb_column type=&#8221;1_3&#8243;][\/et_pb_column][\/et_pb_row][\/et_pb_section]<\/p>\n","protected":false},"excerpt":{"rendered":"<p><div class=\"et_pb_row et_pb_row_0 et_pb_row_empty\">\n\t\t\t\t\n\t\t\t\t\n\t\t\t\t\n\t\t\t\t\n\t\t\t\t\n\t\t\t<\/div> Fora (en estat de sense sostre) Dedicated to\u00a0Arrels Fundaci\u00f3. (Verses in Catalan) (Fins llavors no va saber realment\/ el sentit d&#8217;aquella paraula: fora!\/ Es qued\u00e0 palplantat davant la porta\/ sense entendre com hi havia arribat.\/ S&#8217;apag\u00e0 el llum al repl\u00e0 d&#8217;una vida.\/ Hi rest\u00e0 llarga estona i a les fosques,\/ mentre a dins se [&hellip;]<\/p>\n","protected":false},"author":2,"featured_media":1179,"comment_status":"closed","ping_status":"closed","template":"","meta":{"_et_pb_use_builder":"on","_et_pb_old_content":"Editat per Emboscall (<a href=\"http:\/\/emboscall-primamateria.blogspot.com\/2011\/02\/fora-en-estat-de-sense-sostre.html\"><span style=\"text-decoration: underline;\">blog<\/span><\/a>) dins de la col\u00b7lecci\u00f3 <b>Prima Materia<\/b> (n\u00fam 79). <i>\u00c9s un proc\u00e9s de lenta mort. La persona constata la impossibilitat de dur a terme els seus anhels m\u00e9s vitals. Al costat de la pobresa econ\u00f2mica, apareix la pobresa relacional: no ser res per a ning\u00fa.<\/i>\r\n\r\n\u00a8\u00a8\u00a8\u00a8\u00a8\u00a8\u00a8\u00a8\u00a8\u00a8\u00a8\u00a8\u00a8\u00a8\u00a8\u00a8\u00a8\u00a8\u00a8\u00a8\u00a8\u00a8\u00a8\u00a8\u00a8\u00a8\u00a8\u00a8\u00a8\r\n(Fins llavors no va saber realment\r\nel sentit d'aquella paraula: fora!\r\nEs qued\u00e0 palplantat davant la porta\r\nsense entendre com hi havia arribat.\r\nS'apag\u00e0 el llum al repl\u00e0 d'una vida.\r\nHi rest\u00e0 llarga estona i a les fosques,\r\nmentre a dins se sentia el dia a dia.\r\nOrfe d'espai vital, baix\u2039\u00e0 en silenci\r\nels graons del seu compte enrere cap\r\na un a fora, un vast i infinit a fora.)\r\n\u00a8\u00a8\u00a8\u00a8\u00a8\u00a8\u00a8\u00a8\u00a8\u00a8\u00a8\u00a8\u00a8\u00a8\u00a8\u00a8\u00a8\u00a8\u00a8\u00a8\u00a8\u00a8\u00a8\u00a8\u00a8\u00a8\u00a8\u00a8\u00a8\r\n\r\n\u00a8\u00a8\u00a8\u00a8\u00a8\u00a8\u00a8\u00a8\u00a8\u00a8\u00a8\u00a8\u00a8\u00a8\u00a8\u00a8\u00a8\u00a8\u00a8\u00a8\u00a8\u00a8\u00a8\u00a8\u00a8\u00a8\u00a8\u00a8\u00a8\r\n(Fora no sap on anar ni on tornar,\r\nvagareja tot seguint un programa\r\nencara que no tingui cap sentit.\r\nConvertir el perdre's en pura rutina,\r\nuna manera de mantenir un ordre\r\nper in\u00e8rcia, pel seu propi pes,\r\nque no requereixi l'esfor\u00e7 continu\r\ni insuportable de seguir vivint.)\r\n\u00a8\u00a8\u00a8\u00a8\u00a8\u00a8\u00a8\u00a8\u00a8\u00a8\u00a8\u00a8\u00a8\u00a8\u00a8\u00a8\u00a8\u00a8\u00a8\u00a8\u00a8\u00a8\u00a8\u00a8\u00a8\u00a8\u00a8\u00a8\u00a8\r\n\r\n\u00a8\u00a8\u00a8\u00a8\u00a8\u00a8\u00a8\u00a8\u00a8\u00a8\u00a8\u00a8\u00a8\u00a8\u00a8\u00a8\u00a8\u00a8\u00a8\u00a8\u00a8\u00a8\u00a8\u00a8\u00a8\u00a8\u00a8\u00a8\u00a8\r\n(Comen\u00e7a a beure i \u00e9s per por, per por\r\na viure al carrer i dormir al ras, nits fredes;\r\nsegueix mamant per enganyar la gana\r\ni mitigar els pensaments que el torturen;\r\ni acaba bevent tothora perqu\u00e8\r\nmale\u008dt\u00eft sia! no sap com deixar-ho.)\r\n\u00a8\u00a8\u00a8\u00a8\u00a8\u00a8\u00a8\u00a8\u00a8\u00a8\u00a8\u00a8\u00a8\u00a8\u00a8\u00a8\u00a8\u00a8\u00a8\u00a8\u00a8\u00a8\u00a8\u00a8\u00a8\u00a8\u00a8\u00a8\u00a8","_et_gb_content_width":"","footnotes":""},"project_category":[67,24,63],"project_tag":[],"class_list":["post-1176","project","type-project","status-publish","has-post-thumbnail","hentry","project_category-catalan-book","project_category-catalan-books","project_category-featured"],"_links":{"self":[{"href":"https:\/\/manelqueralt.net\/en\/wp-json\/wp\/v2\/project\/1176"}],"collection":[{"href":"https:\/\/manelqueralt.net\/en\/wp-json\/wp\/v2\/project"}],"about":[{"href":"https:\/\/manelqueralt.net\/en\/wp-json\/wp\/v2\/types\/project"}],"author":[{"embeddable":true,"href":"https:\/\/manelqueralt.net\/en\/wp-json\/wp\/v2\/users\/2"}],"replies":[{"embeddable":true,"href":"https:\/\/manelqueralt.net\/en\/wp-json\/wp\/v2\/comments?post=1176"}],"version-history":[{"count":12,"href":"https:\/\/manelqueralt.net\/en\/wp-json\/wp\/v2\/project\/1176\/revisions"}],"predecessor-version":[{"id":2269,"href":"https:\/\/manelqueralt.net\/en\/wp-json\/wp\/v2\/project\/1176\/revisions\/2269"}],"wp:featuredmedia":[{"embeddable":true,"href":"https:\/\/manelqueralt.net\/en\/wp-json\/wp\/v2\/media\/1179"}],"wp:attachment":[{"href":"https:\/\/manelqueralt.net\/en\/wp-json\/wp\/v2\/media?parent=1176"}],"wp:term":[{"taxonomy":"project_category","embeddable":true,"href":"https:\/\/manelqueralt.net\/en\/wp-json\/wp\/v2\/project_category?post=1176"},{"taxonomy":"project_tag","embeddable":true,"href":"https:\/\/manelqueralt.net\/en\/wp-json\/wp\/v2\/project_tag?post=1176"}],"curies":[{"name":"wp","href":"https:\/\/api.w.org\/{rel}","templated":true}]}}

<p>[et_pb_section fullwidth=&#8221;off&#8221; specialty=&#8221;off&#8221;][et_pb_row][et_pb_column type=&#8221;2_3&#8243;][et_pb_text admin_label=&#8221;Text&#8221; background_layout=&#8221;light&#8221; text_orientation=&#8221;left&#8221;]</p>
<h2>Fora (en estat de sense sostre)</h2>
<p>[/et_pb_text][et_pb_image admin_label=&#8221;Image&#8221; src=&#8221;https://manelqueralt.net/wp-content/uploads/2015/04/Homeless_Paris_795x597.jpg&#8221; alt=&#8221;Sense sostre a París&#8221; show_in_lightbox=&#8221;on&#8221; url_new_window=&#8221;off&#8221; animation=&#8221;left&#8221; sticky=&#8221;off&#8221; title_text=&#8221;Sense sostre a París&#8221; /][et_pb_text admin_label=&#8221;Text&#8221; background_layout=&#8221;light&#8221; text_orientation=&#8221;left&#8221;]Dedicated to <a href="http://www.arrelsfundacio.org/en/" target="_blank" rel="noopener">Arrels Fundació</a>.[/et_pb_text][et_pb_testimonial admin_label=&#8221;Testimonial&#8221; url_new_window=&#8221;on&#8221; quote_icon=&#8221;on&#8221; use_background_color=&#8221;on&#8221; background_color=&#8221;#f5f5f5&#8243; background_layout=&#8221;light&#8221; text_orientation=&#8221;left&#8221;]</p>
<p style="text-align: center;">(<strong>Verses in Catalan</strong>)</p>
<p style="text-align: center;">(Fins llavors no va saber realment/ el sentit d&#8217;aquella paraula: fora!/ Es quedà palplantat davant la porta/ sense entendre com hi havia arribat./ S&#8217;apagà el llum al replà d&#8217;una vida./ Hi restà llarga estona i a les fosques,/ mentre a dins se sentia el dia a dia./ Orfe d&#8217;espai vital, baixà en silenci/ els graons del seu compte enrere cap/ a un a fora, un vast i infinit a fora.)</p>
<p>[/et_pb_testimonial][et_pb_blurb admin_label=&#8221;Blurb&#8221; title=&#8221;Read online PDF&#8221; url_new_window=&#8221;on&#8221; use_icon=&#8221;on&#8221; font_icon=&#8221;&#8221; icon_color=&#8221;#ffffff&#8221; use_circle=&#8221;on&#8221; circle_color=&#8221;#8c4600&#8243; use_circle_border=&#8221;off&#8221; circle_border_color=&#8221;#8c4600&#8243; icon_placement=&#8221;top&#8221; animation=&#8221;top&#8221; background_layout=&#8221;light&#8221; text_orientation=&#8221;center&#8221; url=&#8221;https://manelqueralt.net/wp-content/uploads/2018/03/WEB_Emboscall_Biblioteca_MQ_CAT_11_Fora.pdf&#8221;]</p>
<p>in Catalan</p>
<p>[/et_pb_blurb][et_pb_text admin_label=&#8221;Text&#8221; background_layout=&#8221;light&#8221; text_orientation=&#8221;left&#8221; /][et_pb_text admin_label=&#8221;Text&#8221; background_layout=&#8221;light&#8221; text_orientation=&#8221;left&#8221;]<strong><a href="https://manelqueralt.net/wp-content/uploads/2015/05/Arrels_Logo.jpg"><img loading="lazy" decoding="async" class="size-full wp-image-839 alignleft" src="https://manelqueralt.net/wp-content/uploads/2015/05/Arrels_Logo.jpg" alt="Arrels_Logo" width="169" height="40" /></a></strong></p>
<p>The Arrels foundation, in partnership with the advertising agency The Cyranos McCann, presents <a href="http://www.homelessfonts.org/" target="_blank" rel="noopener">Homelessfonts.org</a>, the first website to let you buy fonts created by homeless people. This initiative aims to bring some dignity to the life of homeless people and raise awareness of this issue, which affects more and more people.</p>
<p><iframe loading="lazy" src="https://www.youtube.com/embed/NhT63AB_wsc?rel=0" width="560" height="315" frameborder="0" allowfullscreen="allowfullscreen"></iframe>[/et_pb_text][/et_pb_column][et_pb_column type=&#8221;1_3&#8243;][et_pb_sidebar admin_label=&#8221;Sidebar&#8221; orientation=&#8221;left&#8221; area=&#8221;et_pb_widget_area_3&#8243; background_layout=&#8221;light&#8221; /][/et_pb_column][/et_pb_row][et_pb_row][et_pb_column type=&#8221;1_3&#8243;][/et_pb_column][et_pb_column type=&#8221;1_3&#8243;][/et_pb_column][et_pb_column type=&#8221;1_3&#8243;][/et_pb_column][/et_pb_row][/et_pb_section]</p>

<p><div class="et_pb_row et_pb_row_0 et_pb_row_empty">
				
				
				
				
				
			</div> Fora (en estat de sense sostre) Dedicated to Arrels Fundació. (Verses in Catalan) (Fins llavors no va saber realment/ el sentit d&#8217;aquella paraula: fora!/ Es quedà palplantat davant la porta/ sense entendre com hi havia arribat./ S&#8217;apagà el llum al replà d&#8217;una vida./ Hi restà llarga estona i a les fosques,/ mentre a dins se [&hellip;]</p>

Editat per Emboscall (<a href="http://emboscall-primamateria.blogspot.com/2011/02/fora-en-estat-de-sense-sostre.html"><span style="text-decoration: underline;">blog</span></a>) dins de la col·lecció <b>Prima Materia</b> (núm 79). <i>És un procés de lenta mort. La persona constata la impossibilitat de dur a terme els seus anhels més vitals. Al costat de la pobresa econòmica, apareix la pobresa relacional: no ser res per a ningú.</i>

¨¨¨¨¨¨¨¨¨¨¨¨¨¨¨¨¨¨¨¨¨¨¨¨¨¨¨¨¨
(Fins llavors no va saber realment
el sentit d'aquella paraula: fora!
Es quedà palplantat davant la porta
sense entendre com hi havia arribat.
S'apagà el llum al replà d'una vida.
Hi restà llarga estona i a les fosques,
mentre a dins se sentia el dia a dia.
Orfe d'espai vital, baix‹à en silenci
els graons del seu compte enrere cap
a un a fora, un vast i infinit a fora.)
¨¨¨¨¨¨¨¨¨¨¨¨¨¨¨¨¨¨¨¨¨¨¨¨¨¨¨¨¨

¨¨¨¨¨¨¨¨¨¨¨¨¨¨¨¨¨¨¨¨¨¨¨¨¨¨¨¨¨
(Fora no sap on anar ni on tornar,
vagareja tot seguint un programa
encara que no tingui cap sentit.
Convertir el perdre's en pura rutina,
una manera de mantenir un ordre
per inèrcia, pel seu propi pes,
que no requereixi l'esforç continu
i insuportable de seguir vivint.)
¨¨¨¨¨¨¨¨¨¨¨¨¨¨¨¨¨¨¨¨¨¨¨¨¨¨¨¨¨

¨¨¨¨¨¨¨¨¨¨¨¨¨¨¨¨¨¨¨¨¨¨¨¨¨¨¨¨¨
(Comença a beure i és per por, per por
a viure al carrer i dormir al ras, nits fredes;
segueix mamant per enganyar la gana
i mitigar els pensaments que el torturen;
i acaba bevent tothora perquè
maletït sia! no sap com deixar-ho.)
¨¨¨¨¨¨¨¨¨¨¨¨¨¨¨¨¨¨¨¨¨¨¨¨¨¨¨¨¨
