{"id":1216,"date":"2014-10-08T20:16:07","date_gmt":"2014-10-08T20:16:07","guid":{"rendered":"https:\/\/manelqueralt.net\/?post_type=project&#038;p=1216"},"modified":"2023-12-13T20:57:25","modified_gmt":"2023-12-13T19:57:25","slug":"atziacs-3","status":"publish","type":"project","link":"https:\/\/manelqueralt.net\/en\/project\/atziacs-3\/","title":{"rendered":"Atziacs"},"content":{"rendered":"<p>[et_pb_section fullwidth=&#8221;off&#8221; specialty=&#8221;off&#8221;][et_pb_row][et_pb_column type=&#8221;2_3&#8243;][et_pb_text admin_label=&#8221;Text&#8221; background_layout=&#8221;light&#8221; text_orientation=&#8221;left&#8221;]<\/p>\n<h2>Atziacs<\/h2>\n<p>[\/et_pb_text][et_pb_image admin_label=&#8221;Image&#8221; src=&#8221;https:\/\/manelqueralt.net\/wp-content\/uploads\/2015\/02\/imagen_Atziacs.jpg&#8221; show_in_lightbox=&#8221;on&#8221; url_new_window=&#8221;off&#8221; animation=&#8221;off&#8221; sticky=&#8221;off&#8221; alt=&#8221;Fotografia brain tunnel &#8211; flickr&#8221; title_text=&#8221;Fotografia brain tunnel &#8211; flickr&#8221; \/][et_pb_text admin_label=&#8221;Text&#8221; background_layout=&#8221;light&#8221; text_orientation=&#8221;left&#8221; \/][et_pb_testimonial admin_label=&#8221;Testimonial&#8221; url_new_window=&#8221;on&#8221; quote_icon=&#8221;on&#8221; use_background_color=&#8221;on&#8221; background_color=&#8221;#f5f5f5&#8243; background_layout=&#8221;light&#8221; text_orientation=&#8221;center&#8221;]<\/p>\n<p style=\"text-align: center;\">&#8220;<em>Doncs b\u00e9, en una \u00e8poca no molt llunyana de la meva vida, em van tancar en una eufem\u00edsticament casa de salut. En sortir-ne, sovint m&#8217;hi referia amb ingenu\u00eftat, per\u00f2 no vaig tardar a comprendre que els homes es miren amb prejudici tots aquells que han pensat massa o que han pensat diferentment; tots aquells que, encara que nom\u00e9s sigui de pas, han viscut en unes altres dimensions mentals.<\/em>&#8220;<\/p>\n<p style=\"text-align: center;\"><a href=\"http:\/\/ca.wikipedia.org\/wiki\/Manuel_de_Pedrolo_i_Molina\" target=\"_blank\" rel=\"noopener\">Manuel de Pedrolo<\/a><\/p>\n<p>[\/et_pb_testimonial][et_pb_blurb admin_label=&#8221;Blurb&#8221; title=&#8221;Read online PDF&#8221; url_new_window=&#8221;on&#8221; use_icon=&#8221;on&#8221; font_icon=&#8221;\ue086&#8221; icon_color=&#8221;#ffffff&#8221; use_circle=&#8221;on&#8221; circle_color=&#8221;#8c4600&#8243; use_circle_border=&#8221;off&#8221; circle_border_color=&#8221;#8c4600&#8243; icon_placement=&#8221;top&#8221; animation=&#8221;top&#8221; background_layout=&#8221;light&#8221; text_orientation=&#8221;center&#8221; url=&#8221;https:\/\/manelqueralt.net\/wp-content\/uploads\/2018\/03\/WEB_Emboscall_Biblioteca_MQ_CAT_08_Atziacs.pdf&#8221;]in Catalan[\/et_pb_blurb][et_pb_text admin_label=&#8221;Text&#8221; background_layout=&#8221;light&#8221; text_orientation=&#8221;left&#8221; \/][et_pb_text admin_label=&#8221;Text&#8221; background_layout=&#8221;light&#8221; text_orientation=&#8221;left&#8221;]<em>Concert for Shadows 1-10<\/em> d&#8217;<a href=\"http:\/\/www.alessandroamaducci.net\/\" target=\"_blank\" rel=\"noopener\">Alessandro Amaducci<\/a>&nbsp;(2012)<\/p>\n<p><iframe loading=\"lazy\" src=\"https:\/\/www.youtube.com\/embed\/FzjhFOwZROU?rel=0\" width=\"854\" height=\"480\" frameborder=\"0\" allowfullscreen=\"allowfullscreen\"><\/iframe>[\/et_pb_text][\/et_pb_column][et_pb_column type=&#8221;1_3&#8243;][et_pb_sidebar admin_label=&#8221;Sidebar&#8221; orientation=&#8221;left&#8221; area=&#8221;et_pb_widget_area_3&#8243; background_layout=&#8221;light&#8221; \/][\/et_pb_column][\/et_pb_row][et_pb_row][et_pb_column type=&#8221;1_3&#8243;][\/et_pb_column][et_pb_column type=&#8221;1_3&#8243;][\/et_pb_column][et_pb_column type=&#8221;1_3&#8243;][\/et_pb_column][\/et_pb_row][\/et_pb_section]<\/p>\n","protected":false},"excerpt":{"rendered":"<p><div class=\"et_pb_row et_pb_row_0 et_pb_row_empty\">\n\t\t\t\t\n\t\t\t\t\n\t\t\t\t\n\t\t\t\t\n\t\t\t\t\n\t\t\t<\/div> Atziacs &#8220;Doncs b\u00e9, en una \u00e8poca no molt llunyana de la meva vida, em van tancar en una eufem\u00edsticament casa de salut. En sortir-ne, sovint m&#8217;hi referia amb ingenu\u00eftat, per\u00f2 no vaig tardar a comprendre que els homes es miren amb prejudici tots aquells que han pensat massa o que han pensat diferentment; tots [&hellip;]<\/p>\n","protected":false},"author":2,"featured_media":1218,"comment_status":"closed","ping_status":"closed","template":"","meta":{"_et_pb_use_builder":"on","_et_pb_old_content":"Llibre publicat dins d'<strong>A furt - Obra po\u00e8tica (1990-2006)<\/strong> per Emboscall, col\u00b7lecci\u00f3 Nova Carpeta. \"<em>Doncs b\u00e9, en una \u00e8poca no molt llunyana de la meva vida, em van tancar en una eufem\u00edsticament casa de salut. En sortir-ne, sovint m'hi referia amb ingenu\u00eftat, per\u00f2 no vaig tardar a comprendre que els homes es miren amb prejudici tots aquells que han pensat massa o que han pensat diferentment; tots aquells que, encara que nom\u00e9s sigui de pas, han viscut en unes altres dimensions mentals.<\/em>\" de <a href=\"http:\/\/www.escriptors.cat\/autors\/pedrolomde\/pagina.php?id_sec=1872#top\" target=\"_blank\">Manuel de Pedrolo<\/a>","_et_gb_content_width":"","footnotes":""},"project_category":[67,24,63],"project_tag":[],"class_list":["post-1216","project","type-project","status-publish","has-post-thumbnail","hentry","project_category-catalan-book","project_category-catalan-books","project_category-featured"],"_links":{"self":[{"href":"https:\/\/manelqueralt.net\/en\/wp-json\/wp\/v2\/project\/1216"}],"collection":[{"href":"https:\/\/manelqueralt.net\/en\/wp-json\/wp\/v2\/project"}],"about":[{"href":"https:\/\/manelqueralt.net\/en\/wp-json\/wp\/v2\/types\/project"}],"author":[{"embeddable":true,"href":"https:\/\/manelqueralt.net\/en\/wp-json\/wp\/v2\/users\/2"}],"replies":[{"embeddable":true,"href":"https:\/\/manelqueralt.net\/en\/wp-json\/wp\/v2\/comments?post=1216"}],"version-history":[{"count":11,"href":"https:\/\/manelqueralt.net\/en\/wp-json\/wp\/v2\/project\/1216\/revisions"}],"predecessor-version":[{"id":2770,"href":"https:\/\/manelqueralt.net\/en\/wp-json\/wp\/v2\/project\/1216\/revisions\/2770"}],"wp:featuredmedia":[{"embeddable":true,"href":"https:\/\/manelqueralt.net\/en\/wp-json\/wp\/v2\/media\/1218"}],"wp:attachment":[{"href":"https:\/\/manelqueralt.net\/en\/wp-json\/wp\/v2\/media?parent=1216"}],"wp:term":[{"taxonomy":"project_category","embeddable":true,"href":"https:\/\/manelqueralt.net\/en\/wp-json\/wp\/v2\/project_category?post=1216"},{"taxonomy":"project_tag","embeddable":true,"href":"https:\/\/manelqueralt.net\/en\/wp-json\/wp\/v2\/project_tag?post=1216"}],"curies":[{"name":"wp","href":"https:\/\/api.w.org\/{rel}","templated":true}]}}

<p>[et_pb_section fullwidth=&#8221;off&#8221; specialty=&#8221;off&#8221;][et_pb_row][et_pb_column type=&#8221;2_3&#8243;][et_pb_text admin_label=&#8221;Text&#8221; background_layout=&#8221;light&#8221; text_orientation=&#8221;left&#8221;]</p>
<h2>Atziacs</h2>
<p>[/et_pb_text][et_pb_image admin_label=&#8221;Image&#8221; src=&#8221;https://manelqueralt.net/wp-content/uploads/2015/02/imagen_Atziacs.jpg&#8221; show_in_lightbox=&#8221;on&#8221; url_new_window=&#8221;off&#8221; animation=&#8221;off&#8221; sticky=&#8221;off&#8221; alt=&#8221;Fotografia brain tunnel &#8211; flickr&#8221; title_text=&#8221;Fotografia brain tunnel &#8211; flickr&#8221; /][et_pb_text admin_label=&#8221;Text&#8221; background_layout=&#8221;light&#8221; text_orientation=&#8221;left&#8221; /][et_pb_testimonial admin_label=&#8221;Testimonial&#8221; url_new_window=&#8221;on&#8221; quote_icon=&#8221;on&#8221; use_background_color=&#8221;on&#8221; background_color=&#8221;#f5f5f5&#8243; background_layout=&#8221;light&#8221; text_orientation=&#8221;center&#8221;]</p>
<p style="text-align: center;">&#8220;<em>Doncs bé, en una època no molt llunyana de la meva vida, em van tancar en una eufemísticament casa de salut. En sortir-ne, sovint m&#8217;hi referia amb ingenuïtat, però no vaig tardar a comprendre que els homes es miren amb prejudici tots aquells que han pensat massa o que han pensat diferentment; tots aquells que, encara que només sigui de pas, han viscut en unes altres dimensions mentals.</em>&#8220;</p>
<p style="text-align: center;"><a href="http://ca.wikipedia.org/wiki/Manuel_de_Pedrolo_i_Molina" target="_blank" rel="noopener">Manuel de Pedrolo</a></p>
<p>[/et_pb_testimonial][et_pb_blurb admin_label=&#8221;Blurb&#8221; title=&#8221;Read online PDF&#8221; url_new_window=&#8221;on&#8221; use_icon=&#8221;on&#8221; font_icon=&#8221;&#8221; icon_color=&#8221;#ffffff&#8221; use_circle=&#8221;on&#8221; circle_color=&#8221;#8c4600&#8243; use_circle_border=&#8221;off&#8221; circle_border_color=&#8221;#8c4600&#8243; icon_placement=&#8221;top&#8221; animation=&#8221;top&#8221; background_layout=&#8221;light&#8221; text_orientation=&#8221;center&#8221; url=&#8221;https://manelqueralt.net/wp-content/uploads/2018/03/WEB_Emboscall_Biblioteca_MQ_CAT_08_Atziacs.pdf&#8221;]in Catalan[/et_pb_blurb][et_pb_text admin_label=&#8221;Text&#8221; background_layout=&#8221;light&#8221; text_orientation=&#8221;left&#8221; /][et_pb_text admin_label=&#8221;Text&#8221; background_layout=&#8221;light&#8221; text_orientation=&#8221;left&#8221;]<em>Concert for Shadows 1-10</em> d&#8217;<a href="http://www.alessandroamaducci.net/" target="_blank" rel="noopener">Alessandro Amaducci</a>&nbsp;(2012)</p>
<p><iframe loading="lazy" src="https://www.youtube.com/embed/FzjhFOwZROU?rel=0" width="854" height="480" frameborder="0" allowfullscreen="allowfullscreen"></iframe>[/et_pb_text][/et_pb_column][et_pb_column type=&#8221;1_3&#8243;][et_pb_sidebar admin_label=&#8221;Sidebar&#8221; orientation=&#8221;left&#8221; area=&#8221;et_pb_widget_area_3&#8243; background_layout=&#8221;light&#8221; /][/et_pb_column][/et_pb_row][et_pb_row][et_pb_column type=&#8221;1_3&#8243;][/et_pb_column][et_pb_column type=&#8221;1_3&#8243;][/et_pb_column][et_pb_column type=&#8221;1_3&#8243;][/et_pb_column][/et_pb_row][/et_pb_section]</p>

<p><div class="et_pb_row et_pb_row_0 et_pb_row_empty">
				
				
				
				
				
			</div> Atziacs &#8220;Doncs bé, en una època no molt llunyana de la meva vida, em van tancar en una eufemísticament casa de salut. En sortir-ne, sovint m&#8217;hi referia amb ingenuïtat, però no vaig tardar a comprendre que els homes es miren amb prejudici tots aquells que han pensat massa o que han pensat diferentment; tots [&hellip;]</p>

Llibre publicat dins d'<strong>A furt - Obra poètica (1990-2006)</strong> per Emboscall, col·lecció Nova Carpeta. "<em>Doncs bé, en una època no molt llunyana de la meva vida, em van tancar en una eufemísticament casa de salut. En sortir-ne, sovint m'hi referia amb ingenuïtat, però no vaig tardar a comprendre que els homes es miren amb prejudici tots aquells que han pensat massa o que han pensat diferentment; tots aquells que, encara que només sigui de pas, han viscut en unes altres dimensions mentals.</em>" de <a href="http://www.escriptors.cat/autors/pedrolomde/pagina.php?id_sec=1872#top" target="_blank">Manuel de Pedrolo</a>
