{"id":1245,"date":"2014-10-06T20:22:40","date_gmt":"2014-10-06T20:22:40","guid":{"rendered":"https:\/\/manelqueralt.net\/?post_type=project&#038;p=1245"},"modified":"2023-12-13T20:58:19","modified_gmt":"2023-12-13T19:58:19","slug":"miserere-3","status":"publish","type":"project","link":"https:\/\/manelqueralt.net\/en\/project\/miserere-3\/","title":{"rendered":"Miserere"},"content":{"rendered":"<p>[et_pb_section fullwidth=&#8221;off&#8221; specialty=&#8221;off&#8221;][et_pb_row][et_pb_column type=&#8221;2_3&#8243;][et_pb_text admin_label=&#8221;Text&#8221; background_layout=&#8221;light&#8221; text_orientation=&#8221;left&#8221;]<\/p>\n<h2>Miserere<\/h2>\n<p>[\/et_pb_text][et_pb_image admin_label=&#8221;Image&#8221; src=&#8221;https:\/\/manelqueralt.net\/wp-content\/uploads\/2015\/04\/Libelula_01.jpg&#8221; alt=&#8221;Vall d&#8217;Aran &#8211; Foto Manel Queralt&#8221; show_in_lightbox=&#8221;on&#8221; url_new_window=&#8221;off&#8221; animation=&#8221;off&#8221; sticky=&#8221;off&#8221; title_text=&#8221;Vall d&#8217;Aran &#8211; Foto Manel Queralt&#8221; \/][et_pb_text admin_label=&#8221;Text&#8221; background_layout=&#8221;light&#8221; text_orientation=&#8221;left&#8221; \/][et_pb_testimonial admin_label=&#8221;Testimonial&#8221; url_new_window=&#8221;on&#8221; quote_icon=&#8221;on&#8221; use_background_color=&#8221;on&#8221; background_color=&#8221;#f5f5f5&#8243; background_layout=&#8221;light&#8221; text_orientation=&#8221;center&#8221;]<\/p>\n<p style=\"text-align: center;\">(<strong>verses in catalan<\/strong>)<\/p>\n<p style=\"text-align: center;\">De matins sures per entre corrents\/ de gent que circula dins els carrers\/ i sorpr\u00e8n la gran quantitat de rostres\/ que rebutges sense contemplacions,\/ un a\u00efllament reflex que amb el pas\/ dels anys esdev\u00e9 costum i defensa.<\/p>\n<p style=\"text-align: center;\">Un dia te n&#8217;adones, que necessites\/ alg\u00fa concret que d&#8217;entre tants estranys\/ dugui als ulls la prova que encara ets viu,\/ si m\u00e9s no, que et tregui de la terrible\/ habitud de mantenir les dist\u00e0ncies.<\/p>\n<p style=\"text-align: center;\">[\/et_pb_testimonial][et_pb_blurb admin_label=&#8221;Blurb&#8221; title=&#8221;Read online PDF&#8221; url_new_window=&#8221;on&#8221; use_icon=&#8221;on&#8221; font_icon=&#8221;\ue086&#8221; icon_color=&#8221;#ffffff&#8221; use_circle=&#8221;on&#8221; circle_color=&#8221;#8c4600&#8243; use_circle_border=&#8221;off&#8221; circle_border_color=&#8221;#8c4600&#8243; icon_placement=&#8221;top&#8221; animation=&#8221;top&#8221; background_layout=&#8221;light&#8221; text_orientation=&#8221;center&#8221; url=&#8221;https:\/\/manelqueralt.net\/wp-content\/uploads\/2018\/03\/WEB_Emboscall_Biblioteca_MQ_CAT_06_Miserere.pdf&#8221;]in Catalan[\/et_pb_blurb][et_pb_text admin_label=&#8221;Text&#8221; background_layout=&#8221;light&#8221; text_orientation=&#8221;left&#8221; \/][\/et_pb_column][et_pb_column type=&#8221;1_3&#8243;][et_pb_sidebar admin_label=&#8221;Sidebar&#8221; orientation=&#8221;left&#8221; area=&#8221;et_pb_widget_area_3&#8243; background_layout=&#8221;light&#8221; \/][\/et_pb_column][\/et_pb_row][et_pb_row][et_pb_column type=&#8221;1_3&#8243;][\/et_pb_column][et_pb_column type=&#8221;1_3&#8243;][\/et_pb_column][et_pb_column type=&#8221;1_3&#8243;][\/et_pb_column][\/et_pb_row][\/et_pb_section]<\/p>\n","protected":false},"excerpt":{"rendered":"<p><div class=\"et_pb_row et_pb_row_0 et_pb_row_empty\">\n\t\t\t\t\n\t\t\t\t\n\t\t\t\t\n\t\t\t\t\n\t\t\t\t\n\t\t\t<\/div> Miserere (verses in catalan) De matins sures per entre corrents\/ de gent que circula dins els carrers\/ i sorpr\u00e8n la gran quantitat de rostres\/ que rebutges sense contemplacions,\/ un a\u00efllament reflex que amb el pas\/ dels anys esdev\u00e9 costum i defensa. Un dia te n&#8217;adones, que necessites\/ alg\u00fa concret que d&#8217;entre tants estranys\/ dugui [&hellip;]<\/p>\n","protected":false},"author":2,"featured_media":1247,"comment_status":"closed","ping_status":"closed","template":"","meta":{"_et_pb_use_builder":"on","_et_pb_old_content":"Editat per editorial Emboscall (2004) dins de la col\u00b7lecci\u00f3 Prima Materia. <i>\"Un home \u00e9s condemnat a passar la nit en una redu\u00efda cel\u00b7la amb una serp verinosa. Qualsevol petit moviment que aquesta fes, el mataria. Durant tota la nit, l'home es qued\u00e0 dempeus, ert, imm\u00f2bil en un rac\u00f3, temor\u00f3s que, fins i tot la seva pr\u00f2pia respiraci\u00f3 pogu\u00e9s incitar-la a atacar-lo. Amb la primera llum de l'albada, vei\u00e9 el r\u00e8ptil a la cantonada oposada d'on ell era i se sent\u00ed alleugerit, perqu\u00e8 no l'havia despertat. Per\u00f2 quan la llum penetr\u00e0 de ple la cel\u00b7la, observ\u00e0 que no era una serp, sin\u00f3 una corda.\"<\/i> (relat de l'\u00cdndia)","_et_gb_content_width":"","footnotes":""},"project_category":[67,24,63],"project_tag":[],"class_list":["post-1245","project","type-project","status-publish","has-post-thumbnail","hentry","project_category-catalan-book","project_category-catalan-books","project_category-featured"],"_links":{"self":[{"href":"https:\/\/manelqueralt.net\/en\/wp-json\/wp\/v2\/project\/1245"}],"collection":[{"href":"https:\/\/manelqueralt.net\/en\/wp-json\/wp\/v2\/project"}],"about":[{"href":"https:\/\/manelqueralt.net\/en\/wp-json\/wp\/v2\/types\/project"}],"author":[{"embeddable":true,"href":"https:\/\/manelqueralt.net\/en\/wp-json\/wp\/v2\/users\/2"}],"replies":[{"embeddable":true,"href":"https:\/\/manelqueralt.net\/en\/wp-json\/wp\/v2\/comments?post=1245"}],"version-history":[{"count":6,"href":"https:\/\/manelqueralt.net\/en\/wp-json\/wp\/v2\/project\/1245\/revisions"}],"predecessor-version":[{"id":2302,"href":"https:\/\/manelqueralt.net\/en\/wp-json\/wp\/v2\/project\/1245\/revisions\/2302"}],"wp:featuredmedia":[{"embeddable":true,"href":"https:\/\/manelqueralt.net\/en\/wp-json\/wp\/v2\/media\/1247"}],"wp:attachment":[{"href":"https:\/\/manelqueralt.net\/en\/wp-json\/wp\/v2\/media?parent=1245"}],"wp:term":[{"taxonomy":"project_category","embeddable":true,"href":"https:\/\/manelqueralt.net\/en\/wp-json\/wp\/v2\/project_category?post=1245"},{"taxonomy":"project_tag","embeddable":true,"href":"https:\/\/manelqueralt.net\/en\/wp-json\/wp\/v2\/project_tag?post=1245"}],"curies":[{"name":"wp","href":"https:\/\/api.w.org\/{rel}","templated":true}]}}

<p>[et_pb_section fullwidth=&#8221;off&#8221; specialty=&#8221;off&#8221;][et_pb_row][et_pb_column type=&#8221;2_3&#8243;][et_pb_text admin_label=&#8221;Text&#8221; background_layout=&#8221;light&#8221; text_orientation=&#8221;left&#8221;]</p>
<h2>Miserere</h2>
<p>[/et_pb_text][et_pb_image admin_label=&#8221;Image&#8221; src=&#8221;https://manelqueralt.net/wp-content/uploads/2015/04/Libelula_01.jpg&#8221; alt=&#8221;Vall d&#8217;Aran &#8211; Foto Manel Queralt&#8221; show_in_lightbox=&#8221;on&#8221; url_new_window=&#8221;off&#8221; animation=&#8221;off&#8221; sticky=&#8221;off&#8221; title_text=&#8221;Vall d&#8217;Aran &#8211; Foto Manel Queralt&#8221; /][et_pb_text admin_label=&#8221;Text&#8221; background_layout=&#8221;light&#8221; text_orientation=&#8221;left&#8221; /][et_pb_testimonial admin_label=&#8221;Testimonial&#8221; url_new_window=&#8221;on&#8221; quote_icon=&#8221;on&#8221; use_background_color=&#8221;on&#8221; background_color=&#8221;#f5f5f5&#8243; background_layout=&#8221;light&#8221; text_orientation=&#8221;center&#8221;]</p>
<p style="text-align: center;">(<strong>verses in catalan</strong>)</p>
<p style="text-align: center;">De matins sures per entre corrents/ de gent que circula dins els carrers/ i sorprèn la gran quantitat de rostres/ que rebutges sense contemplacions,/ un aïllament reflex que amb el pas/ dels anys esdevé costum i defensa.</p>
<p style="text-align: center;">Un dia te n&#8217;adones, que necessites/ algú concret que d&#8217;entre tants estranys/ dugui als ulls la prova que encara ets viu,/ si més no, que et tregui de la terrible/ habitud de mantenir les distàncies.</p>
<p style="text-align: center;">[/et_pb_testimonial][et_pb_blurb admin_label=&#8221;Blurb&#8221; title=&#8221;Read online PDF&#8221; url_new_window=&#8221;on&#8221; use_icon=&#8221;on&#8221; font_icon=&#8221;&#8221; icon_color=&#8221;#ffffff&#8221; use_circle=&#8221;on&#8221; circle_color=&#8221;#8c4600&#8243; use_circle_border=&#8221;off&#8221; circle_border_color=&#8221;#8c4600&#8243; icon_placement=&#8221;top&#8221; animation=&#8221;top&#8221; background_layout=&#8221;light&#8221; text_orientation=&#8221;center&#8221; url=&#8221;https://manelqueralt.net/wp-content/uploads/2018/03/WEB_Emboscall_Biblioteca_MQ_CAT_06_Miserere.pdf&#8221;]in Catalan[/et_pb_blurb][et_pb_text admin_label=&#8221;Text&#8221; background_layout=&#8221;light&#8221; text_orientation=&#8221;left&#8221; /][/et_pb_column][et_pb_column type=&#8221;1_3&#8243;][et_pb_sidebar admin_label=&#8221;Sidebar&#8221; orientation=&#8221;left&#8221; area=&#8221;et_pb_widget_area_3&#8243; background_layout=&#8221;light&#8221; /][/et_pb_column][/et_pb_row][et_pb_row][et_pb_column type=&#8221;1_3&#8243;][/et_pb_column][et_pb_column type=&#8221;1_3&#8243;][/et_pb_column][et_pb_column type=&#8221;1_3&#8243;][/et_pb_column][/et_pb_row][/et_pb_section]</p>

<p><div class="et_pb_row et_pb_row_0 et_pb_row_empty">
				
				
				
				
				
			</div> Miserere (verses in catalan) De matins sures per entre corrents/ de gent que circula dins els carrers/ i sorprèn la gran quantitat de rostres/ que rebutges sense contemplacions,/ un aïllament reflex que amb el pas/ dels anys esdevé costum i defensa. Un dia te n&#8217;adones, que necessites/ algú concret que d&#8217;entre tants estranys/ dugui [&hellip;]</p>

Editat per editorial Emboscall (2004) dins de la col·lecció Prima Materia. <i>"Un home és condemnat a passar la nit en una reduïda cel·la amb una serp verinosa. Qualsevol petit moviment que aquesta fes, el mataria. Durant tota la nit, l'home es quedà dempeus, ert, immòbil en un racó, temorós que, fins i tot la seva pròpia respiració pogués incitar-la a atacar-lo. Amb la primera llum de l'albada, veié el rèptil a la cantonada oposada d'on ell era i se sentí alleugerit, perquè no l'havia despertat. Però quan la llum penetrà de ple la cel·la, observà que no era una serp, sinó una corda."</i> (relat de l'Índia)
