{"id":1264,"date":"2014-10-04T20:25:23","date_gmt":"2014-10-04T20:25:23","guid":{"rendered":"https:\/\/manelqueralt.net\/?post_type=project&#038;p=1264"},"modified":"2023-12-13T20:57:58","modified_gmt":"2023-12-13T19:57:58","slug":"trit-3","status":"publish","type":"project","link":"https:\/\/manelqueralt.net\/en\/project\/trit-3\/","title":{"rendered":"Trit"},"content":{"rendered":"<p>[et_pb_section fullwidth=&#8221;off&#8221; specialty=&#8221;off&#8221;][et_pb_row][et_pb_column type=&#8221;2_3&#8243;][et_pb_text admin_label=&#8221;Text&#8221; background_layout=&#8221;light&#8221; text_orientation=&#8221;left&#8221;]<\/p>\n<h2>Trit<\/h2>\n<p>[\/et_pb_text][et_pb_image admin_label=&#8221;Image&#8221; src=&#8221;https:\/\/manelqueralt.net\/wp-content\/uploads\/2015\/02\/imagen_trit1.jpg&#8221; alt=&#8221;Dibuix d&#8217;Enric Huguet Arias&#8221; show_in_lightbox=&#8221;on&#8221; url_new_window=&#8221;off&#8221; animation=&#8221;off&#8221; sticky=&#8221;off&#8221; title_text=&#8221;Dibuix d&#8217;Enric Huguet Arias&#8221; \/][et_pb_text admin_label=&#8221;Text&#8221; background_layout=&#8221;light&#8221; text_orientation=&#8221;left&#8221; \/][et_pb_testimonial admin_label=&#8221;Testimonial&#8221; url_new_window=&#8221;on&#8221; quote_icon=&#8221;on&#8221; use_background_color=&#8221;on&#8221; background_color=&#8221;#f5f5f5&#8243; background_layout=&#8221;light&#8221; text_orientation=&#8221;center&#8221;]<\/p>\n<p style=\"text-align: center;\">(<strong>verses in Catalan<\/strong>)<\/p>\n<p style=\"text-align: center;\">&#8230;fins els detalls m\u00e9s insignificants,\/ es gesten amb filatures de molts\/ colors i mat\u00e8ries, aspres, fines:\/\u00a0<em>cus, embasta, sargeix, repunta i broda<\/em>.\/ Dits destres han aixecat una casa\/ que respira quan ell respira i dorm\/ quan s&#8217;abalteix dins la nit compartida:<em>\/ cus, embasta, sargeix, repunta i broda<\/em>&#8230;\/ Dels tapissos brodats amb molta cura\/ se&#8217;n desprenen granets de sorra grisa\/ que, imperceptible, l&#8217;aire d&#8217;un lament\/ empeny, les dunes d&#8217;un desert de cendres.<\/p>\n<p>[\/et_pb_testimonial][et_pb_blurb admin_label=&#8221;Blurb&#8221; title=&#8221;Read online PDF&#8221; url_new_window=&#8221;on&#8221; use_icon=&#8221;on&#8221; font_icon=&#8221;\ue086&#8221; icon_color=&#8221;#ffffff&#8221; use_circle=&#8221;on&#8221; circle_color=&#8221;#8c4600&#8243; use_circle_border=&#8221;off&#8221; circle_border_color=&#8221;#8c4600&#8243; icon_placement=&#8221;top&#8221; animation=&#8221;top&#8221; background_layout=&#8221;light&#8221; text_orientation=&#8221;center&#8221; url=&#8221;https:\/\/manelqueralt.net\/wp-content\/uploads\/2018\/03\/WEB_Emboscall_Biblioteca_MQ_CAT_04_Trit.pdf&#8221;]in Catalan[\/et_pb_blurb][et_pb_text admin_label=&#8221;Text&#8221; background_layout=&#8221;light&#8221; text_orientation=&#8221;left&#8221; \/][\/et_pb_column][et_pb_column type=&#8221;1_3&#8243;][et_pb_sidebar admin_label=&#8221;Sidebar&#8221; orientation=&#8221;left&#8221; area=&#8221;et_pb_widget_area_3&#8243; background_layout=&#8221;light&#8221; \/][\/et_pb_column][\/et_pb_row][et_pb_row][et_pb_column type=&#8221;1_3&#8243;][\/et_pb_column][et_pb_column type=&#8221;1_3&#8243;][\/et_pb_column][et_pb_column type=&#8221;1_3&#8243;][\/et_pb_column][\/et_pb_row][\/et_pb_section]<\/p>\n","protected":false},"excerpt":{"rendered":"<p><div class=\"et_pb_row et_pb_row_0 et_pb_row_empty\">\n\t\t\t\t\n\t\t\t\t\n\t\t\t\t\n\t\t\t\t\n\t\t\t\t\n\t\t\t<\/div> Trit (verses in Catalan)&#8230;fins els detalls m\u00e9s insignificants,\/ es gesten amb filatures de molts\/ colors i mat\u00e8ries, aspres, fines:\/\u00a0cus, embasta, sargeix, repunta i broda.\/ Dits destres han aixecat una casa\/ que respira quan ell respira i dorm\/ quan s&#8217;abalteix dins la nit compartida:\/ cus, embasta, sargeix, repunta i broda&#8230;\/ Dels tapissos brodats amb molta [&hellip;]<\/p>\n","protected":false},"author":2,"featured_media":1259,"comment_status":"open","ping_status":"closed","template":"","meta":{"_et_pb_use_builder":"on","_et_pb_old_content":"Primera edici\u00f3 de <i>Trit<\/i> (2000) amb un pr\u00f2leg magn\u00edfic de <a href=\"http:\/\/cultura.gencat.net\/ilc\/qeq\/FitxaAutors.asp?idregistre=11137\" target=\"_blank\">Jordi Llavina<\/a> i editat per <a href=\"http:\/\/www.columnaedicions.cat\" target=\"_blank\">Columna Edicions<\/a>, dins de la col\u00b7lecci\u00f3 Auria. <i>\"L'autor ha donat la forma d'un mite a la seva narraci\u00f3: Trit, l'habitant esquerp de les muntanyes, passa el temps filant la seva llar ... Fins aleshores, teixia un tap\u00eds elemental, d'una perfecta monotonia, d'una grisor absoluta. La cantarella d'aquest vers formidable:<\/i> Cus, embasta, sargeix, repunta i broda,<i> recalca l'amo\u00efnosa rutina artesanal a qu\u00e8 s'ha lliurat, des de temps immemorials. ... Un dia se li acaben les exist\u00e8ncies de fil. I no concep altra sortida que baixar fins a la vall per cercar-ne de nou.\"<\/i> Jordi Llavina","_et_gb_content_width":"","footnotes":""},"project_category":[67,24,63],"project_tag":[],"class_list":["post-1264","project","type-project","status-publish","has-post-thumbnail","hentry","project_category-catalan-book","project_category-catalan-books","project_category-featured"],"_links":{"self":[{"href":"https:\/\/manelqueralt.net\/en\/wp-json\/wp\/v2\/project\/1264"}],"collection":[{"href":"https:\/\/manelqueralt.net\/en\/wp-json\/wp\/v2\/project"}],"about":[{"href":"https:\/\/manelqueralt.net\/en\/wp-json\/wp\/v2\/types\/project"}],"author":[{"embeddable":true,"href":"https:\/\/manelqueralt.net\/en\/wp-json\/wp\/v2\/users\/2"}],"replies":[{"embeddable":true,"href":"https:\/\/manelqueralt.net\/en\/wp-json\/wp\/v2\/comments?post=1264"}],"version-history":[{"count":7,"href":"https:\/\/manelqueralt.net\/en\/wp-json\/wp\/v2\/project\/1264\/revisions"}],"predecessor-version":[{"id":2310,"href":"https:\/\/manelqueralt.net\/en\/wp-json\/wp\/v2\/project\/1264\/revisions\/2310"}],"wp:featuredmedia":[{"embeddable":true,"href":"https:\/\/manelqueralt.net\/en\/wp-json\/wp\/v2\/media\/1259"}],"wp:attachment":[{"href":"https:\/\/manelqueralt.net\/en\/wp-json\/wp\/v2\/media?parent=1264"}],"wp:term":[{"taxonomy":"project_category","embeddable":true,"href":"https:\/\/manelqueralt.net\/en\/wp-json\/wp\/v2\/project_category?post=1264"},{"taxonomy":"project_tag","embeddable":true,"href":"https:\/\/manelqueralt.net\/en\/wp-json\/wp\/v2\/project_tag?post=1264"}],"curies":[{"name":"wp","href":"https:\/\/api.w.org\/{rel}","templated":true}]}}

<p>[et_pb_section fullwidth=&#8221;off&#8221; specialty=&#8221;off&#8221;][et_pb_row][et_pb_column type=&#8221;2_3&#8243;][et_pb_text admin_label=&#8221;Text&#8221; background_layout=&#8221;light&#8221; text_orientation=&#8221;left&#8221;]</p>
<h2>Trit</h2>
<p>[/et_pb_text][et_pb_image admin_label=&#8221;Image&#8221; src=&#8221;https://manelqueralt.net/wp-content/uploads/2015/02/imagen_trit1.jpg&#8221; alt=&#8221;Dibuix d&#8217;Enric Huguet Arias&#8221; show_in_lightbox=&#8221;on&#8221; url_new_window=&#8221;off&#8221; animation=&#8221;off&#8221; sticky=&#8221;off&#8221; title_text=&#8221;Dibuix d&#8217;Enric Huguet Arias&#8221; /][et_pb_text admin_label=&#8221;Text&#8221; background_layout=&#8221;light&#8221; text_orientation=&#8221;left&#8221; /][et_pb_testimonial admin_label=&#8221;Testimonial&#8221; url_new_window=&#8221;on&#8221; quote_icon=&#8221;on&#8221; use_background_color=&#8221;on&#8221; background_color=&#8221;#f5f5f5&#8243; background_layout=&#8221;light&#8221; text_orientation=&#8221;center&#8221;]</p>
<p style="text-align: center;">(<strong>verses in Catalan</strong>)</p>
<p style="text-align: center;">&#8230;fins els detalls més insignificants,/ es gesten amb filatures de molts/ colors i matèries, aspres, fines:/ <em>cus, embasta, sargeix, repunta i broda</em>./ Dits destres han aixecat una casa/ que respira quan ell respira i dorm/ quan s&#8217;abalteix dins la nit compartida:<em>/ cus, embasta, sargeix, repunta i broda</em>&#8230;/ Dels tapissos brodats amb molta cura/ se&#8217;n desprenen granets de sorra grisa/ que, imperceptible, l&#8217;aire d&#8217;un lament/ empeny, les dunes d&#8217;un desert de cendres.</p>
<p>[/et_pb_testimonial][et_pb_blurb admin_label=&#8221;Blurb&#8221; title=&#8221;Read online PDF&#8221; url_new_window=&#8221;on&#8221; use_icon=&#8221;on&#8221; font_icon=&#8221;&#8221; icon_color=&#8221;#ffffff&#8221; use_circle=&#8221;on&#8221; circle_color=&#8221;#8c4600&#8243; use_circle_border=&#8221;off&#8221; circle_border_color=&#8221;#8c4600&#8243; icon_placement=&#8221;top&#8221; animation=&#8221;top&#8221; background_layout=&#8221;light&#8221; text_orientation=&#8221;center&#8221; url=&#8221;https://manelqueralt.net/wp-content/uploads/2018/03/WEB_Emboscall_Biblioteca_MQ_CAT_04_Trit.pdf&#8221;]in Catalan[/et_pb_blurb][et_pb_text admin_label=&#8221;Text&#8221; background_layout=&#8221;light&#8221; text_orientation=&#8221;left&#8221; /][/et_pb_column][et_pb_column type=&#8221;1_3&#8243;][et_pb_sidebar admin_label=&#8221;Sidebar&#8221; orientation=&#8221;left&#8221; area=&#8221;et_pb_widget_area_3&#8243; background_layout=&#8221;light&#8221; /][/et_pb_column][/et_pb_row][et_pb_row][et_pb_column type=&#8221;1_3&#8243;][/et_pb_column][et_pb_column type=&#8221;1_3&#8243;][/et_pb_column][et_pb_column type=&#8221;1_3&#8243;][/et_pb_column][/et_pb_row][/et_pb_section]</p>

<p><div class="et_pb_row et_pb_row_0 et_pb_row_empty">
				
				
				
				
				
			</div> Trit (verses in Catalan)&#8230;fins els detalls més insignificants,/ es gesten amb filatures de molts/ colors i matèries, aspres, fines:/ cus, embasta, sargeix, repunta i broda./ Dits destres han aixecat una casa/ que respira quan ell respira i dorm/ quan s&#8217;abalteix dins la nit compartida:/ cus, embasta, sargeix, repunta i broda&#8230;/ Dels tapissos brodats amb molta [&hellip;]</p>

Primera edició de <i>Trit</i> (2000) amb un pròleg magnífic de <a href="http://cultura.gencat.net/ilc/qeq/FitxaAutors.asp?idregistre=11137" target="_blank">Jordi Llavina</a> i editat per <a href="http://www.columnaedicions.cat" target="_blank">Columna Edicions</a>, dins de la col·lecció Auria. <i>"L'autor ha donat la forma d'un mite a la seva narració: Trit, l'habitant esquerp de les muntanyes, passa el temps filant la seva llar ... Fins aleshores, teixia un tapís elemental, d'una perfecta monotonia, d'una grisor absoluta. La cantarella d'aquest vers formidable:</i> Cus, embasta, sargeix, repunta i broda,<i> recalca l'amoïnosa rutina artesanal a què s'ha lliurat, des de temps immemorials. ... Un dia se li acaben les existències de fil. I no concep altra sortida que baixar fins a la vall per cercar-ne de nou."</i> Jordi Llavina
