{"id":1280,"date":"2014-10-02T20:30:50","date_gmt":"2014-10-02T20:30:50","guid":{"rendered":"https:\/\/manelqueralt.net\/?post_type=project&#038;p=1280"},"modified":"2023-12-13T20:55:05","modified_gmt":"2023-12-13T19:55:05","slug":"ena-menys-una-3","status":"publish","type":"project","link":"https:\/\/manelqueralt.net\/en\/project\/ena-menys-una-3\/","title":{"rendered":"Ena menys una"},"content":{"rendered":"<p>[et_pb_section fullwidth=&#8221;off&#8221; specialty=&#8221;off&#8221;][et_pb_row][et_pb_column type=&#8221;2_3&#8243;][et_pb_text admin_label=&#8221;Text&#8221; background_layout=&#8221;light&#8221; text_orientation=&#8221;left&#8221;]<\/p>\n<h2><span style=\"color: #000000;\">Ena menys una<\/span><\/h2>\n<p>[\/et_pb_text][et_pb_image admin_label=&#8221;Image&#8221; show_in_lightbox=&#8221;on&#8221; url_new_window=&#8221;off&#8221; animation=&#8221;off&#8221; sticky=&#8221;off&#8221; src=&#8221;https:\/\/manelqueralt.net\/wp-content\/uploads\/2015\/04\/imagen_Ena_menys_una.jpg&#8221; alt=&#8221;Dibuix portada d&#8217;Irene Gracia&#8221; title_text=&#8221;Dibuix portada d&#8217;Irene Gracia&#8221; \/][et_pb_text admin_label=&#8221;Text&#8221; background_layout=&#8221;light&#8221; text_orientation=&#8221;left&#8221;]Cover drawn by <a href=\"http:\/\/es.wikipedia.org\/wiki\/Irene_Gracia\" target=\"_blank\" rel=\"noopener\">Irene Gracia<\/a>.[\/et_pb_text][et_pb_testimonial admin_label=&#8221;Testimonial&#8221; url_new_window=&#8221;on&#8221; quote_icon=&#8221;on&#8221; use_background_color=&#8221;on&#8221; background_color=&#8221;#f5f5f5&#8243; background_layout=&#8221;light&#8221; text_orientation=&#8221;center&#8221;]<\/p>\n<p style=\"text-align: center;\"><em>\u201cEra como una herida triste, la calle que no acababa nunca, con nosotros al fondo, de un lado a otro, de una pena a otra, hacia el fin que no se ve nunca, el fin de todas las calles del mundo.\u201d<\/em><\/p>\n<p style=\"text-align: center;\"><a href=\"http:\/\/ca.wikipedia.org\/wiki\/Louis-Ferdinand_C%C3%A9line\" target=\"_blank\" rel=\"noopener\">L.F. C\u00e9line<\/a><\/p>\n<p>[\/et_pb_testimonial][et_pb_blurb admin_label=&#8221;Blurb&#8221; title=&#8221;Read online PDF&#8221; url_new_window=&#8221;on&#8221; use_icon=&#8221;on&#8221; font_icon=&#8221;\ue086&#8221; icon_color=&#8221;#ffffff&#8221; use_circle=&#8221;on&#8221; circle_color=&#8221;#8c4600&#8243; use_circle_border=&#8221;off&#8221; circle_border_color=&#8221;#8c4600&#8243; icon_placement=&#8221;top&#8221; animation=&#8221;top&#8221; background_layout=&#8221;light&#8221; text_orientation=&#8221;center&#8221; url=&#8221;https:\/\/manelqueralt.net\/wp-content\/uploads\/2018\/03\/WEB_Emboscall_Biblioteca_MQ_CAT_02_Ena_Menys_Una.pdf&#8221;]in Catalan[\/et_pb_blurb][et_pb_image admin_label=&#8221;Image&#8221; show_in_lightbox=&#8221;on&#8221; url_new_window=&#8221;off&#8221; animation=&#8221;off&#8221; sticky=&#8221;off&#8221; alt=&#8221;Dibuix contraportada d&#8217;Irene Gracia&#8221; title_text=&#8221;Dibuix contraportada d&#8217;Irene Gracia&#8221; src=&#8221;https:\/\/manelqueralt.net\/wp-content\/uploads\/2015\/04\/Ena_menys_una_Columna_Dibuix2.jpg&#8221; \/][et_pb_text admin_label=&#8221;Text&#8221; background_layout=&#8221;light&#8221; text_orientation=&#8221;left&#8221; \/][\/et_pb_column][et_pb_column type=&#8221;1_3&#8243;][et_pb_sidebar admin_label=&#8221;Sidebar&#8221; orientation=&#8221;left&#8221; area=&#8221;et_pb_widget_area_3&#8243; background_layout=&#8221;light&#8221; \/][\/et_pb_column][\/et_pb_row][et_pb_row][et_pb_column type=&#8221;1_3&#8243;][\/et_pb_column][et_pb_column type=&#8221;1_3&#8243;][\/et_pb_column][et_pb_column type=&#8221;1_3&#8243;][\/et_pb_column][\/et_pb_row][\/et_pb_section]<\/p>\n","protected":false},"excerpt":{"rendered":"<p><div class=\"et_pb_row et_pb_row_0 et_pb_row_empty\">\n\t\t\t\t\n\t\t\t\t\n\t\t\t\t\n\t\t\t\t\n\t\t\t\t\n\t\t\t<\/div> Ena menys una Cover drawn by Irene Gracia.\u201cEra como una herida triste, la calle que no acababa nunca, con nosotros al fondo, de un lado a otro, de una pena a otra, hacia el fin que no se ve nunca, el fin de todas las calles del mundo.\u201d L.F. C\u00e9linein Catalan<div class=\"et_pb_row et_pb_row_1 et_pb_row_empty\">\n\t\t\t\t\n\t\t\t\t\n\t\t\t\t\n\t\t\t\t\n\t\t\t\t\n\t\t\t<\/div><\/p>\n","protected":false},"author":2,"featured_media":1282,"comment_status":"open","ping_status":"closed","template":"","meta":{"_et_pb_use_builder":"on","_et_pb_old_content":"Primera edici\u00f3 del llibre de poemes <i>Ena menys una<\/i> (1992) amb il\u00b7lustraci\u00f3 a la coberta d'<a href=\"http:\/\/irenegracia.wordpress.com\" target=\"_blank\">Irene Gracia<\/a> i editat per <a href=\"http:\/\/www.columnaedicions.cat\" target=\"_blank\">Columna Edicions<\/a>, dins de la col\u00b7lecci\u00f3 de Quaderns Crema (descatalogat, qui vulgui un exemplar, li puc enviar). <i>\"Un \u00e9sser superior no determinat, crea una ciutat uniforme de carrers i edificis, infinita. Hi deixa caure uns personatges i els d\u00f3na una vida i unes normes socials: el joc dels quatre cantons. Els crea amb aptituds, per\u00f2, tamb\u00e9, amb debilitats: la incapacitat de comunicar-se. Finalment, i com a premi de consolaci\u00f3, els regala la mort. Despr\u00e9s, el creador s'adorm i oblida l'experiment.\"<\/i> M.Q.","_et_gb_content_width":"","footnotes":""},"project_category":[67,24],"project_tag":[],"class_list":["post-1280","project","type-project","status-publish","has-post-thumbnail","hentry","project_category-catalan-book","project_category-catalan-books"],"_links":{"self":[{"href":"https:\/\/manelqueralt.net\/en\/wp-json\/wp\/v2\/project\/1280"}],"collection":[{"href":"https:\/\/manelqueralt.net\/en\/wp-json\/wp\/v2\/project"}],"about":[{"href":"https:\/\/manelqueralt.net\/en\/wp-json\/wp\/v2\/types\/project"}],"author":[{"embeddable":true,"href":"https:\/\/manelqueralt.net\/en\/wp-json\/wp\/v2\/users\/2"}],"replies":[{"embeddable":true,"href":"https:\/\/manelqueralt.net\/en\/wp-json\/wp\/v2\/comments?post=1280"}],"version-history":[{"count":11,"href":"https:\/\/manelqueralt.net\/en\/wp-json\/wp\/v2\/project\/1280\/revisions"}],"predecessor-version":[{"id":2858,"href":"https:\/\/manelqueralt.net\/en\/wp-json\/wp\/v2\/project\/1280\/revisions\/2858"}],"wp:featuredmedia":[{"embeddable":true,"href":"https:\/\/manelqueralt.net\/en\/wp-json\/wp\/v2\/media\/1282"}],"wp:attachment":[{"href":"https:\/\/manelqueralt.net\/en\/wp-json\/wp\/v2\/media?parent=1280"}],"wp:term":[{"taxonomy":"project_category","embeddable":true,"href":"https:\/\/manelqueralt.net\/en\/wp-json\/wp\/v2\/project_category?post=1280"},{"taxonomy":"project_tag","embeddable":true,"href":"https:\/\/manelqueralt.net\/en\/wp-json\/wp\/v2\/project_tag?post=1280"}],"curies":[{"name":"wp","href":"https:\/\/api.w.org\/{rel}","templated":true}]}}

<p>[et_pb_section fullwidth=&#8221;off&#8221; specialty=&#8221;off&#8221;][et_pb_row][et_pb_column type=&#8221;2_3&#8243;][et_pb_text admin_label=&#8221;Text&#8221; background_layout=&#8221;light&#8221; text_orientation=&#8221;left&#8221;]</p>
<h2><span style="color: #000000;">Ena menys una</span></h2>
<p>[/et_pb_text][et_pb_image admin_label=&#8221;Image&#8221; show_in_lightbox=&#8221;on&#8221; url_new_window=&#8221;off&#8221; animation=&#8221;off&#8221; sticky=&#8221;off&#8221; src=&#8221;https://manelqueralt.net/wp-content/uploads/2015/04/imagen_Ena_menys_una.jpg&#8221; alt=&#8221;Dibuix portada d&#8217;Irene Gracia&#8221; title_text=&#8221;Dibuix portada d&#8217;Irene Gracia&#8221; /][et_pb_text admin_label=&#8221;Text&#8221; background_layout=&#8221;light&#8221; text_orientation=&#8221;left&#8221;]Cover drawn by <a href="http://es.wikipedia.org/wiki/Irene_Gracia" target="_blank" rel="noopener">Irene Gracia</a>.[/et_pb_text][et_pb_testimonial admin_label=&#8221;Testimonial&#8221; url_new_window=&#8221;on&#8221; quote_icon=&#8221;on&#8221; use_background_color=&#8221;on&#8221; background_color=&#8221;#f5f5f5&#8243; background_layout=&#8221;light&#8221; text_orientation=&#8221;center&#8221;]</p>
<p style="text-align: center;"><em>“Era como una herida triste, la calle que no acababa nunca, con nosotros al fondo, de un lado a otro, de una pena a otra, hacia el fin que no se ve nunca, el fin de todas las calles del mundo.”</em></p>
<p style="text-align: center;"><a href="http://ca.wikipedia.org/wiki/Louis-Ferdinand_C%C3%A9line" target="_blank" rel="noopener">L.F. Céline</a></p>
<p>[/et_pb_testimonial][et_pb_blurb admin_label=&#8221;Blurb&#8221; title=&#8221;Read online PDF&#8221; url_new_window=&#8221;on&#8221; use_icon=&#8221;on&#8221; font_icon=&#8221;&#8221; icon_color=&#8221;#ffffff&#8221; use_circle=&#8221;on&#8221; circle_color=&#8221;#8c4600&#8243; use_circle_border=&#8221;off&#8221; circle_border_color=&#8221;#8c4600&#8243; icon_placement=&#8221;top&#8221; animation=&#8221;top&#8221; background_layout=&#8221;light&#8221; text_orientation=&#8221;center&#8221; url=&#8221;https://manelqueralt.net/wp-content/uploads/2018/03/WEB_Emboscall_Biblioteca_MQ_CAT_02_Ena_Menys_Una.pdf&#8221;]in Catalan[/et_pb_blurb][et_pb_image admin_label=&#8221;Image&#8221; show_in_lightbox=&#8221;on&#8221; url_new_window=&#8221;off&#8221; animation=&#8221;off&#8221; sticky=&#8221;off&#8221; alt=&#8221;Dibuix contraportada d&#8217;Irene Gracia&#8221; title_text=&#8221;Dibuix contraportada d&#8217;Irene Gracia&#8221; src=&#8221;https://manelqueralt.net/wp-content/uploads/2015/04/Ena_menys_una_Columna_Dibuix2.jpg&#8221; /][et_pb_text admin_label=&#8221;Text&#8221; background_layout=&#8221;light&#8221; text_orientation=&#8221;left&#8221; /][/et_pb_column][et_pb_column type=&#8221;1_3&#8243;][et_pb_sidebar admin_label=&#8221;Sidebar&#8221; orientation=&#8221;left&#8221; area=&#8221;et_pb_widget_area_3&#8243; background_layout=&#8221;light&#8221; /][/et_pb_column][/et_pb_row][et_pb_row][et_pb_column type=&#8221;1_3&#8243;][/et_pb_column][et_pb_column type=&#8221;1_3&#8243;][/et_pb_column][et_pb_column type=&#8221;1_3&#8243;][/et_pb_column][/et_pb_row][/et_pb_section]</p>

<p><div class="et_pb_row et_pb_row_0 et_pb_row_empty">
				
				
				
				
				
			</div> Ena menys una Cover drawn by Irene Gracia.“Era como una herida triste, la calle que no acababa nunca, con nosotros al fondo, de un lado a otro, de una pena a otra, hacia el fin que no se ve nunca, el fin de todas las calles del mundo.” L.F. Célinein Catalan<div class="et_pb_row et_pb_row_1 et_pb_row_empty">
				
				
				
				
				
			</div></p>

Primera edició del llibre de poemes <i>Ena menys una</i> (1992) amb il·lustració a la coberta d'<a href="http://irenegracia.wordpress.com" target="_blank">Irene Gracia</a> i editat per <a href="http://www.columnaedicions.cat" target="_blank">Columna Edicions</a>, dins de la col·lecció de Quaderns Crema (descatalogat, qui vulgui un exemplar, li puc enviar). <i>"Un ésser superior no determinat, crea una ciutat uniforme de carrers i edificis, infinita. Hi deixa caure uns personatges i els dóna una vida i unes normes socials: el joc dels quatre cantons. Els crea amb aptituds, però, també, amb debilitats: la incapacitat de comunicar-se. Finalment, i com a premi de consolació, els regala la mort. Després, el creador s'adorm i oblida l'experiment."</i> M.Q.
