{"id":1140,"date":"2014-10-05T16:26:08","date_gmt":"2014-10-05T16:26:08","guid":{"rendered":"https:\/\/manelqueralt.net\/?post_type=project&#038;p=1140"},"modified":"2024-01-03T22:15:54","modified_gmt":"2024-01-03T21:15:54","slug":"vacu-el-ser-sufriente","status":"publish","type":"project","link":"https:\/\/manelqueralt.net\/es\/project\/vacu-el-ser-sufriente\/","title":{"rendered":"Vacu, el ser sufriente"},"content":{"rendered":"<p>[et_pb_section bb_built=\u00bb1&#8243; fullwidth=\u00bboff\u00bb specialty=\u00bboff\u00bb inner_width=\u00bbauto\u00bb inner_max_width=\u00bb1080px\u00bb][et_pb_row][et_pb_column type=\u00bb2_3&#8243; custom_padding__hover=\u00bb|||\u00bb custom_padding=\u00bb|||\u00bb][et_pb_text background_layout=\u00bblight\u00bb text_orientation=\u00bbleft\u00bb background_position=\u00bbtop_left\u00bb background_repeat=\u00bbrepeat\u00bb background_size=\u00bbinitial\u00bb]<\/p>\n<h2>Vacu, el ser sufriente<\/h2>\n<p>[\/et_pb_text][et_pb_image alt=\u00bbVacu, el ser sufriente\u00bb show_in_lightbox=\u00bbon\u00bb url_new_window=\u00bboff\u00bb animation=\u00bboff\u00bb sticky=\u00bboff\u00bb title_text=\u00bbVacu, el ser sufriente\u00bb src=\u00bbhttps:\/\/manelqueralt.net\/wp-content\/uploads\/2015\/09\/Vacu_Spanish.jpg\u00bb animation_style=\u00bbnone\u00bb animation_duration=\u00bb1000ms\u00bb animation_intensity_slide=\u00bb50%\u00bb show_bottom_space=\u00bbon\u00bb align_last_edited=\u00bbon|desktop\u00bb align_tablet=\u00bbcenter\u00bb \/][et_pb_text background_layout=\u00bblight\u00bb text_orientation=\u00bbleft\u00bb background_position=\u00bbtop_left\u00bb background_repeat=\u00bbrepeat\u00bb background_size=\u00bbinitial\u00bb _builder_version=\u00bb4.23.1&#8243; \/][et_pb_testimonial author=\u00bbFrancesc Torralba Rosell\u00f3\u00bb url=\u00bbhttp:\/\/www.francesctorralba.com\/\u00bb url_new_window=\u00bbon\u00bb background_position=\u00bbtop_left\u00bb background_repeat=\u00bbrepeat\u00bb background_size=\u00bbinitial\u00bb _builder_version=\u00bb4.23.1&#8243; background_pattern_color=\u00bbrgba(0,0,0,0.2)\u00bb background_mask_color=\u00bb#ffffff\u00bb quote_icon_background_color=\u00bb#f5f5f5&#8243; box_shadow_horizontal_image_tablet=\u00bb0px\u00bb box_shadow_vertical_image_tablet=\u00bb0px\u00bb box_shadow_blur_image_tablet=\u00bb40px\u00bb box_shadow_spread_image_tablet=\u00bb0px\u00bb text_shadow_horizontal_length=\u00bbtext_shadow_style,%91object Object%93&#8243; text_shadow_horizontal_length_tablet=\u00bb0px\u00bb text_shadow_vertical_length=\u00bbtext_shadow_style,%91object Object%93&#8243; text_shadow_vertical_length_tablet=\u00bb0px\u00bb text_shadow_blur_strength=\u00bbtext_shadow_style,%91object Object%93&#8243; text_shadow_blur_strength_tablet=\u00bb1px\u00bb body_link_text_shadow_horizontal_length=\u00bbbody_link_text_shadow_style,%91object Object%93&#8243; body_link_text_shadow_horizontal_length_tablet=\u00bb0px\u00bb body_link_text_shadow_vertical_length=\u00bbbody_link_text_shadow_style,%91object Object%93&#8243; body_link_text_shadow_vertical_length_tablet=\u00bb0px\u00bb body_link_text_shadow_blur_strength=\u00bbbody_link_text_shadow_style,%91object Object%93&#8243; body_link_text_shadow_blur_strength_tablet=\u00bb1px\u00bb body_ul_text_shadow_horizontal_length=\u00bbbody_ul_text_shadow_style,%91object Object%93&#8243; body_ul_text_shadow_horizontal_length_tablet=\u00bb0px\u00bb body_ul_text_shadow_vertical_length=\u00bbbody_ul_text_shadow_style,%91object Object%93&#8243; body_ul_text_shadow_vertical_length_tablet=\u00bb0px\u00bb body_ul_text_shadow_blur_strength=\u00bbbody_ul_text_shadow_style,%91object Object%93&#8243; body_ul_text_shadow_blur_strength_tablet=\u00bb1px\u00bb body_ol_text_shadow_horizontal_length=\u00bbbody_ol_text_shadow_style,%91object Object%93&#8243; body_ol_text_shadow_horizontal_length_tablet=\u00bb0px\u00bb body_ol_text_shadow_vertical_length=\u00bbbody_ol_text_shadow_style,%91object Object%93&#8243; body_ol_text_shadow_vertical_length_tablet=\u00bb0px\u00bb body_ol_text_shadow_blur_strength=\u00bbbody_ol_text_shadow_style,%91object Object%93&#8243; body_ol_text_shadow_blur_strength_tablet=\u00bb1px\u00bb body_quote_text_shadow_horizontal_length=\u00bbbody_quote_text_shadow_style,%91object Object%93&#8243; body_quote_text_shadow_horizontal_length_tablet=\u00bb0px\u00bb body_quote_text_shadow_vertical_length=\u00bbbody_quote_text_shadow_style,%91object Object%93&#8243; body_quote_text_shadow_vertical_length_tablet=\u00bb0px\u00bb body_quote_text_shadow_blur_strength=\u00bbbody_quote_text_shadow_style,%91object Object%93&#8243; body_quote_text_shadow_blur_strength_tablet=\u00bb1px\u00bb author_text_shadow_horizontal_length=\u00bbauthor_text_shadow_style,%91object Object%93&#8243; author_text_shadow_horizontal_length_tablet=\u00bb0px\u00bb author_text_shadow_vertical_length=\u00bbauthor_text_shadow_style,%91object Object%93&#8243; author_text_shadow_vertical_length_tablet=\u00bb0px\u00bb author_text_shadow_blur_strength=\u00bbauthor_text_shadow_style,%91object Object%93&#8243; author_text_shadow_blur_strength_tablet=\u00bb1px\u00bb position_text_shadow_horizontal_length=\u00bbposition_text_shadow_style,%91object Object%93&#8243; position_text_shadow_horizontal_length_tablet=\u00bb0px\u00bb position_text_shadow_vertical_length=\u00bbposition_text_shadow_style,%91object Object%93&#8243; position_text_shadow_vertical_length_tablet=\u00bb0px\u00bb position_text_shadow_blur_strength=\u00bbposition_text_shadow_style,%91object Object%93&#8243; position_text_shadow_blur_strength_tablet=\u00bb1px\u00bb company_text_shadow_horizontal_length=\u00bbcompany_text_shadow_style,%91object Object%93&#8243; company_text_shadow_horizontal_length_tablet=\u00bb0px\u00bb company_text_shadow_vertical_length=\u00bbcompany_text_shadow_style,%91object Object%93&#8243; company_text_shadow_vertical_length_tablet=\u00bb0px\u00bb company_text_shadow_blur_strength=\u00bbcompany_text_shadow_style,%91object Object%93&#8243; company_text_shadow_blur_strength_tablet=\u00bb1px\u00bb box_shadow_horizontal_tablet=\u00bb0px\u00bb box_shadow_vertical_tablet=\u00bb0px\u00bb box_shadow_blur_tablet=\u00bb40px\u00bb box_shadow_spread_tablet=\u00bb0px\u00bb vertical_offset_tablet=\u00bb0&#8243; horizontal_offset_tablet=\u00bb0&#8243; z_index_tablet=\u00bb0&#8243;]<\/p>\n<p>\u00abHay poetas que lees y olvidas. Pero hay poetas que lees y ya no puedes olvidar nunca m\u00e1s, no tan s\u00f3lo porque nos hayan tocado alguna tecla del alma, sino porque nos vac\u00edan por dentro y nos dejan a la intemperie. El autor pertenece a esta segunda estirpe de poetas, y por ese motivo me permito hacerle al lector la siguiente advertencia: lo que encontrar\u00e1 en este libro es poes\u00eda filos\u00f3fica, un largo poema de b\u00fasqueda personal, una exploraci\u00f3n honesta y cruda a la vez de la condici\u00f3n humana.\u00bb<\/p>\n<p>[\/et_pb_testimonial][et_pb_blurb title=\u00bbLeer en l\u00ednea PDF\u00bb url_new_window=\u00bbon\u00bb use_icon=\u00bbon\u00bb font_icon=\u00bb&#xe086;||divi||400&#8243; icon_color=\u00bb#ffffff\u00bb use_circle=\u00bbon\u00bb circle_color=\u00bb#8c4600&#8243; use_circle_border=\u00bboff\u00bb circle_border_color=\u00bb#8c4600&#8243; icon_placement=\u00bbtop\u00bb animation=\u00bbtop\u00bb background_layout=\u00bblight\u00bb text_orientation=\u00bbcenter\u00bb url=\u00bbhttps:\/\/manelqueralt.net\/wp-content\/uploads\/2018\/03\/WEB_Biblioteca_MQ_CAS_Vacu_2014.pdf\u00bb background_position=\u00bbtop_left\u00bb background_repeat=\u00bbrepeat\u00bb background_size=\u00bbinitial\u00bb image_max_width=\u00bbnone\u00bb image_icon_width=\u00bb48px\u00bb image_icon_background_color=\u00bb#8c4600&#8243; image_icon_background_color__sticky_enabled=\u00bb#8c4600&#8243; image_icon_background_color__sticky=\u00bb#8c4600&#8243; border_radii_image=\u00bbon|100%|100%|100%|100%\u00bb image_icon_custom_padding=\u00bb25px|25px|25px|25px|false|false\u00bb]<\/p>\n<p>Libro poemas<br \/>y pr\u00f3logo<\/p>\n<p>[\/et_pb_blurb][et_pb_blurb title=\u00bbLeer en l\u00ednea PDF\u00bb url_new_window=\u00bbon\u00bb use_icon=\u00bbon\u00bb font_icon=\u00bb&#xe086;||divi||400&#8243; icon_color=\u00bb#ffffff\u00bb use_circle=\u00bbon\u00bb circle_color=\u00bb#8c4600&#8243; use_circle_border=\u00bboff\u00bb circle_border_color=\u00bb#8c4600&#8243; icon_placement=\u00bbtop\u00bb animation=\u00bbtop\u00bb background_layout=\u00bblight\u00bb text_orientation=\u00bbcenter\u00bb url=\u00bbhttps:\/\/manelqueralt.net\/wp-content\/uploads\/2015\/11\/MQ_Vacu_Ensayo_Queralt_a_la_luz_de_la_filosofia.pdf\u00bb background_position=\u00bbtop_left\u00bb background_repeat=\u00bbrepeat\u00bb background_size=\u00bbinitial\u00bb image_max_width=\u00bbnone\u00bb image_icon_width=\u00bb48px\u00bb image_icon_background_color=\u00bb#8c4600&#8243; image_icon_background_color__sticky_enabled=\u00bb#8c4600&#8243; image_icon_background_color__sticky=\u00bb#8c4600&#8243; border_radii_image=\u00bbon|100%|100%|100%|100%\u00bb image_icon_custom_padding=\u00bb25px|25px|25px|25px|false|false\u00bb]<\/p>\n<p style=\"text-align: center;\">Ensayo sobre<br \/>la obra del autor<\/p>\n<p>[\/et_pb_blurb][\/et_pb_column][et_pb_column type=\u00bb1_3&#8243; custom_padding__hover=\u00bb|||\u00bb custom_padding=\u00bb|||\u00bb][et_pb_sidebar orientation=\u00bbleft\u00bb area=\u00bbet_pb_widget_area_4&#8243; background_layout=\u00bblight\u00bb show_border=\u00bbon\u00bb \/][\/et_pb_column][\/et_pb_row][\/et_pb_section]<\/p>\n","protected":false},"excerpt":{"rendered":"<p><div class=\"et_pb_row et_pb_row_0 et_pb_row_empty\">\n\t\t\t\t\n\t\t\t\t\n\t\t\t\t\n\t\t\t\t\n\t\t\t\t\n\t\t\t<\/div> Vacu, el ser sufriente \u00abHay poetas que lees y olvidas. Pero hay poetas que lees y ya no puedes olvidar nunca m\u00e1s, no tan s\u00f3lo porque nos hayan tocado alguna tecla del alma, sino porque nos vac\u00edan por dentro y nos dejan a la intemperie. El autor pertenece a esta segunda estirpe de poetas, [&hellip;]<\/p>\n","protected":false},"author":2,"featured_media":1086,"comment_status":"closed","ping_status":"closed","template":"","meta":{"_et_pb_use_builder":"on","_et_pb_old_content":"Primera edici\u00f3 en catal\u00e0 de <i>Vacu, l'\u00e9sser sofrent<\/i> (2004) amb un pr\u00f2leg magn\u00edfic de <a href=\"http:\/\/www.francesctorralba.com\/\" target=\"_blank\">Francesc Torralba Rosell\u00f3<\/a> i editat per <a href=\"http:\/\/www.pageseditors.com\/\" target=\"_blank\">Pag\u00e8s Editors<\/a>. \"En la poesia de Queralt, el sofriment esdev\u00e9 la clau de volta de l'exist\u00e8ncia humana. El poeta es pregunta, qu\u00e8 \u00e9s el que justifica l'exist\u00e8ncia, per quina ra\u00f3 el protagonista, Vacu, desitja seguir essent, lluitar per romandre en l'\u00e9sser. Vacu \u00e9s l'arquetip de l'home que s'enfronta responsablement a la seva vacu\u00eftat i, en lloc de sortir per la tangent, cerca, desesperadament, una ra\u00f3 que justifiqui la seva exist\u00e8ncia i que l'empari de la temptaci\u00f3 nihilista. Queralt posa al bell mig del poema la pregunta filos\u00f2fica per definici\u00f3: qu\u00e8 \u00e9s el que fa que la vida mereixi ser viscuda?\"","_et_gb_content_width":"","footnotes":""},"project_category":[25,64,21],"project_tag":[],"class_list":["post-1140","project","type-project","status-publish","has-post-thumbnail","hentry","project_category-destacados","project_category-libro-castellano","project_category-traducciones-espanol"],"_links":{"self":[{"href":"https:\/\/manelqueralt.net\/es\/wp-json\/wp\/v2\/project\/1140"}],"collection":[{"href":"https:\/\/manelqueralt.net\/es\/wp-json\/wp\/v2\/project"}],"about":[{"href":"https:\/\/manelqueralt.net\/es\/wp-json\/wp\/v2\/types\/project"}],"author":[{"embeddable":true,"href":"https:\/\/manelqueralt.net\/es\/wp-json\/wp\/v2\/users\/2"}],"replies":[{"embeddable":true,"href":"https:\/\/manelqueralt.net\/es\/wp-json\/wp\/v2\/comments?post=1140"}],"version-history":[{"count":12,"href":"https:\/\/manelqueralt.net\/es\/wp-json\/wp\/v2\/project\/1140\/revisions"}],"predecessor-version":[{"id":2891,"href":"https:\/\/manelqueralt.net\/es\/wp-json\/wp\/v2\/project\/1140\/revisions\/2891"}],"wp:featuredmedia":[{"embeddable":true,"href":"https:\/\/manelqueralt.net\/es\/wp-json\/wp\/v2\/media\/1086"}],"wp:attachment":[{"href":"https:\/\/manelqueralt.net\/es\/wp-json\/wp\/v2\/media?parent=1140"}],"wp:term":[{"taxonomy":"project_category","embeddable":true,"href":"https:\/\/manelqueralt.net\/es\/wp-json\/wp\/v2\/project_category?post=1140"},{"taxonomy":"project_tag","embeddable":true,"href":"https:\/\/manelqueralt.net\/es\/wp-json\/wp\/v2\/project_tag?post=1140"}],"curies":[{"name":"wp","href":"https:\/\/api.w.org\/{rel}","templated":true}]}}

<p>[et_pb_section bb_built=»1&#8243; fullwidth=»off» specialty=»off» inner_width=»auto» inner_max_width=»1080px»][et_pb_row][et_pb_column type=»2_3&#8243; custom_padding__hover=»|||» custom_padding=»|||»][et_pb_text background_layout=»light» text_orientation=»left» background_position=»top_left» background_repeat=»repeat» background_size=»initial»]</p>
<h2>Vacu, el ser sufriente</h2>
<p>[/et_pb_text][et_pb_image alt=»Vacu, el ser sufriente» show_in_lightbox=»on» url_new_window=»off» animation=»off» sticky=»off» title_text=»Vacu, el ser sufriente» src=»https://manelqueralt.net/wp-content/uploads/2015/09/Vacu_Spanish.jpg» animation_style=»none» animation_duration=»1000ms» animation_intensity_slide=»50%» show_bottom_space=»on» align_last_edited=»on|desktop» align_tablet=»center» /][et_pb_text background_layout=»light» text_orientation=»left» background_position=»top_left» background_repeat=»repeat» background_size=»initial» _builder_version=»4.23.1&#8243; /][et_pb_testimonial author=»Francesc Torralba Roselló» url=»http://www.francesctorralba.com/» url_new_window=»on» background_position=»top_left» background_repeat=»repeat» background_size=»initial» _builder_version=»4.23.1&#8243; background_pattern_color=»rgba(0,0,0,0.2)» background_mask_color=»#ffffff» quote_icon_background_color=»#f5f5f5&#8243; box_shadow_horizontal_image_tablet=»0px» box_shadow_vertical_image_tablet=»0px» box_shadow_blur_image_tablet=»40px» box_shadow_spread_image_tablet=»0px» text_shadow_horizontal_length=»text_shadow_style,%91object Object%93&#8243; text_shadow_horizontal_length_tablet=»0px» text_shadow_vertical_length=»text_shadow_style,%91object Object%93&#8243; text_shadow_vertical_length_tablet=»0px» text_shadow_blur_strength=»text_shadow_style,%91object Object%93&#8243; text_shadow_blur_strength_tablet=»1px» body_link_text_shadow_horizontal_length=»body_link_text_shadow_style,%91object Object%93&#8243; body_link_text_shadow_horizontal_length_tablet=»0px» body_link_text_shadow_vertical_length=»body_link_text_shadow_style,%91object Object%93&#8243; body_link_text_shadow_vertical_length_tablet=»0px» body_link_text_shadow_blur_strength=»body_link_text_shadow_style,%91object Object%93&#8243; body_link_text_shadow_blur_strength_tablet=»1px» body_ul_text_shadow_horizontal_length=»body_ul_text_shadow_style,%91object Object%93&#8243; body_ul_text_shadow_horizontal_length_tablet=»0px» body_ul_text_shadow_vertical_length=»body_ul_text_shadow_style,%91object Object%93&#8243; body_ul_text_shadow_vertical_length_tablet=»0px» body_ul_text_shadow_blur_strength=»body_ul_text_shadow_style,%91object Object%93&#8243; body_ul_text_shadow_blur_strength_tablet=»1px» body_ol_text_shadow_horizontal_length=»body_ol_text_shadow_style,%91object Object%93&#8243; body_ol_text_shadow_horizontal_length_tablet=»0px» body_ol_text_shadow_vertical_length=»body_ol_text_shadow_style,%91object Object%93&#8243; body_ol_text_shadow_vertical_length_tablet=»0px» body_ol_text_shadow_blur_strength=»body_ol_text_shadow_style,%91object Object%93&#8243; body_ol_text_shadow_blur_strength_tablet=»1px» body_quote_text_shadow_horizontal_length=»body_quote_text_shadow_style,%91object Object%93&#8243; body_quote_text_shadow_horizontal_length_tablet=»0px» body_quote_text_shadow_vertical_length=»body_quote_text_shadow_style,%91object Object%93&#8243; body_quote_text_shadow_vertical_length_tablet=»0px» body_quote_text_shadow_blur_strength=»body_quote_text_shadow_style,%91object Object%93&#8243; body_quote_text_shadow_blur_strength_tablet=»1px» author_text_shadow_horizontal_length=»author_text_shadow_style,%91object Object%93&#8243; author_text_shadow_horizontal_length_tablet=»0px» author_text_shadow_vertical_length=»author_text_shadow_style,%91object Object%93&#8243; author_text_shadow_vertical_length_tablet=»0px» author_text_shadow_blur_strength=»author_text_shadow_style,%91object Object%93&#8243; author_text_shadow_blur_strength_tablet=»1px» position_text_shadow_horizontal_length=»position_text_shadow_style,%91object Object%93&#8243; position_text_shadow_horizontal_length_tablet=»0px» position_text_shadow_vertical_length=»position_text_shadow_style,%91object Object%93&#8243; position_text_shadow_vertical_length_tablet=»0px» position_text_shadow_blur_strength=»position_text_shadow_style,%91object Object%93&#8243; position_text_shadow_blur_strength_tablet=»1px» company_text_shadow_horizontal_length=»company_text_shadow_style,%91object Object%93&#8243; company_text_shadow_horizontal_length_tablet=»0px» company_text_shadow_vertical_length=»company_text_shadow_style,%91object Object%93&#8243; company_text_shadow_vertical_length_tablet=»0px» company_text_shadow_blur_strength=»company_text_shadow_style,%91object Object%93&#8243; company_text_shadow_blur_strength_tablet=»1px» box_shadow_horizontal_tablet=»0px» box_shadow_vertical_tablet=»0px» box_shadow_blur_tablet=»40px» box_shadow_spread_tablet=»0px» vertical_offset_tablet=»0&#8243; horizontal_offset_tablet=»0&#8243; z_index_tablet=»0&#8243;]</p>
<p>«Hay poetas que lees y olvidas. Pero hay poetas que lees y ya no puedes olvidar nunca más, no tan sólo porque nos hayan tocado alguna tecla del alma, sino porque nos vacían por dentro y nos dejan a la intemperie. El autor pertenece a esta segunda estirpe de poetas, y por ese motivo me permito hacerle al lector la siguiente advertencia: lo que encontrará en este libro es poesía filosófica, un largo poema de búsqueda personal, una exploración honesta y cruda a la vez de la condición humana.»</p>
<p>[/et_pb_testimonial][et_pb_blurb title=»Leer en línea PDF» url_new_window=»on» use_icon=»on» font_icon=»&#xe086;||divi||400&#8243; icon_color=»#ffffff» use_circle=»on» circle_color=»#8c4600&#8243; use_circle_border=»off» circle_border_color=»#8c4600&#8243; icon_placement=»top» animation=»top» background_layout=»light» text_orientation=»center» url=»https://manelqueralt.net/wp-content/uploads/2018/03/WEB_Biblioteca_MQ_CAS_Vacu_2014.pdf» background_position=»top_left» background_repeat=»repeat» background_size=»initial» image_max_width=»none» image_icon_width=»48px» image_icon_background_color=»#8c4600&#8243; image_icon_background_color__sticky_enabled=»#8c4600&#8243; image_icon_background_color__sticky=»#8c4600&#8243; border_radii_image=»on|100%|100%|100%|100%» image_icon_custom_padding=»25px|25px|25px|25px|false|false»]</p>
<p>Libro poemas<br />y prólogo</p>
<p>[/et_pb_blurb][et_pb_blurb title=»Leer en línea PDF» url_new_window=»on» use_icon=»on» font_icon=»&#xe086;||divi||400&#8243; icon_color=»#ffffff» use_circle=»on» circle_color=»#8c4600&#8243; use_circle_border=»off» circle_border_color=»#8c4600&#8243; icon_placement=»top» animation=»top» background_layout=»light» text_orientation=»center» url=»https://manelqueralt.net/wp-content/uploads/2015/11/MQ_Vacu_Ensayo_Queralt_a_la_luz_de_la_filosofia.pdf» background_position=»top_left» background_repeat=»repeat» background_size=»initial» image_max_width=»none» image_icon_width=»48px» image_icon_background_color=»#8c4600&#8243; image_icon_background_color__sticky_enabled=»#8c4600&#8243; image_icon_background_color__sticky=»#8c4600&#8243; border_radii_image=»on|100%|100%|100%|100%» image_icon_custom_padding=»25px|25px|25px|25px|false|false»]</p>
<p style="text-align: center;">Ensayo sobre<br />la obra del autor</p>
<p>[/et_pb_blurb][/et_pb_column][et_pb_column type=»1_3&#8243; custom_padding__hover=»|||» custom_padding=»|||»][et_pb_sidebar orientation=»left» area=»et_pb_widget_area_4&#8243; background_layout=»light» show_border=»on» /][/et_pb_column][/et_pb_row][/et_pb_section]</p>

<p><div class="et_pb_row et_pb_row_0 et_pb_row_empty">
				
				
				
				
				
			</div> Vacu, el ser sufriente «Hay poetas que lees y olvidas. Pero hay poetas que lees y ya no puedes olvidar nunca más, no tan sólo porque nos hayan tocado alguna tecla del alma, sino porque nos vacían por dentro y nos dejan a la intemperie. El autor pertenece a esta segunda estirpe de poetas, [&hellip;]</p>

Primera edició en català de <i>Vacu, l'ésser sofrent</i> (2004) amb un pròleg magnífic de <a href="http://www.francesctorralba.com/" target="_blank">Francesc Torralba Roselló</a> i editat per <a href="http://www.pageseditors.com/" target="_blank">Pagès Editors</a>. "En la poesia de Queralt, el sofriment esdevé la clau de volta de l'existència humana. El poeta es pregunta, què és el que justifica l'existència, per quina raó el protagonista, Vacu, desitja seguir essent, lluitar per romandre en l'ésser. Vacu és l'arquetip de l'home que s'enfronta responsablement a la seva vacuïtat i, en lloc de sortir per la tangent, cerca, desesperadament, una raó que justifiqui la seva existència i que l'empari de la temptació nihilista. Queralt posa al bell mig del poema la pregunta filosòfica per definició: què és el que fa que la vida mereixi ser viscuda?"
