{"id":1154,"date":"2014-10-14T17:31:22","date_gmt":"2014-10-14T17:31:22","guid":{"rendered":"https:\/\/manelqueralt.net\/?post_type=project&#038;p=1154"},"modified":"2023-12-13T20:40:14","modified_gmt":"2023-12-13T19:40:14","slug":"brosta-verd-sobre-verd-2","status":"publish","type":"project","link":"https:\/\/manelqueralt.net\/es\/project\/brosta-verd-sobre-verd-2\/","title":{"rendered":"Brosta, verd sobre verd"},"content":{"rendered":"<p>[et_pb_section bb_built=\u00bb1&#8243; fullwidth=\u00bboff\u00bb specialty=\u00bboff\u00bb inner_width=\u00bbauto\u00bb inner_max_width=\u00bb1080px\u00bb][et_pb_row][et_pb_column type=\u00bb2_3&#8243; custom_padding__hover=\u00bb|||\u00bb custom_padding=\u00bb|||\u00bb][et_pb_text background_layout=\u00bblight\u00bb text_orientation=\u00bbleft\u00bb background_position=\u00bbtop_left\u00bb background_repeat=\u00bbrepeat\u00bb background_size=\u00bbinitial\u00bb]<\/p>\n<h2>Brosta, verd sobre verd<\/h2>\n<p>[\/et_pb_text][et_pb_image show_in_lightbox=\u00bbon\u00bb url_new_window=\u00bboff\u00bb animation=\u00bboff\u00bb sticky=\u00bboff\u00bb src=\u00bbhttps:\/\/manelqueralt.net\/wp-content\/uploads\/2015\/10\/Brosta_nomofobia.jpg\u00bb animation_style=\u00bbnone\u00bb animation_duration=\u00bb1000ms\u00bb animation_intensity_slide=\u00bb50%\u00bb show_bottom_space=\u00bbon\u00bb align_last_edited=\u00bbon|desktop\u00bb align_tablet=\u00bbcenter\u00bb \/][et_pb_text background_layout=\u00bblight\u00bb text_orientation=\u00bbleft\u00bb background_position=\u00bbtop_left\u00bb background_repeat=\u00bbrepeat\u00bb background_size=\u00bbinitial\u00bb]<\/p>\n<p>Editado por Emboscall (2015) dentro de la colecci\u00f3n Prima Materia. Pod\u00e9is leer la cr\u00edtica en catal\u00e1n del libro \u00ab<a href=\"http:\/\/www.nuvol.com\/critica\/manel-queralt-entre-la-xifra-i-el-vers\/\" target=\"_blank\" rel=\"noopener\">Manel Queralt, entre la xifra i el vers<\/a>\u00bb escrita por <a href=\"http:\/\/ca.wikipedia.org\/wiki\/Montse_Barderi_Palau\" target=\"_blank\" rel=\"noopener\">Montse Barderi<\/a>&nbsp;para el diario digital <a href=\"http:\/\/www.nuvol.com\/\" target=\"_blank\" rel=\"noopener\">N\u00daVOL<\/a>.<\/p>\n<p>[\/et_pb_text][et_pb_testimonial url_new_window=\u00bbon\u00bb quote_icon=\u00bbon\u00bb use_background_color=\u00bbon\u00bb background_color=\u00bb#f5f5f5&#8243; background_layout=\u00bblight\u00bb text_orientation=\u00bbleft\u00bb background_position=\u00bbtop_left\u00bb background_repeat=\u00bbrepeat\u00bb background_size=\u00bbinitial\u00bb]<\/p>\n<p style=\"text-align: center;\">\u00ab&#8230;sucede hoy con el medio digital. Somos programados de nuevo a trav\u00e9s de este medio reciente, sin que captemos por entero el cambio radical de paradigma. Cojeamos tras el medio digital, que, por debajo de la decisi\u00f3n consciente, cambia decisivamente nuestra conducta, nuestra percepci\u00f3n, nuestra sensaci\u00f3n, nuestro pensamiento, nuestra convivencia. Nos embriagamos hoy con el medio digital, sin que podamos valorar por completo las consecuencias de esta embriaguez. Esta ceguera y la simult\u00e1nea obnubilaci\u00f3n constituyen la crisis actual.\u00bb<\/p>\n<p style=\"text-align: center;\"><a href=\"http:\/\/es.wikipedia.org\/wiki\/Byung-Chul_Han\" target=\"_blank\" rel=\"noopener\">Byung-Chul Han<\/a><\/p>\n<p>[\/et_pb_testimonial][et_pb_blurb title=\u00bbLeer en l\u00ednea PDF\u00bb url_new_window=\u00bbon\u00bb use_icon=\u00bbon\u00bb font_icon=\u00bb&#xe086;||divi||400&#8243; icon_color=\u00bb#ffffff\u00bb use_circle=\u00bbon\u00bb circle_color=\u00bb#8c4600&#8243; use_circle_border=\u00bboff\u00bb circle_border_color=\u00bb#8c4600&#8243; icon_placement=\u00bbtop\u00bb animation=\u00bbtop\u00bb background_layout=\u00bblight\u00bb text_orientation=\u00bbcenter\u00bb url=\u00bbhttps:\/\/manelqueralt.net\/wp-content\/uploads\/2018\/02\/WEB_Emboscall_Biblioteca_MQ_CAT_13_Brosta.pdf\u00bb background_position=\u00bbtop_left\u00bb background_repeat=\u00bbrepeat\u00bb background_size=\u00bbinitial\u00bb image_max_width=\u00bbnone\u00bb image_icon_width=\u00bb48px\u00bb image_icon_background_color=\u00bb#8c4600&#8243; image_icon_background_color__sticky_enabled=\u00bb#8c4600&#8243; image_icon_background_color__sticky=\u00bb#8c4600&#8243; border_radii_image=\u00bbon|100%|100%|100%|100%\u00bb image_icon_custom_padding=\u00bb25px|25px|25px|25px|false|false\u00bb]<\/p>\n<p>libro en catal\u00e1n<\/p>\n<p>[\/et_pb_blurb][et_pb_text background_layout=\u00bblight\u00bb text_orientation=\u00bbleft\u00bb background_position=\u00bbtop_left\u00bb background_repeat=\u00bbrepeat\u00bb background_size=\u00bbinitial\u00bb]<\/p>\n<p><iframe loading=\"lazy\" src=\"https:\/\/www.youtube.com\/embed\/9c5iXvwi4kQ?rel=0\" width=\"640\" height=\"360\" frameborder=\"0\" allowfullscreen=\"allowfullscreen\"><\/iframe><\/p>\n<p>[\/et_pb_text][\/et_pb_column][et_pb_column type=\u00bb1_3&#8243; custom_padding__hover=\u00bb|||\u00bb custom_padding=\u00bb|||\u00bb][et_pb_sidebar orientation=\u00bbleft\u00bb area=\u00bbet_pb_widget_area_4&#8243; background_layout=\u00bblight\u00bb show_border=\u00bbon\u00bb \/][\/et_pb_column][\/et_pb_row][\/et_pb_section]<\/p>\n","protected":false},"excerpt":{"rendered":"<p><div class=\"et_pb_row et_pb_row_0 et_pb_row_empty\">\n\t\t\t\t\n\t\t\t\t\n\t\t\t\t\n\t\t\t\t\n\t\t\t\t\n\t\t\t<\/div> Brosta, verd sobre verd Editado por Emboscall (2015) dentro de la colecci\u00f3n Prima Materia. Pod\u00e9is leer la cr\u00edtica en catal\u00e1n del libro \u00abManel Queralt, entre la xifra i el vers\u00bb escrita por Montse Barderi&nbsp;para el diario digital N\u00daVOL. \u00ab&#8230;sucede hoy con el medio digital. Somos programados de nuevo a trav\u00e9s de este medio reciente, [&hellip;]<\/p>\n","protected":false},"author":2,"featured_media":1105,"comment_status":"closed","ping_status":"closed","template":"","meta":{"_et_pb_use_builder":"on","_et_pb_old_content":"","_et_gb_content_width":"","footnotes":""},"project_category":[25,62,66,23],"project_tag":[],"class_list":["post-1154","project","type-project","status-publish","has-post-thumbnail","hentry","project_category-destacados","project_category-destacados-es","project_category-libro-catalan","project_category-libros-catalan"],"_links":{"self":[{"href":"https:\/\/manelqueralt.net\/es\/wp-json\/wp\/v2\/project\/1154"}],"collection":[{"href":"https:\/\/manelqueralt.net\/es\/wp-json\/wp\/v2\/project"}],"about":[{"href":"https:\/\/manelqueralt.net\/es\/wp-json\/wp\/v2\/types\/project"}],"author":[{"embeddable":true,"href":"https:\/\/manelqueralt.net\/es\/wp-json\/wp\/v2\/users\/2"}],"replies":[{"embeddable":true,"href":"https:\/\/manelqueralt.net\/es\/wp-json\/wp\/v2\/comments?post=1154"}],"version-history":[{"count":19,"href":"https:\/\/manelqueralt.net\/es\/wp-json\/wp\/v2\/project\/1154\/revisions"}],"predecessor-version":[{"id":2764,"href":"https:\/\/manelqueralt.net\/es\/wp-json\/wp\/v2\/project\/1154\/revisions\/2764"}],"wp:featuredmedia":[{"embeddable":true,"href":"https:\/\/manelqueralt.net\/es\/wp-json\/wp\/v2\/media\/1105"}],"wp:attachment":[{"href":"https:\/\/manelqueralt.net\/es\/wp-json\/wp\/v2\/media?parent=1154"}],"wp:term":[{"taxonomy":"project_category","embeddable":true,"href":"https:\/\/manelqueralt.net\/es\/wp-json\/wp\/v2\/project_category?post=1154"},{"taxonomy":"project_tag","embeddable":true,"href":"https:\/\/manelqueralt.net\/es\/wp-json\/wp\/v2\/project_tag?post=1154"}],"curies":[{"name":"wp","href":"https:\/\/api.w.org\/{rel}","templated":true}]}}

<p>[et_pb_section bb_built=»1&#8243; fullwidth=»off» specialty=»off» inner_width=»auto» inner_max_width=»1080px»][et_pb_row][et_pb_column type=»2_3&#8243; custom_padding__hover=»|||» custom_padding=»|||»][et_pb_text background_layout=»light» text_orientation=»left» background_position=»top_left» background_repeat=»repeat» background_size=»initial»]</p>
<h2>Brosta, verd sobre verd</h2>
<p>[/et_pb_text][et_pb_image show_in_lightbox=»on» url_new_window=»off» animation=»off» sticky=»off» src=»https://manelqueralt.net/wp-content/uploads/2015/10/Brosta_nomofobia.jpg» animation_style=»none» animation_duration=»1000ms» animation_intensity_slide=»50%» show_bottom_space=»on» align_last_edited=»on|desktop» align_tablet=»center» /][et_pb_text background_layout=»light» text_orientation=»left» background_position=»top_left» background_repeat=»repeat» background_size=»initial»]</p>
<p>Editado por Emboscall (2015) dentro de la colección Prima Materia. Podéis leer la crítica en catalán del libro «<a href="http://www.nuvol.com/critica/manel-queralt-entre-la-xifra-i-el-vers/" target="_blank" rel="noopener">Manel Queralt, entre la xifra i el vers</a>» escrita por <a href="http://ca.wikipedia.org/wiki/Montse_Barderi_Palau" target="_blank" rel="noopener">Montse Barderi</a>&nbsp;para el diario digital <a href="http://www.nuvol.com/" target="_blank" rel="noopener">NÚVOL</a>.</p>
<p>[/et_pb_text][et_pb_testimonial url_new_window=»on» quote_icon=»on» use_background_color=»on» background_color=»#f5f5f5&#8243; background_layout=»light» text_orientation=»left» background_position=»top_left» background_repeat=»repeat» background_size=»initial»]</p>
<p style="text-align: center;">«&#8230;sucede hoy con el medio digital. Somos programados de nuevo a través de este medio reciente, sin que captemos por entero el cambio radical de paradigma. Cojeamos tras el medio digital, que, por debajo de la decisión consciente, cambia decisivamente nuestra conducta, nuestra percepción, nuestra sensación, nuestro pensamiento, nuestra convivencia. Nos embriagamos hoy con el medio digital, sin que podamos valorar por completo las consecuencias de esta embriaguez. Esta ceguera y la simultánea obnubilación constituyen la crisis actual.»</p>
<p style="text-align: center;"><a href="http://es.wikipedia.org/wiki/Byung-Chul_Han" target="_blank" rel="noopener">Byung-Chul Han</a></p>
<p>[/et_pb_testimonial][et_pb_blurb title=»Leer en línea PDF» url_new_window=»on» use_icon=»on» font_icon=»&#xe086;||divi||400&#8243; icon_color=»#ffffff» use_circle=»on» circle_color=»#8c4600&#8243; use_circle_border=»off» circle_border_color=»#8c4600&#8243; icon_placement=»top» animation=»top» background_layout=»light» text_orientation=»center» url=»https://manelqueralt.net/wp-content/uploads/2018/02/WEB_Emboscall_Biblioteca_MQ_CAT_13_Brosta.pdf» background_position=»top_left» background_repeat=»repeat» background_size=»initial» image_max_width=»none» image_icon_width=»48px» image_icon_background_color=»#8c4600&#8243; image_icon_background_color__sticky_enabled=»#8c4600&#8243; image_icon_background_color__sticky=»#8c4600&#8243; border_radii_image=»on|100%|100%|100%|100%» image_icon_custom_padding=»25px|25px|25px|25px|false|false»]</p>
<p>libro en catalán</p>
<p>[/et_pb_blurb][et_pb_text background_layout=»light» text_orientation=»left» background_position=»top_left» background_repeat=»repeat» background_size=»initial»]</p>
<p><iframe loading="lazy" src="https://www.youtube.com/embed/9c5iXvwi4kQ?rel=0" width="640" height="360" frameborder="0" allowfullscreen="allowfullscreen"></iframe></p>
<p>[/et_pb_text][/et_pb_column][et_pb_column type=»1_3&#8243; custom_padding__hover=»|||» custom_padding=»|||»][et_pb_sidebar orientation=»left» area=»et_pb_widget_area_4&#8243; background_layout=»light» show_border=»on» /][/et_pb_column][/et_pb_row][/et_pb_section]</p>

<p><div class="et_pb_row et_pb_row_0 et_pb_row_empty">
				
				
				
				
				
			</div> Brosta, verd sobre verd Editado por Emboscall (2015) dentro de la colección Prima Materia. Podéis leer la crítica en catalán del libro «Manel Queralt, entre la xifra i el vers» escrita por Montse Barderi&nbsp;para el diario digital NÚVOL. «&#8230;sucede hoy con el medio digital. Somos programados de nuevo a través de este medio reciente, [&hellip;]</p>
