{"id":1164,"date":"2014-10-13T19:57:53","date_gmt":"2014-10-13T19:57:53","guid":{"rendered":"https:\/\/manelqueralt.net\/?post_type=project&#038;p=1164"},"modified":"2023-12-13T20:41:58","modified_gmt":"2023-12-13T19:41:58","slug":"excretoria","status":"publish","type":"project","link":"https:\/\/manelqueralt.net\/es\/project\/excretoria\/","title":{"rendered":"Excret\u00f2ria"},"content":{"rendered":"<p>[et_pb_section fullwidth=\u00bboff\u00bb specialty=\u00bboff\u00bb][et_pb_row][et_pb_column type=\u00bb2_3&#8243;][et_pb_text admin_label=\u00bbText\u00bb background_layout=\u00bblight\u00bb text_orientation=\u00bbleft\u00bb]<\/p>\n<h2>Excret\u00f2ria<\/h2>\n<p>[\/et_pb_text][et_pb_image admin_label=\u00bbImage\u00bb src=\u00bbhttps:\/\/manelqueralt.net\/wp-content\/uploads\/2015\/05\/CINE_Cara_795x597.jpg\u00bb alt=\u00bbPintura de Lola Sandoval\u00bb show_in_lightbox=\u00bbon\u00bb url_new_window=\u00bboff\u00bb animation=\u00bbleft\u00bb sticky=\u00bboff\u00bb title_text=\u00bbPintura de Lola Sandoval\u00bb \/][et_pb_text admin_label=\u00bbText\u00bb background_layout=\u00bblight\u00bb text_orientation=\u00bbleft\u00bb]Editado por Emboscall (2012) dentro de la colecci\u00f3n Prima Materia (tambi\u00e9n, versi\u00f3n online y formato digital EPUB), con pr\u00f3logo de <a href=\"http:\/\/ca.wikipedia.org\/wiki\/Miquel-Llu%C3%ADs_Muntan%C3%A9_i_Sicart\" target=\"_blank\" rel=\"noopener\">Miquel-Llu\u00eds Muntan\u00e9<\/a>&nbsp;y pinturas de <a href=\"http:\/\/www.lolasandoval.info\" target=\"_blank\" rel=\"noopener\">Lola Sandoval<\/a>. \u00abEl tiempo que te ha sido concedido es tan breve que, tan pronto com hayas perdido un segundo, habr\u00e1s perdido toda tu vida, pu\u00e9s esta no es m\u00e1s que eso: es siempre tan larga como el tiempo que pierdes.\u00bb (Kafka)[\/et_pb_text][et_pb_testimonial admin_label=\u00bbTestimonial\u00bb url_new_window=\u00bbon\u00bb quote_icon=\u00bbon\u00bb use_background_color=\u00bbon\u00bb background_color=\u00bb#f5f5f5&#8243; background_layout=\u00bblight\u00bb text_orientation=\u00bbleft\u00bb]<\/p>\n<p style=\"text-align: center;\">(Versos en Catal\u00e1n)<\/p>\n<p style=\"text-align: center;\">\u00c9s gr\u00e0cies a una relaci\u00f3\/ passional que el nad\u00f3 sent l&#8217;amor\/ intens de la mare, per\u00f2 aquesta \u00e9s\/ la ra\u00f3 per la qual quan sigui gran\/ sentir\u00e0 una nost\u00e0lgia estranya\/ -torbadora per irrecognoscible-\/ d&#8217;aquell exc\u00e9s de manyagues i plers\/ experimentats en primers contactes.\/ El desassossec l&#8217;envair\u00e0 davant\/ la idea que en reviure lligams\/ similars podria tornar a sentir\/ el dolor que la passi\u00f3 impos\u00e0\/ en l&#8217;instant de la separaci\u00f3.\/ Aquell sentiment dif\u00fas de mancan\u00e7a,\/ enquistat en l&#8217;ess\u00e8ncia del viure,\/ es far\u00e0 punyent amb el pas del temps\/ i a partir d&#8217;un dia indeterminat,\/ i gaireb\u00e9 de forma imperceptible,\/ esdevindr\u00e0, d&#8217;amor, un etern captaire.<\/p>\n<p>[\/et_pb_testimonial][et_pb_blurb admin_label=\u00bbBlurb\u00bb title=\u00bbLeer en l\u00ednea PDF\u00bb url_new_window=\u00bbon\u00bb use_icon=\u00bbon\u00bb font_icon=\u00bb\ue086\u00bb icon_color=\u00bb#ffffff\u00bb use_circle=\u00bbon\u00bb circle_color=\u00bb#8c4600&#8243; use_circle_border=\u00bboff\u00bb circle_border_color=\u00bb#8c4600&#8243; icon_placement=\u00bbtop\u00bb animation=\u00bbtop\u00bb background_layout=\u00bblight\u00bb text_orientation=\u00bbcenter\u00bb url=\u00bbhttps:\/\/manelqueralt.net\/wp-content\/uploads\/2018\/03\/WEB_Emboscall_Biblioteca_MQ_CAT_12_Excretoria.pdf\u00bb]libro en catal\u00e1n[\/et_pb_blurb][\/et_pb_column][et_pb_column type=\u00bb1_3&#8243;][et_pb_sidebar admin_label=\u00bbSidebar\u00bb orientation=\u00bbleft\u00bb area=\u00bbet_pb_widget_area_4&#8243; background_layout=\u00bblight\u00bb \/][\/et_pb_column][\/et_pb_row][et_pb_row][et_pb_column type=\u00bb1_3&#8243;][\/et_pb_column][et_pb_column type=\u00bb1_3&#8243;][\/et_pb_column][et_pb_column type=\u00bb1_3&#8243;][\/et_pb_column][\/et_pb_row][\/et_pb_section]<\/p>\n","protected":false},"excerpt":{"rendered":"<p><div class=\"et_pb_row et_pb_row_0 et_pb_row_empty\">\n\t\t\t\t\n\t\t\t\t\n\t\t\t\t\n\t\t\t\t\n\t\t\t\t\n\t\t\t<\/div> Excret\u00f2ria Editado por Emboscall (2012) dentro de la colecci\u00f3n Prima Materia (tambi\u00e9n, versi\u00f3n online y formato digital EPUB), con pr\u00f3logo de Miquel-Llu\u00eds Muntan\u00e9&nbsp;y pinturas de Lola Sandoval. \u00abEl tiempo que te ha sido concedido es tan breve que, tan pronto com hayas perdido un segundo, habr\u00e1s perdido toda tu vida, pu\u00e9s esta no es [&hellip;]<\/p>\n","protected":false},"author":2,"featured_media":1167,"comment_status":"closed","ping_status":"closed","template":"","meta":{"_et_pb_use_builder":"on","_et_pb_old_content":"<p>Editat per Emboscall dins de la col\u00b7lecci\u00f3 Prima Materia (versi\u00f3 on line i format digital EPUB), amb pr\u00f2leg de Miquel-Llu\u00eds Muntan\u00e9 i pintures de (Lola Sandoval). El temps que t'ha estat concedit \u00e9s tan breu que, tan aviat com hagis perdut un segon, haur\u00e0s perdut tota la teva vida, doncs aquesta no \u00e9s m\u00e9s que aix\u00f2: \u00e9s sempre tan llarga com el temps que perds (Kafka).<\/p><p><a class=\"aligncenter ico_pdf\" href=\"https:\/\/manelqueralt.net\/wp-content\/uploads\/2015\/02\/ico_download_book.png\"><img src=\"https:\/\/manelqueralt.net\/wp-content\/uploads\/2015\/02\/ico_download_book.png\" alt=\"Bajar libro\" width=\"100\" height=\"100\" \/><br \/> descarregar el llibre<\/a><\/p><h3>ALGUNS POEMES<\/h3><p>27<br \/> \u00a8\u00a8\u00a8\u00a8\u00a8\u00a8\u00a8\u00a8\u00a8\u00a8\u00a8\u00a8\u00a8\u00a8\u00a8\u00a8\u00a8\u00a8\u00a8\u00a8\u00a8\u00a8\u00a8\u00a8\u00a8\u00a8\u00a8\u00a8\u00a8<br \/> \u00c9s gr\u00e0cies a una relaci\u00f3<br \/> passional que el nad\u00f3 sent l'amor<br \/> intens de la mare, per\u00f2 aquesta \u00e9s<br \/> la ra\u00f3 per la qual quan sigui gran<br \/> sentir\u00e0 una nost\u00e0lgia estranya<br \/> \"torbadora per irrecognoscible\"<br \/> d'aquell exc\u00e9s de manyagues i plers<br \/> experimentats en primers contactes.<br \/> El desassossec l'envair\u00e0 davant<br \/> la idea que en reviure lligams<br \/> similars podria tornar a sentir<br \/> el dolor que la passi\u00f3 impos\u00e0<br \/> en l'instant de la separaci\u00f3.<br \/> Aquell sentiment dif\u00fas de mancan\u00e7a,<br \/> enquistat en l'ess\u00e8ncia del viure,<br \/> es far\u00e0 punyent amb el pas del temps<br \/> i a partir d'un dia indeterminat,<br \/> i gaireb\u00e9 de forma imperceptible,<br \/> esdevindr\u00e0, d'amor, un etern captaire.<br \/> \u00a8\u00a8\u00a8\u00a8\u00a8\u00a8\u00a8\u00a8\u00a8\u00a8\u00a8\u00a8\u00a8\u00a8\u00a8\u00a8\u00a8\u00a8\u00a8\u00a8\u00a8\u00a8\u00a8\u00a8\u00a8\u00a8\u00a8\u00a8\u00a8<\/p><p>07<br \/> \u00a8\u00a8\u00a8\u00a8\u00a8\u00a8\u00a8\u00a8\u00a8\u00a8\u00a8\u00a8\u00a8\u00a8\u00a8\u00a8\u00a8\u00a8\u00a8\u00a8\u00a8\u00a8\u00a8\u00a8\u00a8\u00a8\u00a8\u00a8\u00a8<br \/> Una urpada dins la tempesta obscura<br \/> esquin\u00e7a la negror d'aquest seu temps.<br \/> Tensi\u00f3 entre cos i n\u00favols, un llamp<br \/> fendeix l'aire i cruix de pur sofriment.<br \/> Calafat per un cel que esputa brea,<br \/> sol a l'erm i a aixopluc de si mateix,<br \/> dilu\u00eft s'integra al desert paisatge:<br \/> trista mim\u00e8tica dins el no-res.<br \/> \u00a8\u00a8\u00a8\u00a8\u00a8\u00a8\u00a8\u00a8\u00a8\u00a8\u00a8\u00a8\u00a8\u00a8\u00a8\u00a8\u00a8\u00a8\u00a8\u00a8\u00a8\u00a8\u00a8\u00a8\u00a8\u00a8\u00a8\u00a8\u00a8<\/p>","_et_gb_content_width":"","footnotes":""},"project_category":[25,66,23],"project_tag":[],"class_list":["post-1164","project","type-project","status-publish","has-post-thumbnail","hentry","project_category-destacados","project_category-libro-catalan","project_category-libros-catalan"],"_links":{"self":[{"href":"https:\/\/manelqueralt.net\/es\/wp-json\/wp\/v2\/project\/1164"}],"collection":[{"href":"https:\/\/manelqueralt.net\/es\/wp-json\/wp\/v2\/project"}],"about":[{"href":"https:\/\/manelqueralt.net\/es\/wp-json\/wp\/v2\/types\/project"}],"author":[{"embeddable":true,"href":"https:\/\/manelqueralt.net\/es\/wp-json\/wp\/v2\/users\/2"}],"replies":[{"embeddable":true,"href":"https:\/\/manelqueralt.net\/es\/wp-json\/wp\/v2\/comments?post=1164"}],"version-history":[{"count":11,"href":"https:\/\/manelqueralt.net\/es\/wp-json\/wp\/v2\/project\/1164\/revisions"}],"predecessor-version":[{"id":2287,"href":"https:\/\/manelqueralt.net\/es\/wp-json\/wp\/v2\/project\/1164\/revisions\/2287"}],"wp:featuredmedia":[{"embeddable":true,"href":"https:\/\/manelqueralt.net\/es\/wp-json\/wp\/v2\/media\/1167"}],"wp:attachment":[{"href":"https:\/\/manelqueralt.net\/es\/wp-json\/wp\/v2\/media?parent=1164"}],"wp:term":[{"taxonomy":"project_category","embeddable":true,"href":"https:\/\/manelqueralt.net\/es\/wp-json\/wp\/v2\/project_category?post=1164"},{"taxonomy":"project_tag","embeddable":true,"href":"https:\/\/manelqueralt.net\/es\/wp-json\/wp\/v2\/project_tag?post=1164"}],"curies":[{"name":"wp","href":"https:\/\/api.w.org\/{rel}","templated":true}]}}

Excretòria

<p>[et_pb_section fullwidth=»off» specialty=»off»][et_pb_row][et_pb_column type=»2_3&#8243;][et_pb_text admin_label=»Text» background_layout=»light» text_orientation=»left»]</p>
<h2>Excretòria</h2>
<p>[/et_pb_text][et_pb_image admin_label=»Image» src=»https://manelqueralt.net/wp-content/uploads/2015/05/CINE_Cara_795x597.jpg» alt=»Pintura de Lola Sandoval» show_in_lightbox=»on» url_new_window=»off» animation=»left» sticky=»off» title_text=»Pintura de Lola Sandoval» /][et_pb_text admin_label=»Text» background_layout=»light» text_orientation=»left»]Editado por Emboscall (2012) dentro de la colección Prima Materia (también, versión online y formato digital EPUB), con prólogo de <a href="http://ca.wikipedia.org/wiki/Miquel-Llu%C3%ADs_Muntan%C3%A9_i_Sicart" target="_blank" rel="noopener">Miquel-Lluís Muntané</a>&nbsp;y pinturas de <a href="http://www.lolasandoval.info" target="_blank" rel="noopener">Lola Sandoval</a>. «El tiempo que te ha sido concedido es tan breve que, tan pronto com hayas perdido un segundo, habrás perdido toda tu vida, pués esta no es más que eso: es siempre tan larga como el tiempo que pierdes.» (Kafka)[/et_pb_text][et_pb_testimonial admin_label=»Testimonial» url_new_window=»on» quote_icon=»on» use_background_color=»on» background_color=»#f5f5f5&#8243; background_layout=»light» text_orientation=»left»]</p>
<p style="text-align: center;">(Versos en Catalán)</p>
<p style="text-align: center;">És gràcies a una relació/ passional que el nadó sent l&#8217;amor/ intens de la mare, però aquesta és/ la raó per la qual quan sigui gran/ sentirà una nostàlgia estranya/ -torbadora per irrecognoscible-/ d&#8217;aquell excés de manyagues i plers/ experimentats en primers contactes./ El desassossec l&#8217;envairà davant/ la idea que en reviure lligams/ similars podria tornar a sentir/ el dolor que la passió imposà/ en l&#8217;instant de la separació./ Aquell sentiment difús de mancança,/ enquistat en l&#8217;essència del viure,/ es farà punyent amb el pas del temps/ i a partir d&#8217;un dia indeterminat,/ i gairebé de forma imperceptible,/ esdevindrà, d&#8217;amor, un etern captaire.</p>
<p>[/et_pb_testimonial][et_pb_blurb admin_label=»Blurb» title=»Leer en línea PDF» url_new_window=»on» use_icon=»on» font_icon=»» icon_color=»#ffffff» use_circle=»on» circle_color=»#8c4600&#8243; use_circle_border=»off» circle_border_color=»#8c4600&#8243; icon_placement=»top» animation=»top» background_layout=»light» text_orientation=»center» url=»https://manelqueralt.net/wp-content/uploads/2018/03/WEB_Emboscall_Biblioteca_MQ_CAT_12_Excretoria.pdf»]libro en catalán[/et_pb_blurb][/et_pb_column][et_pb_column type=»1_3&#8243;][et_pb_sidebar admin_label=»Sidebar» orientation=»left» area=»et_pb_widget_area_4&#8243; background_layout=»light» /][/et_pb_column][/et_pb_row][et_pb_row][et_pb_column type=»1_3&#8243;][/et_pb_column][et_pb_column type=»1_3&#8243;][/et_pb_column][et_pb_column type=»1_3&#8243;][/et_pb_column][/et_pb_row][/et_pb_section]</p>

<p><div class="et_pb_row et_pb_row_0 et_pb_row_empty">
				
				
				
				
				
			</div> Excretòria Editado por Emboscall (2012) dentro de la colección Prima Materia (también, versión online y formato digital EPUB), con prólogo de Miquel-Lluís Muntané&nbsp;y pinturas de Lola Sandoval. «El tiempo que te ha sido concedido es tan breve que, tan pronto com hayas perdido un segundo, habrás perdido toda tu vida, pués esta no es [&hellip;]</p>

<p>Editat per Emboscall dins de la col·lecció Prima Materia (versió on line i format digital EPUB), amb pròleg de Miquel-Lluís Muntané i pintures de (Lola Sandoval). El temps que t'ha estat concedit és tan breu que, tan aviat com hagis perdut un segon, hauràs perdut tota la teva vida, doncs aquesta no és més que això: és sempre tan llarga com el temps que perds (Kafka).</p><p><a class="aligncenter ico_pdf" href="https://manelqueralt.net/wp-content/uploads/2015/02/ico_download_book.png"><img src="https://manelqueralt.net/wp-content/uploads/2015/02/ico_download_book.png" alt="Bajar libro" width="100" height="100" /><br /> descarregar el llibre</a></p><h3>ALGUNS POEMES</h3><p>27<br /> ¨¨¨¨¨¨¨¨¨¨¨¨¨¨¨¨¨¨¨¨¨¨¨¨¨¨¨¨¨<br /> És gràcies a una relació<br /> passional que el nadó sent l'amor<br /> intens de la mare, però aquesta és<br /> la raó per la qual quan sigui gran<br /> sentirà una nostàlgia estranya<br /> "torbadora per irrecognoscible"<br /> d'aquell excés de manyagues i plers<br /> experimentats en primers contactes.<br /> El desassossec l'envairà davant<br /> la idea que en reviure lligams<br /> similars podria tornar a sentir<br /> el dolor que la passió imposà<br /> en l'instant de la separació.<br /> Aquell sentiment difús de mancança,<br /> enquistat en l'essència del viure,<br /> es farà punyent amb el pas del temps<br /> i a partir d'un dia indeterminat,<br /> i gairebé de forma imperceptible,<br /> esdevindrà, d'amor, un etern captaire.<br /> ¨¨¨¨¨¨¨¨¨¨¨¨¨¨¨¨¨¨¨¨¨¨¨¨¨¨¨¨¨</p><p>07<br /> ¨¨¨¨¨¨¨¨¨¨¨¨¨¨¨¨¨¨¨¨¨¨¨¨¨¨¨¨¨<br /> Una urpada dins la tempesta obscura<br /> esquinça la negror d'aquest seu temps.<br /> Tensió entre cos i núvols, un llamp<br /> fendeix l'aire i cruix de pur sofriment.<br /> Calafat per un cel que esputa brea,<br /> sol a l'erm i a aixopluc de si mateix,<br /> diluït s'integra al desert paisatge:<br /> trista mimètica dins el no-res.<br /> ¨¨¨¨¨¨¨¨¨¨¨¨¨¨¨¨¨¨¨¨¨¨¨¨¨¨¨¨¨</p>
