{"id":1172,"date":"2014-10-12T19:59:45","date_gmt":"2014-10-12T19:59:45","guid":{"rendered":"https:\/\/manelqueralt.net\/?post_type=project&#038;p=1172"},"modified":"2023-12-13T20:42:44","modified_gmt":"2023-12-13T19:42:44","slug":"fora-en-estat-de-sense-sostre","status":"publish","type":"project","link":"https:\/\/manelqueralt.net\/es\/project\/fora-en-estat-de-sense-sostre\/","title":{"rendered":"Fora (en estat de sense sostre)"},"content":{"rendered":"<p>[et_pb_section fullwidth=\u00bboff\u00bb specialty=\u00bboff\u00bb][et_pb_row][et_pb_column type=\u00bb2_3&#8243;][et_pb_text admin_label=\u00bbText\u00bb background_layout=\u00bblight\u00bb text_orientation=\u00bbleft\u00bb]<\/p>\n<h2>Fora (en estat de sense sostre)<\/h2>\n<p>[\/et_pb_text][et_pb_image admin_label=\u00bbImage\u00bb src=\u00bbhttps:\/\/manelqueralt.net\/wp-content\/uploads\/2015\/04\/Homeless_Paris_795x597.jpg\u00bb alt=\u00bbSense sostre a Par\u00eds\u00bb show_in_lightbox=\u00bbon\u00bb url_new_window=\u00bboff\u00bb animation=\u00bbleft\u00bb sticky=\u00bboff\u00bb title_text=\u00bbSense sostre a Par\u00eds\u00bb \/][et_pb_text admin_label=\u00bbText\u00bb background_layout=\u00bblight\u00bb text_orientation=\u00bbleft\u00bb]Editado por Emboscall dentro de la colecci\u00f3n Prima Materia. Este es un libro dedicado a <a href=\"http:\/\/www.arrelsfundacio.org\/es\" target=\"_blank\" rel=\"noopener\">Arrels Fundaci\u00f3<\/a>: \u00abNadie durmiendo en la calle\u00bb.[\/et_pb_text][et_pb_testimonial admin_label=\u00bbTestimonial\u00bb url_new_window=\u00bbon\u00bb quote_icon=\u00bbon\u00bb use_background_color=\u00bbon\u00bb background_color=\u00bb#f5f5f5&#8243; background_layout=\u00bblight\u00bb text_orientation=\u00bbcenter\u00bb author=\u00bbSalvador Busquets\u00bb]<\/p>\n<p style=\"text-align: center;\">Es un proceso de lenta muerte. La persona constata la imposibilidad de llevar a cabo sus anhelos m\u00e1s vitales. Junto a la pobreza econ\u00f3mica aparece la pobreza relacional: no ser nada para nadie.<\/p>\n<p style=\"text-align: center;\"><em>Nuestros vecinos de la calle<\/em><\/p>\n<p>[\/et_pb_testimonial][et_pb_blurb admin_label=\u00bbBlurb\u00bb title=\u00bbLeer en l\u00ednea PDF\u00bb url_new_window=\u00bbon\u00bb use_icon=\u00bbon\u00bb font_icon=\u00bb\ue086\u00bb icon_color=\u00bb#ffffff\u00bb use_circle=\u00bbon\u00bb circle_color=\u00bb#8c4600&#8243; use_circle_border=\u00bboff\u00bb circle_border_color=\u00bb#8c4600&#8243; icon_placement=\u00bbtop\u00bb animation=\u00bbtop\u00bb background_layout=\u00bblight\u00bb text_orientation=\u00bbcenter\u00bb url=\u00bbhttps:\/\/manelqueralt.net\/wp-content\/uploads\/2018\/03\/WEB_Emboscall_Biblioteca_MQ_CAT_11_Fora.pdf\u00bb]libro en catal\u00e1n[\/et_pb_blurb][et_pb_text admin_label=\u00bbText\u00bb background_layout=\u00bblight\u00bb text_orientation=\u00bbleft\u00bb]<strong><a href=\"https:\/\/manelqueralt.net\/wp-content\/uploads\/2015\/05\/Arrels_Logo.jpg\"><img loading=\"lazy\" decoding=\"async\" class=\"size-full wp-image-839 alignleft\" src=\"https:\/\/manelqueralt.net\/wp-content\/uploads\/2015\/05\/Arrels_Logo.jpg\" alt=\"Arrels_Logo\" width=\"169\" height=\"40\" \/><\/a><\/strong><\/p>\n<p>Cada letra es \u00fanica, como cada uno de nosotros. Por eso hemos creado una serie de tipograf\u00edas a partir de la letra de personas que han vivido en las calles de Barcelona. Letras con historia y personalidad que puedes utilizar para ayudar a las 1.400 personas sin hogar que atendemos cada a\u00f1o. Conoce el proyecto\u00a0<a href=\"http:\/\/www.homelessfonts.org\/\" target=\"_blank\" rel=\"noopener\">homelessfonts.org<\/a><\/p>\n<p><iframe loading=\"lazy\" src=\"https:\/\/www.youtube.com\/embed\/NhT63AB_wsc?rel=0\" width=\"560\" height=\"315\" frameborder=\"0\" allowfullscreen=\"allowfullscreen\"><\/iframe>[\/et_pb_text][\/et_pb_column][et_pb_column type=\u00bb1_3&#8243;][et_pb_sidebar admin_label=\u00bbSidebar\u00bb orientation=\u00bbleft\u00bb area=\u00bbet_pb_widget_area_4&#8243; background_layout=\u00bblight\u00bb \/][\/et_pb_column][\/et_pb_row][et_pb_row][et_pb_column type=\u00bb1_3&#8243;][\/et_pb_column][et_pb_column type=\u00bb1_3&#8243;][\/et_pb_column][et_pb_column type=\u00bb1_3&#8243;][\/et_pb_column][\/et_pb_row][\/et_pb_section]<\/p>\n","protected":false},"excerpt":{"rendered":"<p><div class=\"et_pb_row et_pb_row_0 et_pb_row_empty\">\n\t\t\t\t\n\t\t\t\t\n\t\t\t\t\n\t\t\t\t\n\t\t\t\t\n\t\t\t<\/div> Fora (en estat de sense sostre) Editado por Emboscall dentro de la colecci\u00f3n Prima Materia. Este es un libro dedicado a Arrels Fundaci\u00f3: \u00abNadie durmiendo en la calle\u00bb. Es un proceso de lenta muerte. La persona constata la imposibilidad de llevar a cabo sus anhelos m\u00e1s vitales. Junto a la pobreza econ\u00f3mica aparece la [&hellip;]<\/p>\n","protected":false},"author":2,"featured_media":1175,"comment_status":"closed","ping_status":"closed","template":"","meta":{"_et_pb_use_builder":"on","_et_pb_old_content":"Editat per Emboscall (<a href=\"http:\/\/emboscall-primamateria.blogspot.com\/2011\/02\/fora-en-estat-de-sense-sostre.html\"><span style=\"text-decoration: underline;\">blog<\/span><\/a>) dins de la col\u00b7lecci\u00f3 <b>Prima Materia<\/b> (n\u00fam 79). <i>\u00c9s un proc\u00e9s de lenta mort. La persona constata la impossibilitat de dur a terme els seus anhels m\u00e9s vitals. Al costat de la pobresa econ\u00f2mica, apareix la pobresa relacional: no ser res per a ning\u00fa.<\/i>\r\n\r\n\u00a8\u00a8\u00a8\u00a8\u00a8\u00a8\u00a8\u00a8\u00a8\u00a8\u00a8\u00a8\u00a8\u00a8\u00a8\u00a8\u00a8\u00a8\u00a8\u00a8\u00a8\u00a8\u00a8\u00a8\u00a8\u00a8\u00a8\u00a8\u00a8\r\n(Fins llavors no va saber realment\r\nel sentit d'aquella paraula: fora!\r\nEs qued\u00e0 palplantat davant la porta\r\nsense entendre com hi havia arribat.\r\nS'apag\u00e0 el llum al repl\u00e0 d'una vida.\r\nHi rest\u00e0 llarga estona i a les fosques,\r\nmentre a dins se sentia el dia a dia.\r\nOrfe d'espai vital, baix\u2039\u00e0 en silenci\r\nels graons del seu compte enrere cap\r\na un a fora, un vast i infinit a fora.)\r\n\u00a8\u00a8\u00a8\u00a8\u00a8\u00a8\u00a8\u00a8\u00a8\u00a8\u00a8\u00a8\u00a8\u00a8\u00a8\u00a8\u00a8\u00a8\u00a8\u00a8\u00a8\u00a8\u00a8\u00a8\u00a8\u00a8\u00a8\u00a8\u00a8\r\n\r\n\u00a8\u00a8\u00a8\u00a8\u00a8\u00a8\u00a8\u00a8\u00a8\u00a8\u00a8\u00a8\u00a8\u00a8\u00a8\u00a8\u00a8\u00a8\u00a8\u00a8\u00a8\u00a8\u00a8\u00a8\u00a8\u00a8\u00a8\u00a8\u00a8\r\n(Fora no sap on anar ni on tornar,\r\nvagareja tot seguint un programa\r\nencara que no tingui cap sentit.\r\nConvertir el perdre's en pura rutina,\r\nuna manera de mantenir un ordre\r\nper in\u00e8rcia, pel seu propi pes,\r\nque no requereixi l'esfor\u00e7 continu\r\ni insuportable de seguir vivint.)\r\n\u00a8\u00a8\u00a8\u00a8\u00a8\u00a8\u00a8\u00a8\u00a8\u00a8\u00a8\u00a8\u00a8\u00a8\u00a8\u00a8\u00a8\u00a8\u00a8\u00a8\u00a8\u00a8\u00a8\u00a8\u00a8\u00a8\u00a8\u00a8\u00a8\r\n\r\n\u00a8\u00a8\u00a8\u00a8\u00a8\u00a8\u00a8\u00a8\u00a8\u00a8\u00a8\u00a8\u00a8\u00a8\u00a8\u00a8\u00a8\u00a8\u00a8\u00a8\u00a8\u00a8\u00a8\u00a8\u00a8\u00a8\u00a8\u00a8\u00a8\r\n(Comen\u00e7a a beure i \u00e9s per por, per por\r\na viure al carrer i dormir al ras, nits fredes;\r\nsegueix mamant per enganyar la gana\r\ni mitigar els pensaments que el torturen;\r\ni acaba bevent tothora perqu\u00e8\r\nmale\u008dt\u00eft sia! no sap com deixar-ho.)\r\n\u00a8\u00a8\u00a8\u00a8\u00a8\u00a8\u00a8\u00a8\u00a8\u00a8\u00a8\u00a8\u00a8\u00a8\u00a8\u00a8\u00a8\u00a8\u00a8\u00a8\u00a8\u00a8\u00a8\u00a8\u00a8\u00a8\u00a8\u00a8\u00a8","_et_gb_content_width":"","footnotes":""},"project_category":[25,62,66,23],"project_tag":[],"class_list":["post-1172","project","type-project","status-publish","has-post-thumbnail","hentry","project_category-destacados","project_category-destacados-es","project_category-libro-catalan","project_category-libros-catalan"],"_links":{"self":[{"href":"https:\/\/manelqueralt.net\/es\/wp-json\/wp\/v2\/project\/1172"}],"collection":[{"href":"https:\/\/manelqueralt.net\/es\/wp-json\/wp\/v2\/project"}],"about":[{"href":"https:\/\/manelqueralt.net\/es\/wp-json\/wp\/v2\/types\/project"}],"author":[{"embeddable":true,"href":"https:\/\/manelqueralt.net\/es\/wp-json\/wp\/v2\/users\/2"}],"replies":[{"embeddable":true,"href":"https:\/\/manelqueralt.net\/es\/wp-json\/wp\/v2\/comments?post=1172"}],"version-history":[{"count":16,"href":"https:\/\/manelqueralt.net\/es\/wp-json\/wp\/v2\/project\/1172\/revisions"}],"predecessor-version":[{"id":2291,"href":"https:\/\/manelqueralt.net\/es\/wp-json\/wp\/v2\/project\/1172\/revisions\/2291"}],"wp:featuredmedia":[{"embeddable":true,"href":"https:\/\/manelqueralt.net\/es\/wp-json\/wp\/v2\/media\/1175"}],"wp:attachment":[{"href":"https:\/\/manelqueralt.net\/es\/wp-json\/wp\/v2\/media?parent=1172"}],"wp:term":[{"taxonomy":"project_category","embeddable":true,"href":"https:\/\/manelqueralt.net\/es\/wp-json\/wp\/v2\/project_category?post=1172"},{"taxonomy":"project_tag","embeddable":true,"href":"https:\/\/manelqueralt.net\/es\/wp-json\/wp\/v2\/project_tag?post=1172"}],"curies":[{"name":"wp","href":"https:\/\/api.w.org\/{rel}","templated":true}]}}

<p>[et_pb_section fullwidth=»off» specialty=»off»][et_pb_row][et_pb_column type=»2_3&#8243;][et_pb_text admin_label=»Text» background_layout=»light» text_orientation=»left»]</p>
<h2>Fora (en estat de sense sostre)</h2>
<p>[/et_pb_text][et_pb_image admin_label=»Image» src=»https://manelqueralt.net/wp-content/uploads/2015/04/Homeless_Paris_795x597.jpg» alt=»Sense sostre a París» show_in_lightbox=»on» url_new_window=»off» animation=»left» sticky=»off» title_text=»Sense sostre a París» /][et_pb_text admin_label=»Text» background_layout=»light» text_orientation=»left»]Editado por Emboscall dentro de la colección Prima Materia. Este es un libro dedicado a <a href="http://www.arrelsfundacio.org/es" target="_blank" rel="noopener">Arrels Fundació</a>: «Nadie durmiendo en la calle».[/et_pb_text][et_pb_testimonial admin_label=»Testimonial» url_new_window=»on» quote_icon=»on» use_background_color=»on» background_color=»#f5f5f5&#8243; background_layout=»light» text_orientation=»center» author=»Salvador Busquets»]</p>
<p style="text-align: center;">Es un proceso de lenta muerte. La persona constata la imposibilidad de llevar a cabo sus anhelos más vitales. Junto a la pobreza económica aparece la pobreza relacional: no ser nada para nadie.</p>
<p style="text-align: center;"><em>Nuestros vecinos de la calle</em></p>
<p>[/et_pb_testimonial][et_pb_blurb admin_label=»Blurb» title=»Leer en línea PDF» url_new_window=»on» use_icon=»on» font_icon=»» icon_color=»#ffffff» use_circle=»on» circle_color=»#8c4600&#8243; use_circle_border=»off» circle_border_color=»#8c4600&#8243; icon_placement=»top» animation=»top» background_layout=»light» text_orientation=»center» url=»https://manelqueralt.net/wp-content/uploads/2018/03/WEB_Emboscall_Biblioteca_MQ_CAT_11_Fora.pdf»]libro en catalán[/et_pb_blurb][et_pb_text admin_label=»Text» background_layout=»light» text_orientation=»left»]<strong><a href="https://manelqueralt.net/wp-content/uploads/2015/05/Arrels_Logo.jpg"><img loading="lazy" decoding="async" class="size-full wp-image-839 alignleft" src="https://manelqueralt.net/wp-content/uploads/2015/05/Arrels_Logo.jpg" alt="Arrels_Logo" width="169" height="40" /></a></strong></p>
<p>Cada letra es única, como cada uno de nosotros. Por eso hemos creado una serie de tipografías a partir de la letra de personas que han vivido en las calles de Barcelona. Letras con historia y personalidad que puedes utilizar para ayudar a las 1.400 personas sin hogar que atendemos cada año. Conoce el proyecto <a href="http://www.homelessfonts.org/" target="_blank" rel="noopener">homelessfonts.org</a></p>
<p><iframe loading="lazy" src="https://www.youtube.com/embed/NhT63AB_wsc?rel=0" width="560" height="315" frameborder="0" allowfullscreen="allowfullscreen"></iframe>[/et_pb_text][/et_pb_column][et_pb_column type=»1_3&#8243;][et_pb_sidebar admin_label=»Sidebar» orientation=»left» area=»et_pb_widget_area_4&#8243; background_layout=»light» /][/et_pb_column][/et_pb_row][et_pb_row][et_pb_column type=»1_3&#8243;][/et_pb_column][et_pb_column type=»1_3&#8243;][/et_pb_column][et_pb_column type=»1_3&#8243;][/et_pb_column][/et_pb_row][/et_pb_section]</p>

<p><div class="et_pb_row et_pb_row_0 et_pb_row_empty">
				
				
				
				
				
			</div> Fora (en estat de sense sostre) Editado por Emboscall dentro de la colección Prima Materia. Este es un libro dedicado a Arrels Fundació: «Nadie durmiendo en la calle». Es un proceso de lenta muerte. La persona constata la imposibilidad de llevar a cabo sus anhelos más vitales. Junto a la pobreza económica aparece la [&hellip;]</p>

Editat per Emboscall (<a href="http://emboscall-primamateria.blogspot.com/2011/02/fora-en-estat-de-sense-sostre.html"><span style="text-decoration: underline;">blog</span></a>) dins de la col·lecció <b>Prima Materia</b> (núm 79). <i>És un procés de lenta mort. La persona constata la impossibilitat de dur a terme els seus anhels més vitals. Al costat de la pobresa econòmica, apareix la pobresa relacional: no ser res per a ningú.</i>

¨¨¨¨¨¨¨¨¨¨¨¨¨¨¨¨¨¨¨¨¨¨¨¨¨¨¨¨¨
(Fins llavors no va saber realment
el sentit d'aquella paraula: fora!
Es quedà palplantat davant la porta
sense entendre com hi havia arribat.
S'apagà el llum al replà d'una vida.
Hi restà llarga estona i a les fosques,
mentre a dins se sentia el dia a dia.
Orfe d'espai vital, baix‹à en silenci
els graons del seu compte enrere cap
a un a fora, un vast i infinit a fora.)
¨¨¨¨¨¨¨¨¨¨¨¨¨¨¨¨¨¨¨¨¨¨¨¨¨¨¨¨¨

¨¨¨¨¨¨¨¨¨¨¨¨¨¨¨¨¨¨¨¨¨¨¨¨¨¨¨¨¨
(Fora no sap on anar ni on tornar,
vagareja tot seguint un programa
encara que no tingui cap sentit.
Convertir el perdre's en pura rutina,
una manera de mantenir un ordre
per inèrcia, pel seu propi pes,
que no requereixi l'esforç continu
i insuportable de seguir vivint.)
¨¨¨¨¨¨¨¨¨¨¨¨¨¨¨¨¨¨¨¨¨¨¨¨¨¨¨¨¨

¨¨¨¨¨¨¨¨¨¨¨¨¨¨¨¨¨¨¨¨¨¨¨¨¨¨¨¨¨
(Comença a beure i és per por, per por
a viure al carrer i dormir al ras, nits fredes;
segueix mamant per enganyar la gana
i mitigar els pensaments que el torturen;
i acaba bevent tothora perquè
maletït sia! no sap com deixar-ho.)
¨¨¨¨¨¨¨¨¨¨¨¨¨¨¨¨¨¨¨¨¨¨¨¨¨¨¨¨¨
