{"id":1226,"date":"2014-10-07T20:18:31","date_gmt":"2014-10-07T20:18:31","guid":{"rendered":"https:\/\/manelqueralt.net\/?post_type=project&#038;p=1226"},"modified":"2023-12-13T20:48:08","modified_gmt":"2023-12-13T19:48:08","slug":"nicis-2","status":"publish","type":"project","link":"https:\/\/manelqueralt.net\/es\/project\/nicis-2\/","title":{"rendered":"Nicis"},"content":{"rendered":"<p>[et_pb_section fullwidth=\u00bboff\u00bb specialty=\u00bboff\u00bb][et_pb_row][et_pb_column type=\u00bb2_3&#8243;][et_pb_text admin_label=\u00bbText\u00bb background_layout=\u00bblight\u00bb text_orientation=\u00bbleft\u00bb]<\/p>\n<h2>Nicis<\/h2>\n<p>[\/et_pb_text][et_pb_image admin_label=\u00bbImage\u00bb src=\u00bbhttps:\/\/manelqueralt.net\/wp-content\/uploads\/2015\/02\/imagen_nicis2.jpg\u00bb alt=\u00bbDibujo de Enric Huguet Arias\u00bb show_in_lightbox=\u00bbon\u00bb url_new_window=\u00bboff\u00bb animation=\u00bboff\u00bb sticky=\u00bboff\u00bb title_text=\u00bbDibujo de Enric Huguet Arias\u00bb \/][et_pb_text admin_label=\u00bbText\u00bb background_layout=\u00bblight\u00bb text_orientation=\u00bbleft\u00bb]Editado por la editorial Emboscall (2004) en la colecci\u00f3n <em>El taller de poesia<\/em>. Segunda edici\u00f3n en catal\u00e1n publicada en A furt \u2013 Obra po\u00e8tica 1990-2006 (2007, Emboscall).[\/et_pb_text][et_pb_testimonial admin_label=\u00bbTestimonial\u00bb url_new_window=\u00bbon\u00bb quote_icon=\u00bbon\u00bb use_background_color=\u00bbon\u00bb background_color=\u00bb#f5f5f5&#8243; background_layout=\u00bblight\u00bb text_orientation=\u00bbcenter\u00bb]<\/p>\n<p style=\"text-align: center;\">\u00ab<em>La necedad no es una excepci\u00f3n, una casualidad, un defecto; no es un fen\u00f3meno, por decirlo de alguna manera, cuantitativo, la falta de unas cuantas mol\u00e9culas de inteligencia que podr\u00eda rectificarse mediante la instrucci\u00f3n; es incurable; est\u00e1 presente en todas partes, en el pensamiento tanto de los necios como los genios, forma parte indisociable de la &#8216;naturaleza humana&#8217; &#8230; est\u00e1 constantemente con el hombre: en la penumbra de los dormitorios y en las tribunas iluminadas de la Historia.<\/em>\u00ab<\/p>\n<p style=\"text-align: center;\"><a href=\"https:\/\/es.wikipedia.org\/wiki\/Milan_Kundera\" target=\"_blank\" rel=\"noopener\">Milan Kundera<\/a><\/p>\n<p>[\/et_pb_testimonial][et_pb_blurb admin_label=\u00bbBlurb\u00bb title=\u00bbLeer en l\u00ednea PDF\u00bb url_new_window=\u00bbon\u00bb use_icon=\u00bbon\u00bb font_icon=\u00bb\ue086\u00bb icon_color=\u00bb#ffffff\u00bb use_circle=\u00bbon\u00bb circle_color=\u00bb#8c4600&#8243; use_circle_border=\u00bboff\u00bb circle_border_color=\u00bb#8c4600&#8243; icon_placement=\u00bbtop\u00bb animation=\u00bbtop\u00bb background_layout=\u00bblight\u00bb text_orientation=\u00bbcenter\u00bb url=\u00bbhttps:\/\/manelqueralt.net\/wp-content\/uploads\/2018\/03\/WEB_Emboscall_Biblioteca_MQ_CAT_07_Nicis.pdf\u00bb]libro en catal\u00e1n[\/et_pb_blurb][\/et_pb_column][et_pb_column type=\u00bb1_3&#8243;][et_pb_sidebar admin_label=\u00bbSidebar\u00bb orientation=\u00bbleft\u00bb area=\u00bbet_pb_widget_area_4&#8243; background_layout=\u00bblight\u00bb \/][\/et_pb_column][\/et_pb_row][et_pb_row][et_pb_column type=\u00bb1_3&#8243;][\/et_pb_column][et_pb_column type=\u00bb1_3&#8243;][\/et_pb_column][et_pb_column type=\u00bb1_3&#8243;][\/et_pb_column][\/et_pb_row][\/et_pb_section]<\/p>\n","protected":false},"excerpt":{"rendered":"<p><div class=\"et_pb_row et_pb_row_0 et_pb_row_empty\">\n\t\t\t\t\n\t\t\t\t\n\t\t\t\t\n\t\t\t\t\n\t\t\t\t\n\t\t\t<\/div> Nicis Editado por la editorial Emboscall (2004) en la colecci\u00f3n El taller de poesia. Segunda edici\u00f3n en catal\u00e1n publicada en A furt \u2013 Obra po\u00e8tica 1990-2006 (2007, Emboscall). \u00abLa necedad no es una excepci\u00f3n, una casualidad, un defecto; no es un fen\u00f3meno, por decirlo de alguna manera, cuantitativo, la falta de unas cuantas mol\u00e9culas [&hellip;]<\/p>\n","protected":false},"author":2,"featured_media":1228,"comment_status":"closed","ping_status":"closed","template":"","meta":{"_et_pb_use_builder":"on","_et_pb_old_content":"[tooltip text=\"Tooltip Text\"]Editat per editorial Emboscall (2004) dins de la col\u00b7lecci\u00f3 El taller de poesia. \"<i>La niciesa no \u00e9s una excepci\u00f3, una casualitat, un defecte; no \u00e9s un fenomen, per dir-ho d'alguna manera, quantitatiu, la manca d'unes quantes mol\u00e8cules d'intel\u00b7lig\u00e8ncia que podria rectificar-se mitjan\u00e7ant la instrucci\u00f3; \u00e9s incurable; est\u00e0 present a totes bandes, en el pensament tant dels necis com dels genis, forma part indissociable de la 'naturalesa humana'... est\u00e0 constantment amb l'home: a la penombra dels dormitoris i a les tribunes il\u00b7luminades de la Hist\u00f2ria.<\/i>\" <a href=\"http:\/\/ca.wikipedia.org\/wiki\/Milan_Kundera\" target=\"_blank\">Milan Kundera<\/a>","_et_gb_content_width":"","footnotes":""},"project_category":[66,23],"project_tag":[],"class_list":["post-1226","project","type-project","status-publish","has-post-thumbnail","hentry","project_category-libro-catalan","project_category-libros-catalan"],"_links":{"self":[{"href":"https:\/\/manelqueralt.net\/es\/wp-json\/wp\/v2\/project\/1226"}],"collection":[{"href":"https:\/\/manelqueralt.net\/es\/wp-json\/wp\/v2\/project"}],"about":[{"href":"https:\/\/manelqueralt.net\/es\/wp-json\/wp\/v2\/types\/project"}],"author":[{"embeddable":true,"href":"https:\/\/manelqueralt.net\/es\/wp-json\/wp\/v2\/users\/2"}],"replies":[{"embeddable":true,"href":"https:\/\/manelqueralt.net\/es\/wp-json\/wp\/v2\/comments?post=1226"}],"version-history":[{"count":12,"href":"https:\/\/manelqueralt.net\/es\/wp-json\/wp\/v2\/project\/1226\/revisions"}],"predecessor-version":[{"id":2854,"href":"https:\/\/manelqueralt.net\/es\/wp-json\/wp\/v2\/project\/1226\/revisions\/2854"}],"wp:featuredmedia":[{"embeddable":true,"href":"https:\/\/manelqueralt.net\/es\/wp-json\/wp\/v2\/media\/1228"}],"wp:attachment":[{"href":"https:\/\/manelqueralt.net\/es\/wp-json\/wp\/v2\/media?parent=1226"}],"wp:term":[{"taxonomy":"project_category","embeddable":true,"href":"https:\/\/manelqueralt.net\/es\/wp-json\/wp\/v2\/project_category?post=1226"},{"taxonomy":"project_tag","embeddable":true,"href":"https:\/\/manelqueralt.net\/es\/wp-json\/wp\/v2\/project_tag?post=1226"}],"curies":[{"name":"wp","href":"https:\/\/api.w.org\/{rel}","templated":true}]}}

<p>[et_pb_section fullwidth=»off» specialty=»off»][et_pb_row][et_pb_column type=»2_3&#8243;][et_pb_text admin_label=»Text» background_layout=»light» text_orientation=»left»]</p>
<h2>Nicis</h2>
<p>[/et_pb_text][et_pb_image admin_label=»Image» src=»https://manelqueralt.net/wp-content/uploads/2015/02/imagen_nicis2.jpg» alt=»Dibujo de Enric Huguet Arias» show_in_lightbox=»on» url_new_window=»off» animation=»off» sticky=»off» title_text=»Dibujo de Enric Huguet Arias» /][et_pb_text admin_label=»Text» background_layout=»light» text_orientation=»left»]Editado por la editorial Emboscall (2004) en la colección <em>El taller de poesia</em>. Segunda edición en catalán publicada en A furt – Obra poètica 1990-2006 (2007, Emboscall).[/et_pb_text][et_pb_testimonial admin_label=»Testimonial» url_new_window=»on» quote_icon=»on» use_background_color=»on» background_color=»#f5f5f5&#8243; background_layout=»light» text_orientation=»center»]</p>
<p style="text-align: center;">«<em>La necedad no es una excepción, una casualidad, un defecto; no es un fenómeno, por decirlo de alguna manera, cuantitativo, la falta de unas cuantas moléculas de inteligencia que podría rectificarse mediante la instrucción; es incurable; está presente en todas partes, en el pensamiento tanto de los necios como los genios, forma parte indisociable de la &#8216;naturaleza humana&#8217; &#8230; está constantemente con el hombre: en la penumbra de los dormitorios y en las tribunas iluminadas de la Historia.</em>«</p>
<p style="text-align: center;"><a href="https://es.wikipedia.org/wiki/Milan_Kundera" target="_blank" rel="noopener">Milan Kundera</a></p>
<p>[/et_pb_testimonial][et_pb_blurb admin_label=»Blurb» title=»Leer en línea PDF» url_new_window=»on» use_icon=»on» font_icon=»» icon_color=»#ffffff» use_circle=»on» circle_color=»#8c4600&#8243; use_circle_border=»off» circle_border_color=»#8c4600&#8243; icon_placement=»top» animation=»top» background_layout=»light» text_orientation=»center» url=»https://manelqueralt.net/wp-content/uploads/2018/03/WEB_Emboscall_Biblioteca_MQ_CAT_07_Nicis.pdf»]libro en catalán[/et_pb_blurb][/et_pb_column][et_pb_column type=»1_3&#8243;][et_pb_sidebar admin_label=»Sidebar» orientation=»left» area=»et_pb_widget_area_4&#8243; background_layout=»light» /][/et_pb_column][/et_pb_row][et_pb_row][et_pb_column type=»1_3&#8243;][/et_pb_column][et_pb_column type=»1_3&#8243;][/et_pb_column][et_pb_column type=»1_3&#8243;][/et_pb_column][/et_pb_row][/et_pb_section]</p>

<p><div class="et_pb_row et_pb_row_0 et_pb_row_empty">
				
				
				
				
				
			</div> Nicis Editado por la editorial Emboscall (2004) en la colección El taller de poesia. Segunda edición en catalán publicada en A furt – Obra poètica 1990-2006 (2007, Emboscall). «La necedad no es una excepción, una casualidad, un defecto; no es un fenómeno, por decirlo de alguna manera, cuantitativo, la falta de unas cuantas moléculas [&hellip;]</p>

[tooltip text="Tooltip Text"]Editat per editorial Emboscall (2004) dins de la col·lecció El taller de poesia. "<i>La niciesa no és una excepció, una casualitat, un defecte; no és un fenomen, per dir-ho d'alguna manera, quantitatiu, la manca d'unes quantes molècules d'intel·ligència que podria rectificar-se mitjançant la instrucció; és incurable; està present a totes bandes, en el pensament tant dels necis com dels genis, forma part indissociable de la 'naturalesa humana'... està constantment amb l'home: a la penombra dels dormitoris i a les tribunes il·luminades de la Història.</i>" <a href="http://ca.wikipedia.org/wiki/Milan_Kundera" target="_blank">Milan Kundera</a>
