{"id":1242,"date":"2014-10-06T20:22:12","date_gmt":"2014-10-06T20:22:12","guid":{"rendered":"https:\/\/manelqueralt.net\/?post_type=project&#038;p=1242"},"modified":"2023-12-13T20:49:37","modified_gmt":"2023-12-13T19:49:37","slug":"miserere-2","status":"publish","type":"project","link":"https:\/\/manelqueralt.net\/es\/project\/miserere-2\/","title":{"rendered":"Miserere"},"content":{"rendered":"<p>[et_pb_section fullwidth=\u00bboff\u00bb specialty=\u00bboff\u00bb][et_pb_row][et_pb_column type=\u00bb2_3&#8243;][et_pb_text admin_label=\u00bbText\u00bb background_layout=\u00bblight\u00bb text_orientation=\u00bbleft\u00bb]<\/p>\n<h2>Miserere<\/h2>\n<p>[\/et_pb_text][et_pb_image admin_label=\u00bbImage\u00bb src=\u00bbhttps:\/\/manelqueralt.net\/wp-content\/uploads\/2015\/04\/Libelula_01.jpg\u00bb alt=\u00bbValle de Ar\u00e1n &#8211; Foto de Manel Queralt\u00bb show_in_lightbox=\u00bbon\u00bb url_new_window=\u00bboff\u00bb animation=\u00bboff\u00bb sticky=\u00bboff\u00bb title_text=\u00bbValle de Ar\u00e1n &#8211; Foto de Manel Queralt\u00bb \/][et_pb_text admin_label=\u00bbText\u00bb background_layout=\u00bblight\u00bb text_orientation=\u00bbleft\u00bb]Editado por editorial (2004) en la colecci\u00f3n Prima Materia.[\/et_pb_text][et_pb_testimonial admin_label=\u00bbTestimonial\u00bb url_new_window=\u00bbon\u00bb quote_icon=\u00bbon\u00bb use_background_color=\u00bbon\u00bb background_color=\u00bb#f5f5f5&#8243; background_layout=\u00bblight\u00bb text_orientation=\u00bbcenter\u00bb]<\/p>\n<p style=\"text-align: center;\">(<strong>Versos en Catal\u00e1n<\/strong>)<\/p>\n<p style=\"text-align: center;\">De matins sures per entre corrents\/ de gent que circula dins els carrers\/ i sorpr\u00e8n la gran quantitat de rostres\/ que rebutges sense contemplacions,\/ un a\u00efllament reflex que amb el pas\/ dels anys esdev\u00e9 costum i defensa. \/Un dia te n&#8217;adones, que necessites\/ alg\u00fa concret que d&#8217;entre tants estranys\/ dugui als ulls la prova que encara ets viu,\/ si m\u00e9s no, que et tregui de la terrible\/ habitud de mantenir les dist\u00e0ncies.<\/p>\n<p style=\"text-align: center;\">\n<p>[\/et_pb_testimonial][et_pb_blurb admin_label=\u00bbBlurb\u00bb title=\u00bbLeer en l\u00ednea PDF\u00bb url_new_window=\u00bbon\u00bb use_icon=\u00bbon\u00bb font_icon=\u00bb\ue086\u00bb icon_color=\u00bb#ffffff\u00bb use_circle=\u00bbon\u00bb circle_color=\u00bb#8c4600&#8243; use_circle_border=\u00bboff\u00bb circle_border_color=\u00bb#8c4600&#8243; icon_placement=\u00bbtop\u00bb animation=\u00bbtop\u00bb background_layout=\u00bblight\u00bb text_orientation=\u00bbcenter\u00bb url=\u00bbhttps:\/\/manelqueralt.net\/wp-content\/uploads\/2018\/03\/WEB_Emboscall_Biblioteca_MQ_CAT_06_Miserere.pdf\u00bb]libro en catal\u00e1n[\/et_pb_blurb][\/et_pb_column][et_pb_column type=\u00bb1_3&#8243;][et_pb_sidebar admin_label=\u00bbSidebar\u00bb orientation=\u00bbleft\u00bb area=\u00bbet_pb_widget_area_4&#8243; background_layout=\u00bblight\u00bb \/][\/et_pb_column][\/et_pb_row][et_pb_row][et_pb_column type=\u00bb1_3&#8243;][\/et_pb_column][et_pb_column type=\u00bb1_3&#8243;][\/et_pb_column][et_pb_column type=\u00bb1_3&#8243;][\/et_pb_column][\/et_pb_row][\/et_pb_section]<\/p>\n","protected":false},"excerpt":{"rendered":"<p><div class=\"et_pb_row et_pb_row_0 et_pb_row_empty\">\n\t\t\t\t\n\t\t\t\t\n\t\t\t\t\n\t\t\t\t\n\t\t\t\t\n\t\t\t<\/div> Miserere Editado por editorial (2004) en la colecci\u00f3n Prima Materia. (Versos en Catal\u00e1n) De matins sures per entre corrents\/ de gent que circula dins els carrers\/ i sorpr\u00e8n la gran quantitat de rostres\/ que rebutges sense contemplacions,\/ un a\u00efllament reflex que amb el pas\/ dels anys esdev\u00e9 costum i defensa. \/Un dia te n&#8217;adones, [&hellip;]<\/p>\n","protected":false},"author":2,"featured_media":1244,"comment_status":"closed","ping_status":"closed","template":"","meta":{"_et_pb_use_builder":"on","_et_pb_old_content":"Editat per editorial Emboscall (2004) dins de la col\u00b7lecci\u00f3 Prima Materia. <i>\"Un home \u00e9s condemnat a passar la nit en una redu\u00efda cel\u00b7la amb una serp verinosa. Qualsevol petit moviment que aquesta fes, el mataria. Durant tota la nit, l'home es qued\u00e0 dempeus, ert, imm\u00f2bil en un rac\u00f3, temor\u00f3s que, fins i tot la seva pr\u00f2pia respiraci\u00f3 pogu\u00e9s incitar-la a atacar-lo. Amb la primera llum de l'albada, vei\u00e9 el r\u00e8ptil a la cantonada oposada d'on ell era i se sent\u00ed alleugerit, perqu\u00e8 no l'havia despertat. Per\u00f2 quan la llum penetr\u00e0 de ple la cel\u00b7la, observ\u00e0 que no era una serp, sin\u00f3 una corda.\"<\/i> (relat de l'\u00cdndia)","_et_gb_content_width":"","footnotes":""},"project_category":[66,23],"project_tag":[],"class_list":["post-1242","project","type-project","status-publish","has-post-thumbnail","hentry","project_category-libro-catalan","project_category-libros-catalan"],"_links":{"self":[{"href":"https:\/\/manelqueralt.net\/es\/wp-json\/wp\/v2\/project\/1242"}],"collection":[{"href":"https:\/\/manelqueralt.net\/es\/wp-json\/wp\/v2\/project"}],"about":[{"href":"https:\/\/manelqueralt.net\/es\/wp-json\/wp\/v2\/types\/project"}],"author":[{"embeddable":true,"href":"https:\/\/manelqueralt.net\/es\/wp-json\/wp\/v2\/users\/2"}],"replies":[{"embeddable":true,"href":"https:\/\/manelqueralt.net\/es\/wp-json\/wp\/v2\/comments?post=1242"}],"version-history":[{"count":11,"href":"https:\/\/manelqueralt.net\/es\/wp-json\/wp\/v2\/project\/1242\/revisions"}],"predecessor-version":[{"id":2301,"href":"https:\/\/manelqueralt.net\/es\/wp-json\/wp\/v2\/project\/1242\/revisions\/2301"}],"wp:featuredmedia":[{"embeddable":true,"href":"https:\/\/manelqueralt.net\/es\/wp-json\/wp\/v2\/media\/1244"}],"wp:attachment":[{"href":"https:\/\/manelqueralt.net\/es\/wp-json\/wp\/v2\/media?parent=1242"}],"wp:term":[{"taxonomy":"project_category","embeddable":true,"href":"https:\/\/manelqueralt.net\/es\/wp-json\/wp\/v2\/project_category?post=1242"},{"taxonomy":"project_tag","embeddable":true,"href":"https:\/\/manelqueralt.net\/es\/wp-json\/wp\/v2\/project_tag?post=1242"}],"curies":[{"name":"wp","href":"https:\/\/api.w.org\/{rel}","templated":true}]}}

<p>[et_pb_section fullwidth=»off» specialty=»off»][et_pb_row][et_pb_column type=»2_3&#8243;][et_pb_text admin_label=»Text» background_layout=»light» text_orientation=»left»]</p>
<h2>Miserere</h2>
<p>[/et_pb_text][et_pb_image admin_label=»Image» src=»https://manelqueralt.net/wp-content/uploads/2015/04/Libelula_01.jpg» alt=»Valle de Arán &#8211; Foto de Manel Queralt» show_in_lightbox=»on» url_new_window=»off» animation=»off» sticky=»off» title_text=»Valle de Arán &#8211; Foto de Manel Queralt» /][et_pb_text admin_label=»Text» background_layout=»light» text_orientation=»left»]Editado por editorial (2004) en la colección Prima Materia.[/et_pb_text][et_pb_testimonial admin_label=»Testimonial» url_new_window=»on» quote_icon=»on» use_background_color=»on» background_color=»#f5f5f5&#8243; background_layout=»light» text_orientation=»center»]</p>
<p style="text-align: center;">(<strong>Versos en Catalán</strong>)</p>
<p style="text-align: center;">De matins sures per entre corrents/ de gent que circula dins els carrers/ i sorprèn la gran quantitat de rostres/ que rebutges sense contemplacions,/ un aïllament reflex que amb el pas/ dels anys esdevé costum i defensa. /Un dia te n&#8217;adones, que necessites/ algú concret que d&#8217;entre tants estranys/ dugui als ulls la prova que encara ets viu,/ si més no, que et tregui de la terrible/ habitud de mantenir les distàncies.</p>
<p style="text-align: center;">
<p>[/et_pb_testimonial][et_pb_blurb admin_label=»Blurb» title=»Leer en línea PDF» url_new_window=»on» use_icon=»on» font_icon=»» icon_color=»#ffffff» use_circle=»on» circle_color=»#8c4600&#8243; use_circle_border=»off» circle_border_color=»#8c4600&#8243; icon_placement=»top» animation=»top» background_layout=»light» text_orientation=»center» url=»https://manelqueralt.net/wp-content/uploads/2018/03/WEB_Emboscall_Biblioteca_MQ_CAT_06_Miserere.pdf»]libro en catalán[/et_pb_blurb][/et_pb_column][et_pb_column type=»1_3&#8243;][et_pb_sidebar admin_label=»Sidebar» orientation=»left» area=»et_pb_widget_area_4&#8243; background_layout=»light» /][/et_pb_column][/et_pb_row][et_pb_row][et_pb_column type=»1_3&#8243;][/et_pb_column][et_pb_column type=»1_3&#8243;][/et_pb_column][et_pb_column type=»1_3&#8243;][/et_pb_column][/et_pb_row][/et_pb_section]</p>

<p><div class="et_pb_row et_pb_row_0 et_pb_row_empty">
				
				
				
				
				
			</div> Miserere Editado por editorial (2004) en la colección Prima Materia. (Versos en Catalán) De matins sures per entre corrents/ de gent que circula dins els carrers/ i sorprèn la gran quantitat de rostres/ que rebutges sense contemplacions,/ un aïllament reflex que amb el pas/ dels anys esdevé costum i defensa. /Un dia te n&#8217;adones, [&hellip;]</p>

Editat per editorial Emboscall (2004) dins de la col·lecció Prima Materia. <i>"Un home és condemnat a passar la nit en una reduïda cel·la amb una serp verinosa. Qualsevol petit moviment que aquesta fes, el mataria. Durant tota la nit, l'home es quedà dempeus, ert, immòbil en un racó, temorós que, fins i tot la seva pròpia respiració pogués incitar-la a atacar-lo. Amb la primera llum de l'albada, veié el rèptil a la cantonada oposada d'on ell era i se sentí alleugerit, perquè no l'havia despertat. Però quan la llum penetrà de ple la cel·la, observà que no era una serp, sinó una corda."</i> (relat de l'Índia)
