{"id":1261,"date":"2014-10-04T20:24:36","date_gmt":"2014-10-04T20:24:36","guid":{"rendered":"https:\/\/manelqueralt.net\/?post_type=project&#038;p=1261"},"modified":"2023-12-13T20:50:07","modified_gmt":"2023-12-13T19:50:07","slug":"trit-2","status":"publish","type":"project","link":"https:\/\/manelqueralt.net\/es\/project\/trit-2\/","title":{"rendered":"Trit"},"content":{"rendered":"<p>[et_pb_section fullwidth=\u00bboff\u00bb specialty=\u00bboff\u00bb][et_pb_row][et_pb_column type=\u00bb2_3&#8243;][et_pb_text admin_label=\u00bbText\u00bb background_layout=\u00bblight\u00bb text_orientation=\u00bbleft\u00bb]<\/p>\n<h2>Trit<\/h2>\n<p>[\/et_pb_text][et_pb_image admin_label=\u00bbImage\u00bb src=\u00bbhttps:\/\/manelqueralt.net\/wp-content\/uploads\/2015\/02\/imagen_trit1.jpg\u00bb alt=\u00bbDibujo de Enric Huguet Arias\u00bb show_in_lightbox=\u00bbon\u00bb url_new_window=\u00bboff\u00bb animation=\u00bboff\u00bb sticky=\u00bboff\u00bb title_text=\u00bbDibujo de Enric Huguet Arias\u00bb \/][et_pb_text admin_label=\u00bbText\u00bb background_layout=\u00bblight\u00bb text_orientation=\u00bbleft\u00bb]Primera edici\u00f3n de <i>Trit<\/i> (2000, Colecci\u00f3n \u00c0uria, Columna Edicions) con un pr\u00f3logo de <a href=\"https:\/\/es.wikipedia.org\/wiki\/Jordi_Llavina\" target=\"_blank\" rel=\"noopener\">Jordi Llavina i Murgadas<\/a>. La publicaci\u00f3n de este libro fue posible gracias al mecenazgo de <strong>Jordi Izaguirre<\/strong>. Segunda edici\u00f3n en catal\u00e1n publicada en A furt \u2013 Obra po\u00e8tica 1990-2006 (2007, Emboscall).[\/et_pb_text][et_pb_testimonial admin_label=\u00bbTestimonial\u00bb url_new_window=\u00bbon\u00bb quote_icon=\u00bbon\u00bb use_background_color=\u00bbon\u00bb background_color=\u00bb#f5f5f5&#8243; background_layout=\u00bblight\u00bb text_orientation=\u00bbcenter\u00bb]<\/p>\n<p style=\"text-align: center;\">(<strong>Versos en Catal\u00e1n<\/strong>)<\/p>\n<p style=\"text-align: center;\">&#8230;fins els detalls m\u00e9s insignificants,\/ es gesten amb filatures de molts\/ colors i mat\u00e8ries, aspres, fines:\/\u00a0<em>cus, embasta, sargeix, repunta i broda<\/em>.\/ Dits destres han aixecat una casa\/ que respira quan ell respira i dorm\/ quan s&#8217;abalteix dins la nit compartida:<em>\/ cus, embasta, sargeix, repunta i broda<\/em>&#8230;\/ Dels tapissos brodats amb molta cura\/ se&#8217;n desprenen granets de sorra grisa\/ que, imperceptible, l&#8217;aire d&#8217;un lament\/ empeny, les dunes d&#8217;un desert de cendres.<\/p>\n<p>[\/et_pb_testimonial][et_pb_blurb admin_label=\u00bbBlurb\u00bb title=\u00bbLeer en l\u00ednea PDF\u00bb url_new_window=\u00bbon\u00bb use_icon=\u00bbon\u00bb font_icon=\u00bb\ue086\u00bb icon_color=\u00bb#ffffff\u00bb use_circle=\u00bbon\u00bb circle_color=\u00bb#8c4600&#8243; use_circle_border=\u00bboff\u00bb circle_border_color=\u00bb#8c4600&#8243; icon_placement=\u00bbtop\u00bb animation=\u00bbtop\u00bb background_layout=\u00bblight\u00bb text_orientation=\u00bbcenter\u00bb url=\u00bbhttps:\/\/manelqueralt.net\/wp-content\/uploads\/2018\/03\/WEB_Emboscall_Biblioteca_MQ_CAT_04_Trit.pdf\u00bb]libro en catal\u00e1n[\/et_pb_blurb][\/et_pb_column][et_pb_column type=\u00bb1_3&#8243;][et_pb_sidebar admin_label=\u00bbSidebar\u00bb orientation=\u00bbleft\u00bb area=\u00bbet_pb_widget_area_4&#8243; background_layout=\u00bblight\u00bb \/][\/et_pb_column][\/et_pb_row][et_pb_row][et_pb_column type=\u00bb1_3&#8243;][\/et_pb_column][et_pb_column type=\u00bb1_3&#8243;][\/et_pb_column][et_pb_column type=\u00bb1_3&#8243;][\/et_pb_column][\/et_pb_row][\/et_pb_section]<\/p>\n","protected":false},"excerpt":{"rendered":"<p><div class=\"et_pb_row et_pb_row_0 et_pb_row_empty\">\n\t\t\t\t\n\t\t\t\t\n\t\t\t\t\n\t\t\t\t\n\t\t\t\t\n\t\t\t<\/div> Trit Primera edici\u00f3n de Trit (2000, Colecci\u00f3n \u00c0uria, Columna Edicions) con un pr\u00f3logo de Jordi Llavina i Murgadas. La publicaci\u00f3n de este libro fue posible gracias al mecenazgo de Jordi Izaguirre. Segunda edici\u00f3n en catal\u00e1n publicada en A furt \u2013 Obra po\u00e8tica 1990-2006 (2007, Emboscall). (Versos en Catal\u00e1n) &#8230;fins els detalls m\u00e9s insignificants,\/ es [&hellip;]<\/p>\n","protected":false},"author":2,"featured_media":1253,"comment_status":"open","ping_status":"closed","template":"","meta":{"_et_pb_use_builder":"on","_et_pb_old_content":"Primera edici\u00f3 de <i>Trit<\/i> (2000) amb un pr\u00f2leg magn\u00edfic de <a href=\"http:\/\/cultura.gencat.net\/ilc\/qeq\/FitxaAutors.asp?idregistre=11137\" target=\"_blank\">Jordi Llavina<\/a> i editat per <a href=\"http:\/\/www.columnaedicions.cat\" target=\"_blank\">Columna Edicions<\/a>, dins de la col\u00b7lecci\u00f3 Auria. <i>\"L'autor ha donat la forma d'un mite a la seva narraci\u00f3: Trit, l'habitant esquerp de les muntanyes, passa el temps filant la seva llar ... Fins aleshores, teixia un tap\u00eds elemental, d'una perfecta monotonia, d'una grisor absoluta. La cantarella d'aquest vers formidable:<\/i> Cus, embasta, sargeix, repunta i broda,<i> recalca l'amo\u00efnosa rutina artesanal a qu\u00e8 s'ha lliurat, des de temps immemorials. ... Un dia se li acaben les exist\u00e8ncies de fil. I no concep altra sortida que baixar fins a la vall per cercar-ne de nou.\"<\/i> Jordi Llavina","_et_gb_content_width":"","footnotes":""},"project_category":[62,66,23],"project_tag":[],"class_list":["post-1261","project","type-project","status-publish","has-post-thumbnail","hentry","project_category-destacados-es","project_category-libro-catalan","project_category-libros-catalan"],"_links":{"self":[{"href":"https:\/\/manelqueralt.net\/es\/wp-json\/wp\/v2\/project\/1261"}],"collection":[{"href":"https:\/\/manelqueralt.net\/es\/wp-json\/wp\/v2\/project"}],"about":[{"href":"https:\/\/manelqueralt.net\/es\/wp-json\/wp\/v2\/types\/project"}],"author":[{"embeddable":true,"href":"https:\/\/manelqueralt.net\/es\/wp-json\/wp\/v2\/users\/2"}],"replies":[{"embeddable":true,"href":"https:\/\/manelqueralt.net\/es\/wp-json\/wp\/v2\/comments?post=1261"}],"version-history":[{"count":10,"href":"https:\/\/manelqueralt.net\/es\/wp-json\/wp\/v2\/project\/1261\/revisions"}],"predecessor-version":[{"id":2856,"href":"https:\/\/manelqueralt.net\/es\/wp-json\/wp\/v2\/project\/1261\/revisions\/2856"}],"wp:featuredmedia":[{"embeddable":true,"href":"https:\/\/manelqueralt.net\/es\/wp-json\/wp\/v2\/media\/1253"}],"wp:attachment":[{"href":"https:\/\/manelqueralt.net\/es\/wp-json\/wp\/v2\/media?parent=1261"}],"wp:term":[{"taxonomy":"project_category","embeddable":true,"href":"https:\/\/manelqueralt.net\/es\/wp-json\/wp\/v2\/project_category?post=1261"},{"taxonomy":"project_tag","embeddable":true,"href":"https:\/\/manelqueralt.net\/es\/wp-json\/wp\/v2\/project_tag?post=1261"}],"curies":[{"name":"wp","href":"https:\/\/api.w.org\/{rel}","templated":true}]}}

<p>[et_pb_section fullwidth=»off» specialty=»off»][et_pb_row][et_pb_column type=»2_3&#8243;][et_pb_text admin_label=»Text» background_layout=»light» text_orientation=»left»]</p>
<h2>Trit</h2>
<p>[/et_pb_text][et_pb_image admin_label=»Image» src=»https://manelqueralt.net/wp-content/uploads/2015/02/imagen_trit1.jpg» alt=»Dibujo de Enric Huguet Arias» show_in_lightbox=»on» url_new_window=»off» animation=»off» sticky=»off» title_text=»Dibujo de Enric Huguet Arias» /][et_pb_text admin_label=»Text» background_layout=»light» text_orientation=»left»]Primera edición de <i>Trit</i> (2000, Colección Àuria, Columna Edicions) con un prólogo de <a href="https://es.wikipedia.org/wiki/Jordi_Llavina" target="_blank" rel="noopener">Jordi Llavina i Murgadas</a>. La publicación de este libro fue posible gracias al mecenazgo de <strong>Jordi Izaguirre</strong>. Segunda edición en catalán publicada en A furt – Obra poètica 1990-2006 (2007, Emboscall).[/et_pb_text][et_pb_testimonial admin_label=»Testimonial» url_new_window=»on» quote_icon=»on» use_background_color=»on» background_color=»#f5f5f5&#8243; background_layout=»light» text_orientation=»center»]</p>
<p style="text-align: center;">(<strong>Versos en Catalán</strong>)</p>
<p style="text-align: center;">&#8230;fins els detalls més insignificants,/ es gesten amb filatures de molts/ colors i matèries, aspres, fines:/ <em>cus, embasta, sargeix, repunta i broda</em>./ Dits destres han aixecat una casa/ que respira quan ell respira i dorm/ quan s&#8217;abalteix dins la nit compartida:<em>/ cus, embasta, sargeix, repunta i broda</em>&#8230;/ Dels tapissos brodats amb molta cura/ se&#8217;n desprenen granets de sorra grisa/ que, imperceptible, l&#8217;aire d&#8217;un lament/ empeny, les dunes d&#8217;un desert de cendres.</p>
<p>[/et_pb_testimonial][et_pb_blurb admin_label=»Blurb» title=»Leer en línea PDF» url_new_window=»on» use_icon=»on» font_icon=»» icon_color=»#ffffff» use_circle=»on» circle_color=»#8c4600&#8243; use_circle_border=»off» circle_border_color=»#8c4600&#8243; icon_placement=»top» animation=»top» background_layout=»light» text_orientation=»center» url=»https://manelqueralt.net/wp-content/uploads/2018/03/WEB_Emboscall_Biblioteca_MQ_CAT_04_Trit.pdf»]libro en catalán[/et_pb_blurb][/et_pb_column][et_pb_column type=»1_3&#8243;][et_pb_sidebar admin_label=»Sidebar» orientation=»left» area=»et_pb_widget_area_4&#8243; background_layout=»light» /][/et_pb_column][/et_pb_row][et_pb_row][et_pb_column type=»1_3&#8243;][/et_pb_column][et_pb_column type=»1_3&#8243;][/et_pb_column][et_pb_column type=»1_3&#8243;][/et_pb_column][/et_pb_row][/et_pb_section]</p>

<p><div class="et_pb_row et_pb_row_0 et_pb_row_empty">
				
				
				
				
				
			</div> Trit Primera edición de Trit (2000, Colección Àuria, Columna Edicions) con un prólogo de Jordi Llavina i Murgadas. La publicación de este libro fue posible gracias al mecenazgo de Jordi Izaguirre. Segunda edición en catalán publicada en A furt – Obra poètica 1990-2006 (2007, Emboscall). (Versos en Catalán) &#8230;fins els detalls més insignificants,/ es [&hellip;]</p>

Primera edició de <i>Trit</i> (2000) amb un pròleg magnífic de <a href="http://cultura.gencat.net/ilc/qeq/FitxaAutors.asp?idregistre=11137" target="_blank">Jordi Llavina</a> i editat per <a href="http://www.columnaedicions.cat" target="_blank">Columna Edicions</a>, dins de la col·lecció Auria. <i>"L'autor ha donat la forma d'un mite a la seva narració: Trit, l'habitant esquerp de les muntanyes, passa el temps filant la seva llar ... Fins aleshores, teixia un tapís elemental, d'una perfecta monotonia, d'una grisor absoluta. La cantarella d'aquest vers formidable:</i> Cus, embasta, sargeix, repunta i broda,<i> recalca l'amoïnosa rutina artesanal a què s'ha lliurat, des de temps immemorials. ... Un dia se li acaben les existències de fil. I no concep altra sortida que baixar fins a la vall per cercar-ne de nou."</i> Jordi Llavina
