{"id":1277,"date":"2014-10-02T20:29:42","date_gmt":"2014-10-02T20:29:42","guid":{"rendered":"https:\/\/manelqueralt.net\/?post_type=project&#038;p=1277"},"modified":"2023-12-13T20:51:36","modified_gmt":"2023-12-13T19:51:36","slug":"ena-menys-una-2","status":"publish","type":"project","link":"https:\/\/manelqueralt.net\/es\/project\/ena-menys-una-2\/","title":{"rendered":"Ena menys una"},"content":{"rendered":"<p>[et_pb_section fullwidth=\u00bboff\u00bb specialty=\u00bboff\u00bb][et_pb_row][et_pb_column type=\u00bb2_3&#8243;][et_pb_text admin_label=\u00bbText\u00bb background_layout=\u00bblight\u00bb text_orientation=\u00bbleft\u00bb]<\/p>\n<h2><span style=\"color: #000000;\">Ena menys una<\/span><\/h2>\n<p>[\/et_pb_text][et_pb_image admin_label=\u00bbImage\u00bb show_in_lightbox=\u00bbon\u00bb url_new_window=\u00bboff\u00bb animation=\u00bboff\u00bb sticky=\u00bboff\u00bb src=\u00bbhttps:\/\/manelqueralt.net\/wp-content\/uploads\/2015\/04\/imagen_Ena_menys_una.jpg\u00bb alt=\u00bbDibujo de la portada de Irene Gracia\u00bb title_text=\u00bbDibujo de la portada de Irene Gracia\u00bb \/][et_pb_text admin_label=\u00bbText\u00bb background_layout=\u00bblight\u00bb text_orientation=\u00bbleft\u00bb]Primera edici\u00f3n del libro de poemas <i>Ena menys una<\/i> (Columna Edicions, 1992). Ilustraci\u00f3n de la portada y contraportada de <a href=\"http:\/\/es.wikipedia.org\/wiki\/Irene_Gracia\" target=\"_blank\" rel=\"noopener\">Irene Gracia<\/a>. Segunda edici\u00f3n en catal\u00e1n publicada en A furt \u2013 Obra po\u00e8tica 1990-2006 (2007, Emboscall).[\/et_pb_text][et_pb_testimonial admin_label=\u00bbTestimonial\u00bb url_new_window=\u00bbon\u00bb quote_icon=\u00bbon\u00bb use_background_color=\u00bbon\u00bb background_color=\u00bb#f5f5f5&#8243; background_layout=\u00bblight\u00bb text_orientation=\u00bbcenter\u00bb]<\/p>\n<p style=\"text-align: center;\"><em>\u00abEra como una herida triste, la calle que no acababa nunca, con nosotros al fondo, de un lado a otro, de una pena a otra, hacia el fin que no se ve nunca, el fin de todas las calles del mundo.\u00bb<\/em><\/p>\n<p style=\"text-align: center;\"><a href=\"https:\/\/es.wikipedia.org\/wiki\/Louis-Ferdinand_C\u00e9line\" target=\"_blank\" rel=\"noopener\">L.F. C\u00e9line<\/a><\/p>\n<p>[\/et_pb_testimonial][et_pb_text admin_label=\u00bbText\u00bb background_layout=\u00bblight\u00bb text_orientation=\u00bbleft\u00bb]<\/p>\n<p>Un ser superior no determinado crea una ciudad uniforme de calles y edificios, infinita. Deja caer unas mu\u00f1ecas y les da una vida y unas normas sociales: el <a href=\"https:\/\/es.wikipedia.org\/wiki\/Las_cuatro_esquinas\" target=\"_blank\" rel=\"noopener\">juego de las cuatro esquinas<\/a>. Las crea con aptitudes pero tambi\u00e9n con debilidades: la incapacidad de comunicarse. Finalmente, y como premio de consolaci\u00f3n, les regala la muerte. Despu\u00e9s, el creador se duerme y olvida el experimento.<\/p>\n<p>[\/et_pb_text][et_pb_blurb admin_label=\u00bbBlurb\u00bb title=\u00bbLeer en l\u00ednea PDF\u00bb url_new_window=\u00bbon\u00bb use_icon=\u00bbon\u00bb font_icon=\u00bb\ue086\u00bb icon_color=\u00bb#ffffff\u00bb use_circle=\u00bbon\u00bb circle_color=\u00bb#8c4600&#8243; use_circle_border=\u00bboff\u00bb circle_border_color=\u00bb#8c4600&#8243; icon_placement=\u00bbtop\u00bb animation=\u00bbtop\u00bb background_layout=\u00bblight\u00bb text_orientation=\u00bbcenter\u00bb url=\u00bbhttps:\/\/manelqueralt.net\/wp-content\/uploads\/2018\/03\/WEB_Emboscall_Biblioteca_MQ_CAT_02_Ena_Menys_Una.pdf\u00bb]libro en catal\u00e1n[\/et_pb_blurb][et_pb_image admin_label=\u00bbImage\u00bb show_in_lightbox=\u00bbon\u00bb url_new_window=\u00bboff\u00bb animation=\u00bboff\u00bb sticky=\u00bboff\u00bb alt=\u00bbDibujo de la contraportada de Irene Gracia\u00bb title_text=\u00bbDibujo de la contraportada de Irene Gracia\u00bb src=\u00bbhttps:\/\/manelqueralt.net\/wp-content\/uploads\/2015\/04\/Ena_menys_una_Columna_Dibuix2.jpg\u00bb \/][\/et_pb_column][et_pb_column type=\u00bb1_3&#8243;][et_pb_sidebar admin_label=\u00bbSidebar\u00bb orientation=\u00bbleft\u00bb area=\u00bbet_pb_widget_area_4&#8243; background_layout=\u00bblight\u00bb \/][\/et_pb_column][\/et_pb_row][et_pb_row][et_pb_column type=\u00bb1_3&#8243;][\/et_pb_column][et_pb_column type=\u00bb1_3&#8243;][\/et_pb_column][et_pb_column type=\u00bb1_3&#8243;][\/et_pb_column][\/et_pb_row][\/et_pb_section]<\/p>\n","protected":false},"excerpt":{"rendered":"<p><div class=\"et_pb_row et_pb_row_0 et_pb_row_empty\">\n\t\t\t\t\n\t\t\t\t\n\t\t\t\t\n\t\t\t\t\n\t\t\t\t\n\t\t\t<\/div> Ena menys una Primera edici\u00f3n del libro de poemas Ena menys una (Columna Edicions, 1992). Ilustraci\u00f3n de la portada y contraportada de Irene Gracia. Segunda edici\u00f3n en catal\u00e1n publicada en A furt \u2013 Obra po\u00e8tica 1990-2006 (2007, Emboscall). \u00abEra como una herida triste, la calle que no acababa nunca, con nosotros al fondo, de [&hellip;]<\/p>\n","protected":false},"author":2,"featured_media":1279,"comment_status":"open","ping_status":"closed","template":"","meta":{"_et_pb_use_builder":"on","_et_pb_old_content":"Primera edici\u00f3 del llibre de poemes <i>Ena menys una<\/i> (1992) amb il\u00b7lustraci\u00f3 a la coberta d'<a href=\"http:\/\/irenegracia.wordpress.com\" target=\"_blank\">Irene Gracia<\/a> i editat per <a href=\"http:\/\/www.columnaedicions.cat\" target=\"_blank\">Columna Edicions<\/a>, dins de la col\u00b7lecci\u00f3 de Quaderns Crema (descatalogat, qui vulgui un exemplar, li puc enviar). <i>\"Un \u00e9sser superior no determinat, crea una ciutat uniforme de carrers i edificis, infinita. Hi deixa caure uns personatges i els d\u00f3na una vida i unes normes socials: el joc dels quatre cantons. Els crea amb aptituds, per\u00f2, tamb\u00e9, amb debilitats: la incapacitat de comunicar-se. Finalment, i com a premi de consolaci\u00f3, els regala la mort. Despr\u00e9s, el creador s'adorm i oblida l'experiment.\"<\/i> M.Q.","_et_gb_content_width":"","footnotes":""},"project_category":[25,66,23],"project_tag":[],"class_list":["post-1277","project","type-project","status-publish","has-post-thumbnail","hentry","project_category-destacados","project_category-libro-catalan","project_category-libros-catalan"],"_links":{"self":[{"href":"https:\/\/manelqueralt.net\/es\/wp-json\/wp\/v2\/project\/1277"}],"collection":[{"href":"https:\/\/manelqueralt.net\/es\/wp-json\/wp\/v2\/project"}],"about":[{"href":"https:\/\/manelqueralt.net\/es\/wp-json\/wp\/v2\/types\/project"}],"author":[{"embeddable":true,"href":"https:\/\/manelqueralt.net\/es\/wp-json\/wp\/v2\/users\/2"}],"replies":[{"embeddable":true,"href":"https:\/\/manelqueralt.net\/es\/wp-json\/wp\/v2\/comments?post=1277"}],"version-history":[{"count":12,"href":"https:\/\/manelqueralt.net\/es\/wp-json\/wp\/v2\/project\/1277\/revisions"}],"predecessor-version":[{"id":2753,"href":"https:\/\/manelqueralt.net\/es\/wp-json\/wp\/v2\/project\/1277\/revisions\/2753"}],"wp:featuredmedia":[{"embeddable":true,"href":"https:\/\/manelqueralt.net\/es\/wp-json\/wp\/v2\/media\/1279"}],"wp:attachment":[{"href":"https:\/\/manelqueralt.net\/es\/wp-json\/wp\/v2\/media?parent=1277"}],"wp:term":[{"taxonomy":"project_category","embeddable":true,"href":"https:\/\/manelqueralt.net\/es\/wp-json\/wp\/v2\/project_category?post=1277"},{"taxonomy":"project_tag","embeddable":true,"href":"https:\/\/manelqueralt.net\/es\/wp-json\/wp\/v2\/project_tag?post=1277"}],"curies":[{"name":"wp","href":"https:\/\/api.w.org\/{rel}","templated":true}]}}

<p>[et_pb_section fullwidth=»off» specialty=»off»][et_pb_row][et_pb_column type=»2_3&#8243;][et_pb_text admin_label=»Text» background_layout=»light» text_orientation=»left»]</p>
<h2><span style="color: #000000;">Ena menys una</span></h2>
<p>[/et_pb_text][et_pb_image admin_label=»Image» show_in_lightbox=»on» url_new_window=»off» animation=»off» sticky=»off» src=»https://manelqueralt.net/wp-content/uploads/2015/04/imagen_Ena_menys_una.jpg» alt=»Dibujo de la portada de Irene Gracia» title_text=»Dibujo de la portada de Irene Gracia» /][et_pb_text admin_label=»Text» background_layout=»light» text_orientation=»left»]Primera edición del libro de poemas <i>Ena menys una</i> (Columna Edicions, 1992). Ilustración de la portada y contraportada de <a href="http://es.wikipedia.org/wiki/Irene_Gracia" target="_blank" rel="noopener">Irene Gracia</a>. Segunda edición en catalán publicada en A furt – Obra poètica 1990-2006 (2007, Emboscall).[/et_pb_text][et_pb_testimonial admin_label=»Testimonial» url_new_window=»on» quote_icon=»on» use_background_color=»on» background_color=»#f5f5f5&#8243; background_layout=»light» text_orientation=»center»]</p>
<p style="text-align: center;"><em>«Era como una herida triste, la calle que no acababa nunca, con nosotros al fondo, de un lado a otro, de una pena a otra, hacia el fin que no se ve nunca, el fin de todas las calles del mundo.»</em></p>
<p style="text-align: center;"><a href="https://es.wikipedia.org/wiki/Louis-Ferdinand_Céline" target="_blank" rel="noopener">L.F. Céline</a></p>
<p>[/et_pb_testimonial][et_pb_text admin_label=»Text» background_layout=»light» text_orientation=»left»]</p>
<p>Un ser superior no determinado crea una ciudad uniforme de calles y edificios, infinita. Deja caer unas muñecas y les da una vida y unas normas sociales: el <a href="https://es.wikipedia.org/wiki/Las_cuatro_esquinas" target="_blank" rel="noopener">juego de las cuatro esquinas</a>. Las crea con aptitudes pero también con debilidades: la incapacidad de comunicarse. Finalmente, y como premio de consolación, les regala la muerte. Después, el creador se duerme y olvida el experimento.</p>
<p>[/et_pb_text][et_pb_blurb admin_label=»Blurb» title=»Leer en línea PDF» url_new_window=»on» use_icon=»on» font_icon=»» icon_color=»#ffffff» use_circle=»on» circle_color=»#8c4600&#8243; use_circle_border=»off» circle_border_color=»#8c4600&#8243; icon_placement=»top» animation=»top» background_layout=»light» text_orientation=»center» url=»https://manelqueralt.net/wp-content/uploads/2018/03/WEB_Emboscall_Biblioteca_MQ_CAT_02_Ena_Menys_Una.pdf»]libro en catalán[/et_pb_blurb][et_pb_image admin_label=»Image» show_in_lightbox=»on» url_new_window=»off» animation=»off» sticky=»off» alt=»Dibujo de la contraportada de Irene Gracia» title_text=»Dibujo de la contraportada de Irene Gracia» src=»https://manelqueralt.net/wp-content/uploads/2015/04/Ena_menys_una_Columna_Dibuix2.jpg» /][/et_pb_column][et_pb_column type=»1_3&#8243;][et_pb_sidebar admin_label=»Sidebar» orientation=»left» area=»et_pb_widget_area_4&#8243; background_layout=»light» /][/et_pb_column][/et_pb_row][et_pb_row][et_pb_column type=»1_3&#8243;][/et_pb_column][et_pb_column type=»1_3&#8243;][/et_pb_column][et_pb_column type=»1_3&#8243;][/et_pb_column][/et_pb_row][/et_pb_section]</p>

<p><div class="et_pb_row et_pb_row_0 et_pb_row_empty">
				
				
				
				
				
			</div> Ena menys una Primera edición del libro de poemas Ena menys una (Columna Edicions, 1992). Ilustración de la portada y contraportada de Irene Gracia. Segunda edición en catalán publicada en A furt – Obra poètica 1990-2006 (2007, Emboscall). «Era como una herida triste, la calle que no acababa nunca, con nosotros al fondo, de [&hellip;]</p>

Primera edició del llibre de poemes <i>Ena menys una</i> (1992) amb il·lustració a la coberta d'<a href="http://irenegracia.wordpress.com" target="_blank">Irene Gracia</a> i editat per <a href="http://www.columnaedicions.cat" target="_blank">Columna Edicions</a>, dins de la col·lecció de Quaderns Crema (descatalogat, qui vulgui un exemplar, li puc enviar). <i>"Un ésser superior no determinat, crea una ciutat uniforme de carrers i edificis, infinita. Hi deixa caure uns personatges i els dóna una vida i unes normes socials: el joc dels quatre cantons. Els crea amb aptituds, però, també, amb debilitats: la incapacitat de comunicar-se. Finalment, i com a premi de consolació, els regala la mort. Després, el creador s'adorm i oblida l'experiment."</i> M.Q.
